000
CXUS54 KLUB 010830
CF6CDS
PRELIMINARY LOCAL CLIMATOLOGICAL DATA (WS FORM: F-6)
STATION: CHILDRESS
MONTH: FEBRUARY
YEAR: 2022
LATITUDE: 34 25 N
LONGITUDE: 100 17 W
TEMPERATURE IN F: :PCPN: SNOW: WIND :SUNSHINE: SKY :PK WND
================================================================================
1 2 3 4 5 6A 6B 7 8 9 10 11 12 13 14 15 16 17 18
12Z AVG MX 2MIN
DY MAX MIN AVG DEP HDD CDD WTR SNW DPTH SPD SPD DIR MIN PSBL S-S WX SPD DR
================================================================================
1 56 41 49 6 16 0 0.00 0.0 0 15.0 25 350 M M 0 32 20
2 41 18 30 -13 35 0 0.05 1.0 0 18.3 26 20 M M 10 18 38 30
3 18 12 15 -28 50 0 0.10 2.0 2 19.1 26 360 M M 10 18 35 10
4 39 5 22 -21 43 0 T T 3 7.4 16 330 M M 1 21 350
5 52 19 36 -7 29 0 0.00 0.0 0 11.1 23 200 M M 0 31 210
6 57 26 42 -2 23 0 0.00 0.0 0 12.7 26 20 M M 0 35 10
7 58 25 42 -2 23 0 0.00 0.0 0 8.4 15 290 M M 0 20 280
8 67 30 49 5 16 0 0.00 0.0 0 10.0 20 240 M M 0 26 260
9 68 28 48 4 17 0 0.00 0.0 0 7.2 14 250 M M 0 20 230
10 65 39 52 8 13 0 0.00 0.0 0 6.7 14 20 M M 0 19 20
11 65 35 50 6 15 0 0.00 0.0 0 13.1 25 40 M M 0 38 50
12 48 32 40 -4 25 0 0.00 0.0 0 12.3 26 30 M M 3 39 30
13 64 28 46 1 19 0 0.00 0.0 0 7.3 14 210 M M 0 21 170
14 72 35 54 9 11 0 0.00 0.0 0 9.2 17 200 M M 0 24 180
15 78 34 56 11 9 0 0.00 0.0 0 16.3 31 200 M M 0 41 200
16 81 49 65 20 0 0 0.06 0.0 0 14.3 30 250 M M 1 3 41 250
17 55 25 40 -6 25 0 0.07 0.0 0 19.2 38 360 M M 6 51 360
18 57 22 40 -6 25 0 0.00 0.0 0 9.2 17 210 M M 0 24 200
19 65 26 46 0 19 0 0.00 0.0 0 9.2 22 190 M M 0 30 190
20 79 41 60 14 5 0 0.00 0.0 0 16.1 29 220 M M 0 36 220
21 81 47 64 18 1 0 0.01 0.0 0 15.8 43 220 M M 2 8 60 230
22 54 19 37 -10 28 0 0.00 0.0 0 16.0 33 360 M M 1 43 360
23 23 14 19 -28 46 0 0.02 T T 13.8 28 20 M M 8 4 38 20
24 34 17 26 -21 39 0 0.01 T T 6.1 16 140 M M 7 168 20 130
25 34 14 24 -24 41 0 0.00 0.0 0 5.6 13 100 M M 0 19 40
26 46 15 31 -17 34 0 0.00 0.0 0 5.8 12 140 M M 1 17 20
27 59 19 39 -9 26 0 0.00 0.0 0 7.4 12 210 M M 0 15 180
28 68 28 48 -1 17 0 0.00 0.0 0 9.8 16 200 M M 0 25 220
================================================================================
SM 1584 743 650 0 0.32 3.0 322.4 M 50
================================================================================
AV 56.6 26.5 11.5 FASTST M M 2 MAX(MPH)
MISC ----> 43 220 60 230
================================================================================
NOTES:
# LAST OF SEVERAL OCCURRENCES
COLUMN 17 PEAK WIND IN M.P.H.
PRELIMINARY LOCAL CLIMATOLOGICAL DATA (WS FORM: F-6) , PAGE 2
STATION: CHILDRESS
MONTH: FEBRUARY
YEAR: 2022
LATITUDE: 34 25 N
LONGITUDE: 100 17 W
[TEMPERATURE DATA] [PRECIPITATION DATA] SYMBOLS USED IN COLUMN 16
AVERAGE MONTHLY: 41.6 TOTAL FOR MONTH: 0.32 1 = FOG OR MIST
DPTR FM NORMAL: -3.6 DPTR FM NORMAL: -0.57 2 = FOG REDUCING VISIBILITY
HIGHEST: 81 ON 21,16 GRTST 24HR 0.13 ON 16-17 TO 1/4 MILE OR LESS
LOWEST: 5 ON 4 3 = THUNDER
SNOW, ICE PELLETS, HAIL 4 = ICE PELLETS
TOTAL MONTH: 3.0 INCHES 5 = HAIL
GRTST 24HR 2.0 ON 3- 3 6 = FREEZING RAIN OR DRIZZLE
GRTST DEPTH: 3 ON 4 7 = DUSTSTORM OR SANDSTORM:
VSBY 1/2 MILE OR LESS
8 = SMOKE OR HAZE
[NO. OF DAYS WITH] [WEATHER - DAYS WITH] 9 = BLOWING SNOW
X = TORNADO
MAX 32 OR BELOW: 2 0.01 INCH OR MORE: 7
MAX 90 OR ABOVE: 0 0.10 INCH OR MORE: 1
MIN 32 OR BELOW: 20 0.50 INCH OR MORE: 0
MIN 0 OR BELOW: 0 1.00 INCH OR MORE: 0
[HDD (BASE 65) ]
TOTAL THIS MO. 650 CLEAR (SCALE 0-3) 22
DPTR FM NORMAL 95 PTCLDY (SCALE 4-7) 3
TOTAL FM JUL 1 2132 CLOUDY (SCALE 8-10) 3
DPTR FM NORMAL -394
[CDD (BASE 65) ]
TOTAL THIS MO. 0
DPTR FM NORMAL -2 [PRESSURE DATA]
TOTAL FM JAN 1 0 HIGHEST SLP 30.71 ON 4
DPTR FM NORMAL 0 LOWEST SLP 29.53 ON 16
[REMARKS]
#FINAL-02-22#