000
CXUS56 KEKA 011330
CF6CEC
PRELIMINARY LOCAL CLIMATOLOGICAL DATA (WS FORM: F-6)
STATION: CRESCENT CITY CA
MONTH: DECEMBER
YEAR: 2023
LATITUDE: 41 46 N
LONGITUDE: 124 14 W
TEMPERATURE IN F: :PCPN: SNOW: WIND :SUNSHINE: SKY :PK WND
================================================================================
1 2 3 4 5 6A 6B 7 8 9 10 11 12 13 14 15 16 17 18
12Z AVG MX 2MIN
DY MAX MIN AVG DEP HDD CDD WTR SNW DPTH SPD SPD DIR MIN PSBL S-S WX SPD DR
================================================================================
1 54 47 51 2 14 0 0.84 M M 12.1 23 160 M M 9 1 34 160
2 56 50 53 4 12 0 3.39 M M 16.2 26 180 M M 10 1 37 180
3 56 54 55 6 10 0 1.36 M M 18.1 26 180 M M 10 1 37 170
4 62 55 59 10 6 0 0.28 M M 14.6 21 160 M M 10 1 30 160
5 61 56 59 10 6 0 0.01 M M 13.4 20 150 M M 8 1 27 140
6 59 51 55 6 10 0 1.05 M M 11.0 26 190 M M 8 13 36 140
7 55 42 49 0 16 0 0.72 M M 10.3 32 180 M M 8 13 40 180
8 52 41 47 -1 18 0 0.06 M M 5.1 9 60 M M 3 14 80
9 54 40 47 -1 18 0 0.00 M M 5.8 10 160 M M 1 14 170
10 56 43 50 2 15 0 0.05 M M 6.4 12 160 M M 10 18 16 170
11 59 50 55 7 10 0 0.13 M M 4.5 12 140 M M 9 1 16 360
12 52 40 46 -2 19 0 0.00 M M 3.2 9 20 M M 9 12 15 360
13 52 40 46 -2 19 0 0.00 0.0 M 5.2 10 180 M M 3 1 14 160
14 60 42 51 3 14 0 0.00 0.0 M 4.0 10 110 M M 1 1 15 100
15 62 41 52 4 13 0 0.00 0.0 M 5.1 9 90 M M 0 8 13 90
16 70 43 57 9 8 0 0.00 M M 5.7 10 70 M M 0 8 15 90
17 58 50 54 6 11 0 0.36 M M 6.7 17 170 M M 5 18 23 180
18 64 50 57 9 8 0 0.22 M M 12.4 36 170 M M 8 1 49 180
19 57 51 54 6 11 0 1.11 M M 11.9 36 170 M M 10 1 48 180
20 60 45 53 5 12 0 0.01 M M 3.5 12 40 M M 3 18 16 40
21 54 41 48 0 17 0 0.00 M M 2.1 9 310 M M 4 12 12 320
22 55 44 50 2 15 0 0.06 M M 8.8 20 340 M M 5 1 33 330
23 55 39 47 -1 18 0 0.00 M M 6.3 15 360 M M 0 23 340
24 53 40 47 -1 18 0 0.44 M M 9.4 20 150 M M 7 1 29 150
25 58 51 55 7 10 0 0.06 M M 14.5 22 150 M M 7 1 31 140
26 58 51 55 7 10 0 T M M 7.1 22 170 M M 5 18 31 170
27 64 M M M M M 0.41 M M 19.7 32 150 M M 7 18 52 160
28 63 54 59 11 6 0 T M M 11.2 20 150 M M 7 18 26 170
29 67 53 60 12 5 0 0.45 M M 17.9 38 180 M M 9 1 50 180
30 55 43 49 1 16 0 1.11 M M 4.8 22 150 M M 7 18 29 160
31 54 43 49 1 16 0 0.00 M M 3.8 7 80 M M 3 1 10 80
================================================================================
SM 1795 1390 381 0 12.12 0.0 280.8 M 186
================================================================================
AV 57.9 46.3 9.1 FASTST M M 6 MAX(MPH)
MISC ----> 38 180 52 160
================================================================================
NOTES:
# LAST OF SEVERAL OCCURRENCES
COLUMN 17 PEAK WIND IN M.P.H.
PRELIMINARY LOCAL CLIMATOLOGICAL DATA (WS FORM: F-6) , PAGE 2
STATION: CRESCENT CITY CA
MONTH: DECEMBER
YEAR: 2023
LATITUDE: 41 46 N
LONGITUDE: 124 14 W
[TEMPERATURE DATA] [PRECIPITATION DATA] SYMBOLS USED IN COLUMN 16
AVERAGE MONTHLY: 52.1 TOTAL FOR MONTH: 12.12 1 = FOG OR MIST
DPTR FM NORMAL: 3.8 DPTR FM NORMAL: 0.98 2 = FOG REDUCING VISIBILITY
HIGHEST: 70 ON 16 GRTST 24HR 3.39 ON 2- 2 TO 1/4 MILE OR LESS
LOWEST: 39 ON 23 3 = THUNDER
SNOW, ICE PELLETS, HAIL 4 = ICE PELLETS
TOTAL MONTH: 0.0 INCH 5 = HAIL
GRTST 24HR 0.0 6 = FREEZING RAIN OR DRIZZLE
GRTST DEPTH: M ON M 7 = DUSTSTORM OR SANDSTORM:
VSBY 1/2 MILE OR LESS
8 = SMOKE OR HAZE
[NO. OF DAYS WITH] [WEATHER - DAYS WITH] 9 = BLOWING SNOW
X = TORNADO
MAX 32 OR BELOW: 0 0.01 INCH OR MORE: 20
MAX 90 OR ABOVE: 0 0.10 INCH OR MORE: 14
MIN 32 OR BELOW: 0 0.50 INCH OR MORE: 7
MIN 0 OR BELOW: 0 1.00 INCH OR MORE: 5
[HDD (BASE 65) ]
TOTAL THIS MO. 381 CLEAR (SCALE 0-3) 6
DPTR FM NORMAL -137 PTCLDY (SCALE 4-7) 13
TOTAL FM JUL 1 1630 CLOUDY (SCALE 8-10) 12
DPTR FM NORMAL -296
[CDD (BASE 65) ]
TOTAL THIS MO. 0
DPTR FM NORMAL 0 [PRESSURE DATA]
TOTAL FM JAN 1 3 HIGHEST SLP 30.43 ON 8
DPTR FM NORMAL 0 LOWEST SLP 29.44 ON 18
[REMARKS]
#FINAL-12-23#