000
CXUS55 KGJT 010910
CF6CEZ
PRELIMINARY LOCAL CLIMATOLOGICAL DATA (WS FORM: F-6)
STATION: CORTEZ CO
MONTH: JUNE
YEAR: 2023
LATITUDE: 37 17 N
LONGITUDE: 108 38 W
TEMPERATURE IN F: :PCPN: SNOW: WIND :SUNSHINE: SKY :PK WND
================================================================================
1 2 3 4 5 6A 6B 7 8 9 10 11 12 13 14 15 16 17 18
12Z AVG MX 2MIN
DY MAX MIN AVG DEP HDD CDD WTR SNW DPTH SPD SPD DIR MIN PSBL S-S WX SPD DR
================================================================================
1 68 41 55 -6 10 0 0.13 M M 6.5 25 150 M M 3 13 33 150
2 75 39 57 -4 8 0 0.14 M M 6.4 24 330 M M 4 31 330
3 78 40 59 -3 6 0 0.00 M M 6.3 20 340 M M 1 37 340
4 81 39 60 -2 5 0 0.00 M M 5.3 21 10 M M 1 35 350
5 81 40 61 -1 4 0 0.00 M M 4.9 21 140 M M 1 38 29 130
6 84 52 68 6 0 3 0.04 M M 9.2 44 190 M M 2 38 55 200
7 73 46 60 -3 5 0 0.07 M M 4.3 18 210 M M 2 38 29 150
8 80 40 60 -3 5 0 0.00 M M 5.8 21 200 M M 0 27 210
9 80 42 61 -2 4 0 0.00 M M 6.0 17 210 M M 0 27 210
10 79 38 59 -5 6 0 0.00 M M 5.5 14 220 M M 0 20 220
11 85 39 62 -2 3 0 0.00 M M 7.7 36 200 M M 1 50 190
12 75 50 63 -1 2 0 0.00 M M 8.7 23 210 M M 3 32 220
13 75 48 62 -3 3 0 T M M 7.5 22 290 M M 6 28 290
14 81 39 60 -5 5 0 T M M 5.4 36 210 M M 1 3 50 210
15 80 46 63 -2 2 0 0.00 M M 6.3 21 340 M M 4 29 350
16 76 45 61 -5 4 0 T M M 4.7 24 180 M M 2 3 38 190
17 77 48 63 -3 2 0 0.06 M M 7.0 18 290 M M 3 1 25 290
18 86 42 64 -2 1 0 0.00 M M 9.4 25 200 M M 0 34 210
19 89 45 67 0 0 2 0.00 M M 9.7 24 200 M M 0 33 190
20 87 53 70 3 0 5 0.00 M M 9.0 23 200 M M 0 30 190
21 86 45 66 -1 0 1 0.00 M M 7.9 17 220 M M 0 27 230
22 87 42 65 -3 0 0 0.00 M M 7.6 18 240 M M 0 8 29 230
23 84 42 63 -5 2 0 0.00 M M 11.5 28 220 M M 0 37 220
24 84 34 59 -9 6 0 0.00 M M 5.0 15 280 M M 0 22 280
25 90 35 63 -5 2 0 0.00 M M 8.0 21 210 M M 0 26 200
26 95 44 70 1 0 5 0.00 M M 9.6 32 230 M M 0 45 230
27 91 51 71 2 0 6 0.00 M M 10.7 28 220 M M 0 39 240
28 90 45 68 -1 0 3 0.00 M M 9.9 24 230 M M 0 8 39 220
29 89 43 66 -4 0 1 0.00 M M 8.3 23 210 M M 0 36 230
30 86 42 64 -6 1 0 0.00 M M 7.2 17 270 M M 1 26 290
================================================================================
SM 2472 1295 86 26 0.44 M 221.3 M 35
================================================================================
AV 82.4 43.2 7.4 FASTST M M 1 MAX(MPH)
MISC ----> 44 190 55 200
================================================================================
NOTES:
# LAST OF SEVERAL OCCURRENCES
COLUMN 17 PEAK WIND IN M.P.H.
PRELIMINARY LOCAL CLIMATOLOGICAL DATA (WS FORM: F-6) , PAGE 2
STATION: CORTEZ CO
MONTH: JUNE
YEAR: 2023
LATITUDE: 37 17 N
LONGITUDE: 108 38 W
[TEMPERATURE DATA] [PRECIPITATION DATA] SYMBOLS USED IN COLUMN 16
AVERAGE MONTHLY: 62.8 TOTAL FOR MONTH: 0.44 1 = FOG OR MIST
DPTR FM NORMAL: -2.7 DPTR FM NORMAL: 0.15 2 = FOG REDUCING VISIBILITY
HIGHEST: 95 ON 26 GRTST 24HR 0.14 ON 2- 2 TO 1/4 MILE OR LESS
LOWEST: 34 ON 24 3 = THUNDER
SNOW, ICE PELLETS, HAIL 4 = ICE PELLETS
TOTAL MONTH: M 5 = HAIL
GRTST 24HR M ON M 6 = FREEZING RAIN OR DRIZZLE
GRTST DEPTH: M ON M 7 = DUSTSTORM OR SANDSTORM:
VSBY 1/2 MILE OR LESS
8 = SMOKE OR HAZE
[NO. OF DAYS WITH] [WEATHER - DAYS WITH] 9 = BLOWING SNOW
X = TORNADO
MAX 32 OR BELOW: 0 0.01 INCH OR MORE: 5
MAX 90 OR ABOVE: 4 0.10 INCH OR MORE: 2
MIN 32 OR BELOW: 0 0.50 INCH OR MORE: 0
MIN 0 OR BELOW: 0 1.00 INCH OR MORE: 0
[HDD (BASE 65) ]
TOTAL THIS MO. 86 CLEAR (SCALE 0-3) 26
DPTR FM NORMAL 25 PTCLDY (SCALE 4-7) 4
TOTAL FM JUL 1 6512 CLOUDY (SCALE 8-10) 0
DPTR FM NORMAL 208
[CDD (BASE 65) ]
TOTAL THIS MO. 26
DPTR FM NORMAL -48 [PRESSURE DATA]
TOTAL FM JAN 1 26 HIGHEST SLP M ON M
DPTR FM NORMAL -55 LOWEST SLP 29.68 ON 27
[REMARKS]
#FINAL-06-23#