000
CXUS53 KPAH 010700
CF6CGI
PRELIMINARY LOCAL CLIMATOLOGICAL DATA (WS FORM: F-6)
STATION: CAPE GIRARDEAU MO
MONTH: FEBRUARY
YEAR: 2023
LATITUDE: 37 13 N
LONGITUDE: 89 35 W
TEMPERATURE IN F: :PCPN: SNOW: WIND :SUNSHINE: SKY :PK WND
================================================================================
1 2 3 4 5 6A 6B 7 8 9 10 11 12 13 14 15 16 17 18
12Z AVG MX 2MIN
DY MAX MIN AVG DEP HDD CDD WTR SNW DPTH SPD SPD DIR MIN PSBL S-S WX SPD DR
================================================================================
1 32 21 27 -9 38 0 T M M 5.8 14 10 M M 2 17 20
2 37 26 32 -4 33 0 0.00 M M 2.5 16 350 M M 0 25 350
3 34 20 27 -9 38 0 0.00 M M 8.4 23 360 M M 0 32 340
4 39 22 31 -5 34 0 0.00 M M 9.9 18 210 M M 0 25 200
5 56 32 44 8 21 0 0.00 M M 5.7 15 230 M M 0 22 190
6 63 28 46 9 19 0 0.00 M M 8.3 22 170 M M 2 18 30 180
7 57 47 52 15 13 0 0.04 M M 7.3 20 180 M M 10 1 27 170
8 59 45 52 15 13 0 2.57 M M 7.8 16 40 M M 10 1 21 40
9 64 34 49 12 16 0 0.02 M M 16.2 37 220 M M 7 1 51 230
10 42 31 37 -1 28 0 0.00 M M 6.7 16 10 M M 6 18 21 340
11 50 28 39 1 26 0 0.00 M M 7.4 17 10 M M 0 23 360
12 58 27 43 5 22 0 0.00 M M 3.3 10 210 M M 0 8 15 200
13 64 30 47 9 18 0 0.00 M M 2.3 9 260 M M 0 8 12 260
14 58 38 48 9 17 0 0.13 M M 14.0 26 200 M M 6 1 43 190
15 71 51 61 22 4 0 0.17 M M 9.6 23 220 M M 4 13 32 200
16 59 35 47 8 18 0 0.55 M M 12.2 25 310 M M 10 13 38 310
17 41 26 34 -6 31 0 0.00 M M 10.0 22 350 M M 4 29 340
18 49 25 37 -3 28 0 0.00 M M 7.5 17 190 M M 0 25 190
19 56 41 49 9 16 0 0.00 M M 13.0 24 210 M M 2 33 190
20 70 40 55 15 10 0 T M M 4.9 17 340 M M 3 21 260
21 62 35 49 8 16 0 0.00 M M 7.8 18 140 M M 4 27 330
22 73 52 63 22 2 0 0.26 M M 17.4 38 250 M M 6 18 60 250
23 68 38 53 12 12 0 T M M 12.1 28 10 M M 6 1 34 340
24 49 30 40 -2 25 0 0.00 M M 12.8 22 20 M M 3 29 30
25 56 40 48 6 17 0 0.00 M M 4.7 13 20 M M 4 16 10
26 56 41 49 7 16 0 0.21 M M 6.1 22 150 M M 8 1 30 160
27 74 50 62 20 3 0 0.01 M M 19.5 39 230 M M 3 57 180
28 69 43 56 13 9 0 0.00 M M 7.3 23 200 M M 0 35 210
================================================================================
SM 1566 976 543 0 3.96 M 250.5 M 100
================================================================================
AV 55.9 34.9 8.9 FASTST M M 4 MAX(MPH)
MISC ----> 39 230 60 250
================================================================================
NOTES:
# LAST OF SEVERAL OCCURRENCES
COLUMN 17 PEAK WIND IN M.P.H.
PRELIMINARY LOCAL CLIMATOLOGICAL DATA (WS FORM: F-6) , PAGE 2
STATION: CAPE GIRARDEAU MO
MONTH: FEBRUARY
YEAR: 2023
LATITUDE: 37 13 N
LONGITUDE: 89 35 W
[TEMPERATURE DATA] [PRECIPITATION DATA] SYMBOLS USED IN COLUMN 16
AVERAGE MONTHLY: 45.4 TOTAL FOR MONTH: 3.96 1 = FOG OR MIST
DPTR FM NORMAL: 6.5 DPTR FM NORMAL: 0.65 2 = FOG REDUCING VISIBILITY
HIGHEST: 74 ON 27 GRTST 24HR 2.59 ON 8- 9 TO 1/4 MILE OR LESS
LOWEST: 20 ON 3 3 = THUNDER
SNOW, ICE PELLETS, HAIL 4 = ICE PELLETS
TOTAL MONTH: M 5 = HAIL
GRTST 24HR M ON M 6 = FREEZING RAIN OR DRIZZLE
GRTST DEPTH: M ON M 7 = DUSTSTORM OR SANDSTORM:
VSBY 1/2 MILE OR LESS
8 = SMOKE OR HAZE
[NO. OF DAYS WITH] [WEATHER - DAYS WITH] 9 = BLOWING SNOW
X = TORNADO
MAX 32 OR BELOW: 1 0.01 INCH OR MORE: 9
MAX 90 OR ABOVE: 0 0.10 INCH OR MORE: 6
MIN 32 OR BELOW: 13 0.50 INCH OR MORE: 2
MIN 0 OR BELOW: 0 1.00 INCH OR MORE: 1
[HDD (BASE 65) ]
TOTAL THIS MO. 543 CLEAR (SCALE 0-3) 14
DPTR FM NORMAL -187 PTCLDY (SCALE 4-7) 10
TOTAL FM JUL 1 2958 CLOUDY (SCALE 8-10) 4
DPTR FM NORMAL -375
[CDD (BASE 65) ]
TOTAL THIS MO. 0
DPTR FM NORMAL 0 [PRESSURE DATA]
TOTAL FM JAN 1 0 HIGHEST SLP M ON M
DPTR FM NORMAL 0 LOWEST SLP 29.35 ON 27
[REMARKS]
#FINAL-02-23#