369
CXUS51 KLWX 010700
CF6CHO
PRELIMINARY LOCAL CLIMATOLOGICAL DATA (WS FORM: F-6)
STATION: CHARLOTTESVILLE VA
MONTH: OCTOBER
YEAR: 2020
LATITUDE: 38 7 N
LONGITUDE: 78 27 W
TEMPERATURE IN F: :PCPN: SNOW: WIND :SUNSHINE: SKY :PK WND
================================================================================
1 2 3 4 5 6A 6B 7 8 9 10 11 12 13 14 15 16 17 18
12Z AVG MX 2MIN
DY MAX MIN AVG DEP HDD CDD WTR SNW DPTH SPD SPD DIR MIN PSBL S-S WX SPD DR
================================================================================
1 77 55 66 5 0 1 0.08 M M 3.9 10 60 M M 5 1 14 190
2 71 48 60 -1 5 0 0.02 M M 2.9 10 310 M M 4 12 15 310
3 68 45 57 -3 8 0 0.00 M M 1.8 9 140 M M 3 14 90
4 69 43 56 -4 9 0 0.00 M M 1.8 8 160 M M 1 1 12 160
5 70 47 59 0 6 0 T M M 3.1 14 360 M M 3 17 340
6 76 44 60 1 5 0 0.00 M M 4.1 14 190 M M 0 1 19 180
7 83 55 69 10 0 4 0.00 M M 5.8 16 200 M M 0 22 200
8 76 51 64 6 1 0 0.00 M M 2.9 12 30 M M 0 18 320
9 71 45 58 0 7 0 0.00 M M 4.2 14 190 M M 0 17 190
10 67 58 63 5 2 0 0.03 M M 6.0 15 190 M M 7 1 19 200
11 69 64 67 10 0 2 1.20 M M 4.5 13 70 M M 8 1 18 60
12 66 59 63 6 2 0 0.39 M M 8.4 17 20 M M 10 18 23 30
13 76 52 64 7 1 0 0.00 M M 2.9 12 330 M M 5 12 17 320
14 76 47 62 6 3 0 0.00 M M 3.6 12 170 M M 0 15 170
15 79 51 65 9 0 0 0.00 M M 9.1 18 180 M M 1 27 210
16 67 46 57 1 8 0 T M M 3.6 10 90 M M 8 15 340
17 65 38 52 -4 13 0 0.00 M M 3.0 12 20 M M 0 1 15 20
18 65 37 51 -4 14 0 0.00 M M 2.7 14 170 M M 0 17 180
19 71 45 58 3 7 0 0.00 M M 3.1 13 160 M M 1 1 17 180
20 80 50 65 10 0 0 0.00 M M 3.7 12 160 M M 2 12 16 190
21 83 54 69 15 0 4 0.00 M M 4.3 15 190 M M 1 1 19 160
22 84 56 70 16 0 5 0.00 M M 3.4 14 160 M M 1 12 16 170
23 80 57 69 15 0 4 0.00 M M 4.7 13 170 M M 2 1 18 160
24 80 56 68 14 0 3 T M M 5.2 17 50 M M 8 12 21 40
25 56 47 52 -1 13 0 1.18 M M 6.9 15 50 M M 10 18 20 40
26 66 49 58 5 7 0 0.00 M M 2.1 9 160 M M 7 1 11 150
27 67 55 61 8 4 0 0.00 M M 3.2 10 180 M M 10 12 13 60
28 71 60 66 13 0 1 T M M 5.0 13 180 M M 8 12 15 190
29 76 53 65 13 0 0 2.21 M M 7.3 18 50 M M 9 18 23 40
30 62 44 53 1 12 0 0.52 M M 5.2 14 40 M M 6 1 20 310
31 56 36 46 -6 19 0 0.00 M M 3.7 13 180 M M 4 17 120
================================================================================
SM 2223 1547 146 24 5.63 M 132.1 M 124
================================================================================
AV 71.7 49.9 4.3 FASTST M M 4 MAX(MPH)
MISC ----> # 18 180 27 210
================================================================================
NOTES:
# LAST OF SEVERAL OCCURRENCES
COLUMN 17 PEAK WIND IN M.P.H.
PRELIMINARY LOCAL CLIMATOLOGICAL DATA (WS FORM: F-6) , PAGE 2
STATION: CHARLOTTESVILLE VA
MONTH: OCTOBER
YEAR: 2020
LATITUDE: 38 7 N
LONGITUDE: 78 27 W
[TEMPERATURE DATA] [PRECIPITATION DATA] SYMBOLS USED IN COLUMN 16
AVERAGE MONTHLY: 60.8 TOTAL FOR MONTH: 5.63 1 = FOG OR MIST
DPTR FM NORMAL: 4.8 DPTR FM NORMAL: 2.52 2 = FOG REDUCING VISIBILITY
HIGHEST: 84 ON 22 GRTST 24HR 2.62 ON 29-30 TO 1/4 MILE OR LESS
LOWEST: 36 ON 31 3 = THUNDER
SNOW, ICE PELLETS, HAIL 4 = ICE PELLETS
TOTAL MONTH: M 5 = HAIL
GRTST 24HR M ON M 6 = FREEZING RAIN OR DRIZZLE
GRTST DEPTH: M ON M 7 = DUSTSTORM OR SANDSTORM:
VSBY 1/2 MILE OR LESS
8 = SMOKE OR HAZE
[NO. OF DAYS WITH] [WEATHER - DAYS WITH] 9 = BLOWING SNOW
X = TORNADO
MAX 32 OR BELOW: 0 0.01 INCH OR MORE: 8
MAX 90 OR ABOVE: 0 0.10 INCH OR MORE: 5
MIN 32 OR BELOW: 0 0.50 INCH OR MORE: 4
MIN 0 OR BELOW: 0 1.00 INCH OR MORE: 3
[HDD (BASE 65) ]
TOTAL THIS MO. 146 CLEAR (SCALE 0-3) 16
DPTR FM NORMAL -145 PTCLDY (SCALE 4-7) 9
TOTAL FM JUL 1 201 CLOUDY (SCALE 8-10) 6
DPTR FM NORMAL -147
[CDD (BASE 65) ]
TOTAL THIS MO. 24
DPTR FM NORMAL 11 [PRESSURE DATA]
TOTAL FM JAN 1 1620 HIGHEST SLP M ON M
DPTR FM NORMAL 586 LOWEST SLP 29.35 ON 29
[REMARKS]
#FINAL-10-20#