000
CXUS54 KHGX 011410
CF6CLL
PRELIMINARY LOCAL CLIMATOLOGICAL DATA (WS FORM: F-6)
STATION: COLLEGE STATION
MONTH: JULY
YEAR: 2022
LATITUDE: 30 34 N
LONGITUDE: 96 22 W
TEMPERATURE IN F: :PCPN: SNOW: WIND :SUNSHINE: SKY :PK WND
================================================================================
1 2 3 4 5 6A 6B 7 8 9 10 11 12 13 14 15 16 17 18
12Z AVG MX 2MIN
DY MAX MIN AVG DEP HDD CDD WTR SNW DPTH SPD SPD DIR MIN PSBL S-S WX SPD DR
================================================================================
1 96 76 86 2 0 21 0.00 0.0 0 5.8 15 80 M M 4 21 80
2 101 79 90 6 0 25 0.00 0.0 0 9.5 18 180 M M 3 18 25 180
3 102 79 91 7 0 26 0.00 0.0 0 9.7 21 170 M M 1 28 170
4 102 78 90 6 0 25 0.00 0.0 0 10.4 17 130 M M 2 26 150
5 102 78 90 6 0 25 0.00 0.0 0 9.5 18 170 M M 2 27 170
6 103 77 90 6 0 25 0.00 0.0 0 9.5 18 150 M M 2 26 170
7 103 78 91 7 0 26 0.00 0.0 0 8.8 21 150 M M 2 26 150
8 104 79 92 7 0 27 0.00 0.0 0 8.0 16 200 M M 1 24 200
9 106 79 93 8 0 28 0.00 0.0 0 7.0 17 230 M M 1 22 230
10 111 80 96 11 0 31 0.00 0.0 0 7.5 16 230 M M 1 29 240
11 106 81 94 9 0 29 0.00 0.0 0 7.5 18 230 M M 1 3 23 230
12 109 79 94 9 0 29 0.00 0.0 0 6.1 20 150 M M 1 25 140
13 106 79 93 8 0 28 0.00 0.0 0 7.0 23 150 M M 1 29 150
14 99 79 89 4 0 24 0.00 0.0 0 8.3 28 50 M M 1 8 37 60
15 99 76 88 3 0 23 T 0.0 0 7.5 21 170 M M 3 27 180
16 100 76 88 3 0 23 0.00 0.0 0 7.7 16 190 M M 2 26 160
17 104 77 91 6 0 26 0.00 0.0 0 7.6 20 190 M M 0 27 170
18 104 80 92 7 0 27 0.00 0.0 M 11.2 18 180 M M 0 27 190
19 105 80 93 8 0 28 0.00 0.0 0 13.1 28 160 M M 1 36 170
20 106 80 93 7 0 28 0.00 0.0 0 11.7 22 170 M M 1 28 160
21 105 79 92 6 0 27 0.00 0.0 0 8.6 18 180 M M 2 31 160
22 102 79 91 5 0 26 0.01 0.0 0 9.0 26 100 M M 2 8 36 100
23 103 78 91 5 0 26 0.00 0.0 0 10.3 20 180 M M 2 26 170
24 104 78 91 5 0 26 0.00 0.0 0 9.1 21 160 M M 2 26 170
25 104 79 92 6 0 27 0.00 0.0 0 9.7 20 150 M M 1 29 140
26 104 78 91 5 0 26 0.00 0.0 0 10.0 24 180 M M 2 31 170
27 102 78 90 4 0 25 T 0.0 0 8.4 21 170 M M 3 3 31 180
28 104 78 91 5 0 26 0.00 0.0 0 9.2 24 170 M M 2 3 35 180
29 103 78 91 5 0 26 0.00 0.0 0 8.9 23 170 M M 2 31 150
30 103 79 91 5 0 26 0.00 0.0 0 9.3 28 180 M M 1 35 180
31 103 79 91 5 0 26 0.00 0.0 0 10.4 18 170 M M 1 25 170
================================================================================
SM 3205 2433 0 811 0.01 0.0 276.3 M 50
================================================================================
AV103.4 78.5 8.9 FASTST M M 2 MAX(MPH)
MISC ----> # 28 50 37 60
================================================================================
NOTES:
# LAST OF SEVERAL OCCURRENCES
COLUMN 17 PEAK WIND IN M.P.H.
PRELIMINARY LOCAL CLIMATOLOGICAL DATA (WS FORM: F-6) , PAGE 2
STATION: COLLEGE STATION
MONTH: JULY
YEAR: 2022
LATITUDE: 30 34 N
LONGITUDE: 96 22 W
[TEMPERATURE DATA] [PRECIPITATION DATA] SYMBOLS USED IN COLUMN 16
AVERAGE MONTHLY: 90.9 TOTAL FOR MONTH: 0.01 1 = FOG OR MIST
DPTR FM NORMAL: 5.8 DPTR FM NORMAL: -1.97 2 = FOG REDUCING VISIBILITY
HIGHEST: 111 ON 10 GRTST 24HR 0.01 ON 22-22 TO 1/4 MILE OR LESS
LOWEST: 76 ON 16,15 3 = THUNDER
SNOW, ICE PELLETS, HAIL 4 = ICE PELLETS
TOTAL MONTH: 0.0 INCH 5 = HAIL
GRTST 24HR 0.0 6 = FREEZING RAIN OR DRIZZLE
GRTST DEPTH: 0 7 = DUSTSTORM OR SANDSTORM:
VSBY 1/2 MILE OR LESS
8 = SMOKE OR HAZE
[NO. OF DAYS WITH] [WEATHER - DAYS WITH] 9 = BLOWING SNOW
X = TORNADO
MAX 32 OR BELOW: 0 0.01 INCH OR MORE: 1
MAX 90 OR ABOVE: 31 0.10 INCH OR MORE: 0
MIN 32 OR BELOW: 0 0.50 INCH OR MORE: 0
MIN 0 OR BELOW: 0 1.00 INCH OR MORE: 0
[HDD (BASE 65) ]
TOTAL THIS MO. 0 CLEAR (SCALE 0-3) 28
DPTR FM NORMAL 0 PTCLDY (SCALE 4-7) 3
TOTAL FM JUL 1 0 CLOUDY (SCALE 8-10) 0
DPTR FM NORMAL 0
[CDD (BASE 65) ]
TOTAL THIS MO. 811
DPTR FM NORMAL 186 [PRESSURE DATA]
TOTAL FM JAN 1 2339 HIGHEST SLP 30.12 ON 31
DPTR FM NORMAL 577 LOWEST SLP 29.72 ON 11
[REMARKS]
#FINAL-07-22#