000
CXUS56 KLOX 011655
CF6CMA
PRELIMINARY LOCAL CLIMATOLOGICAL DATA (WS FORM: F-6)
STATION: CAMARILLO AIRPORT CA
MONTH: JUNE
YEAR: 2020
LATITUDE: 34 12 N
LONGITUDE: 119 6 W
TEMPERATURE IN F: :PCPN: SNOW: WIND :SUNSHINE: SKY :PK WND
================================================================================
1 2 3 4 5 6A 6B 7 8 9 10 11 12 13 14 15 16 17 18
12Z AVG MX 2MIN
DY MAX MIN AVG DEP HDD CDD WTR SNW DPTH SPD SPD DIR MIN PSBL S-S WX SPD DR
================================================================================
1 79 60 70 7 0 5 0.00 0.0 0 4.8 14 240 M M 0 18 260
2 80 58 69 6 0 4 0.00 0.0 0 4.6 13 240 M M 0 8 18 230
3 86 64 75 12 0 10 T 0.0 0 6.2 13 310 M M 0 8 14 300
4 78 63 71 8 0 6 0.00 0.0 0 7.2 17 200 M M 4 8 22 210
5 73 66 70 7 0 5 0.00 0.0 0 6.6 15 240 M M 10 8 19 230
6 77 62 70 7 0 5 0.00 0.0 0 6.3 16 240 M M 4 20 210
7 78 57 68 4 0 3 0.00 0.0 0 7.1 20 260 M M 0 24 260
8 89 52 71 7 0 6 0.00 0.0 0 11.5 26 280 M M 0 35 40
9 96 61 79 15 0 14 0.00 0.0 0 8.4 17 280 M M 0 22 280
10 93 60 77 13 0 12 0.00 0.0 0 4.8 14 230 M M 0 8 17 220
11 85 59 72 8 0 7 0.00 0.0 0 4.7 17 240 M M 2 8 20 240
12 75 61 68 4 0 3 0.00 0.0 0 6.0 17 270 M M 4 8 22 270
13 77 58 68 4 0 3 0.00 0.0 0 5.9 17 270 M M 0 22 260
14 77 56 67 3 0 2 0.00 0.0 0 5.2 16 240 M M 0 22 220
15 77 57 67 3 0 2 0.00 0.0 0 5.9 15 230 M M 0 20 230
16 75 62 69 5 0 4 0.00 0.0 0 4.7 15 270 M M 5 19 250
17 76 60 68 4 0 3 0.00 0.0 0 4.9 15 210 M M 4 20 200
18 73 60 67 2 0 2 0.00 0.0 0 5.4 15 220 M M 7 21 230
19 75 65 70 5 0 5 0.00 0.0 0 5.5 14 270 M M 8 8 19 220
20 71 64 68 3 0 3 0.00 0.0 0 4.9 13 250 M M 10 8 16 250
21 73 63 68 3 0 3 0.00 0.0 0 4.8 12 220 M M 10 8 16 190
22 76 64 70 5 0 5 0.00 0.0 0 4.2 15 260 M M 7 8 19 270
23 76 63 70 5 0 5 0.00 0.0 0 5.7 14 240 M M 7 8 19 200
24 76 63 70 5 0 5 0.00 0.0 0 4.5 13 230 M M 8 8 17 230
25 76 63 70 5 0 5 0.00 0.0 0 5.6 13 230 M M 6 18 18 210
26 76 65 71 5 0 6 0.00 0.0 0 5.0 13 260 M M 8 16 260
27 75 63 69 3 0 4 0.00 0.0 0 5.2 14 250 M M 7 19 250
28 75 63 69 3 0 4 0.00 0.0 0 5.9 15 260 M M 10 19 230
29 76 61 69 3 0 4 0.00 0.0 0 5.7 17 260 M M 3 21 230
30 76 56 66 0 0 1 0.00 0.0 0 4.8 14 260 M M 1 19 260
================================================================================
SM 2345 1829 0 146 T 0.0 172.0 M 125
================================================================================
AV 78.2 61.0 5.7 FASTST M M 4 MAX(MPH)
MISC ----> # 26 280 # 35 40
================================================================================
NOTES:
# LAST OF SEVERAL OCCURRENCES
COLUMN 17 PEAK WIND IN M.P.H.
PRELIMINARY LOCAL CLIMATOLOGICAL DATA (WS FORM: F-6) , PAGE 2
STATION: CAMARILLO AIRPORT CA
MONTH: JUNE
YEAR: 2020
LATITUDE: 34 12 N
LONGITUDE: 119 6 W
[TEMPERATURE DATA] [PRECIPITATION DATA] SYMBOLS USED IN COLUMN 16
AVERAGE MONTHLY: 69.6 TOTAL FOR MONTH: T 1 = FOG OR MIST
DPTR FM NORMAL: 5.3 DPTR FM NORMAL: -0.05 2 = FOG REDUCING VISIBILITY
HIGHEST: 96 ON 9 GRTST 24HR T ON 3- 3 TO 1/4 MILE OR LESS
LOWEST: 52 ON 8 3 = THUNDER
SNOW, ICE PELLETS, HAIL 4 = ICE PELLETS
TOTAL MONTH: 0.0 INCH 5 = HAIL
GRTST 24HR 0.0 6 = FREEZING RAIN OR DRIZZLE
GRTST DEPTH: 0 7 = DUSTSTORM OR SANDSTORM:
VSBY 1/2 MILE OR LESS
8 = SMOKE OR HAZE
[NO. OF DAYS WITH] [WEATHER - DAYS WITH] 9 = BLOWING SNOW
X = TORNADO
MAX 32 OR BELOW: 0 0.01 INCH OR MORE: 0
MAX 90 OR ABOVE: 2 0.10 INCH OR MORE: 0
MIN 32 OR BELOW: 0 0.50 INCH OR MORE: 0
MIN 0 OR BELOW: 0 1.00 INCH OR MORE: 0
[HDD (BASE 65) ]
TOTAL THIS MO. 0 CLEAR (SCALE 0-3) 13
DPTR FM NORMAL -43 PTCLDY (SCALE 4-7) 13
TOTAL FM JUL 1 1296 CLOUDY (SCALE 8-10) 4
DPTR FM NORMAL -690
[CDD (BASE 65) ]
TOTAL THIS MO. 146
DPTR FM NORMAL 123 [PRESSURE DATA]
TOTAL FM JAN 1 269 HIGHEST SLP 30.05 ON 10
DPTR FM NORMAL 215 LOWEST SLP 29.70 ON 28
[REMARKS]
#FINAL-06-20#