000
CXUS54 KMAF 011513
CF6CNM
PRELIMINARY LOCAL CLIMATOLOGICAL DATA (WS FORM: F-6)
STATION: CARLSBAD
MONTH: MARCH
YEAR: 2024
LATITUDE: 32 20 N
LONGITUDE: 104 15 W
TEMPERATURE IN F: :PCPN: SNOW: WIND :SUNSHINE: SKY :PK WND
================================================================================
1 2 3 4 5 6A 6B 7 8 9 10 11 12 13 14 15 16 17 18
12Z AVG MX 2MIN
DY MAX MIN AVG DEP HDD CDD WTR SNW DPTH SPD SPD DIR MIN PSBL S-S WX SPD DR
================================================================================
1 74 35 55 4 10 0 0.00 M M 12.5 31 260 M M 0 1 39 260
2 77 43 60 8 5 0 0.00 M M 9.7 30 260 M M 0 43 250
3 77 55 66 14 0 1 0.00 M M 18.3 37 260 M M 0 47 260
4 74 54 64 12 1 0 0.00 M M 17.1 30 280 M M 0 42 280
5 75 44 60 8 5 0 0.00 M M 7.4 22 260 M M 0 28 250
6 75 41 58 5 7 0 0.00 M M 8.5 30 230 M M 0 40 230
7 73 52 63 10 2 0 0.00 M M 14.3 32 260 M M 0 42 250
8 59 39 49 -4 16 0 T M M 13.6 28 350 M M 4 33 360
9 53 33 43 -11 22 0 0.00 M M 6.9 17 360 M M 3 21 360
10 63 29 46 -8 19 0 0.00 M M 7.3 15 180 M M 0 23 120
11 75 35 55 1 10 0 0.00 M M 8.3 23 190 M M 0 30 180
12 79 41 60 6 5 0 0.00 M M 10.1 25 260 M M 0 31 230
13 77 46 62 7 3 0 0.00 M M 12.9 35 240 M M 1 47 240
14 75 44 60 5 5 0 0.00 M M 8.4 24 70 M M 0 35 80
15 57 44 51 -4 14 0 0.03 M M 15.1 28 350 M M 9 18 34 350
16 53 44 49 -7 16 0 0.05 M M 7.0 15 340 M M 10 1 18 330
17 62 48 55 -1 10 0 0.00 M M 6.8 21 90 M M 8 28 90
18 63 47 55 -1 10 0 0.00 M M 9.3 21 170 M M 8 29 110
19 69 40 55 -1 10 0 0.00 M M 7.2 16 150 M M 2 22 150
20 74 43 59 2 6 0 0.00 M M 8.9 33 240 M M 4 45 270
21 74 47 61 4 4 0 T M M 7.6 39 340 M M 3 8 55 360
22 79 46 63 6 2 0 0.00 M M 7.8 25 340 M M 0 33 350
23 73 51 62 4 3 0 0.00 M M 10.9 25 190 M M 0 36 130
24 71 49 60 2 5 0 T M M 23.5 46 260 M M 3 8 61 250
25 63 45 54 -4 11 0 0.00 M M 24.4 39 260 M M 1 51 260
26 64 33 49 -10 16 0 0.00 M M 14.7 32 260 M M 1 43 280
27 69 44 57 -2 8 0 0.00 M M 13.8 28 320 M M 0 40 320
28 79 33 56 -3 9 0 0.00 M M 9.3 23 190 M M 0 35 200
29 83 45 64 4 1 0 0.00 M M 10.3 28 270 M M 0 35 280
30 82 51 67 7 0 2 0.00 M M 9.5 23 200 M M 0 27 210
31 85 54 70 10 0 5 0.00 M M 13.1 30 260 M M 1 8 40 210
================================================================================
SM 2206 1355 235 8 0.08 M 354.5 M 58
================================================================================
AV 71.2 43.7 11.4 FASTST M M 2 MAX(MPH)
MISC ----> 46 260 61 250
================================================================================
NOTES:
# LAST OF SEVERAL OCCURRENCES
COLUMN 17 PEAK WIND IN M.P.H.
PRELIMINARY LOCAL CLIMATOLOGICAL DATA (WS FORM: F-6) , PAGE 2
STATION: CARLSBAD
MONTH: MARCH
YEAR: 2024
LATITUDE: 32 20 N
LONGITUDE: 104 15 W
[TEMPERATURE DATA] [PRECIPITATION DATA] SYMBOLS USED IN COLUMN 16
AVERAGE MONTHLY: 57.4 TOTAL FOR MONTH: 0.08 1 = FOG OR MIST
DPTR FM NORMAL: 1.8 DPTR FM NORMAL: -0.46 2 = FOG REDUCING VISIBILITY
HIGHEST: 85 ON 31 GRTST 24HR 0.08 ON 15-16 TO 1/4 MILE OR LESS
LOWEST: 29 ON 10 3 = THUNDER
SNOW, ICE PELLETS, HAIL 4 = ICE PELLETS
TOTAL MONTH: M 5 = HAIL
GRTST 24HR M ON M 6 = FREEZING RAIN OR DRIZZLE
GRTST DEPTH: M ON M 7 = DUSTSTORM OR SANDSTORM:
VSBY 1/2 MILE OR LESS
8 = SMOKE OR HAZE
[NO. OF DAYS WITH] [WEATHER - DAYS WITH] 9 = BLOWING SNOW
X = TORNADO
MAX 32 OR BELOW: 0 0.01 INCH OR MORE: 2
MAX 90 OR ABOVE: 0 0.10 INCH OR MORE: 0
MIN 32 OR BELOW: 1 0.50 INCH OR MORE: 0
MIN 0 OR BELOW: 0 1.00 INCH OR MORE: 0
[HDD (BASE 65) ]
TOTAL THIS MO. 235 CLEAR (SCALE 0-3) 24
DPTR FM NORMAL -66 PTCLDY (SCALE 4-7) 3
TOTAL FM JUL 1 2285 CLOUDY (SCALE 8-10) 4
DPTR FM NORMAL -342
[CDD (BASE 65) ]
TOTAL THIS MO. 8
DPTR FM NORMAL -3 [PRESSURE DATA]
TOTAL FM JAN 1 15 HIGHEST SLP 30.34 ON 9
DPTR FM NORMAL 3 LOWEST SLP 29.37 ON 25
[REMARKS]
#FINAL-03-24#