793
CXUS54 KMAF 011210
CF6CNM
PRELIMINARY LOCAL CLIMATOLOGICAL DATA (WS FORM: F-6)
STATION: CARLSBAD
MONTH: OCTOBER
YEAR: 2020
LATITUDE: 32 20 N
LONGITUDE: 104 15 W
TEMPERATURE IN F: :PCPN: SNOW: WIND :SUNSHINE: SKY :PK WND
================================================================================
1 2 3 4 5 6A 6B 7 8 9 10 11 12 13 14 15 16 17 18
12Z AVG MX 2MIN
DY MAX MIN AVG DEP HDD CDD WTR SNW DPTH SPD SPD DIR MIN PSBL S-S WX SPD DR
================================================================================
1 85 49 67 -1 0 2 0.00 M M 7.5 20 330 M M 0 23 330
2 85 49 67 -1 0 2 0.00 M M 9.1 20 160 M M 0 26 150
3 85 47 66 -2 0 1 0.00 M M 10.4 28 340 M M 0 36 330
4 80 52 66 -1 0 1 0.00 M M 7.8 16 150 M M 0 20 150
5 96 49 73 6 0 8 0.00 0.0 0 6.6 18 250 M M 0 23 240
6 91 57 74 7 0 9 0.00 M M 7.3 23 330 M M 0 30 330
7 91 50 71 5 0 6 0.00 M M 6.9 14 160 M M 0 18 130
8 90 51 71 5 0 6 0.00 M M 6.9 14 170 M M 0 21 160
9 94 49 72 6 0 7 0.00 M M 5.5 13 360 M M 0 16 360
10 96 50 73 8 0 8 0.00 M M 11.0 25 270 M M 0 33 270
11 93 64 79 14 0 14 0.00 M M 16.1 29 250 M M 0 36 240
12 78 56 67 2 0 2 0.00 M M 8.0 18 360 M M 1 8 23 10
13 90 47 69 5 0 4 0.00 M M 5.7 12 190 M M 0 13 130
14 97 47 72 8 0 7 0.00 M M 9.5 25 250 M M 0 8 31 260
15 81 50 66 2 0 1 0.00 M M 10.1 29 10 M M 0 8 38 360
16 68 46 57 -6 8 0 0.00 M M 10.0 18 160 M M 0 23 150
17 93 41 67 4 0 2 0.00 M M 8.8 26 260 M M 0 34 260
18 91 54 73 10 0 8 0.00 M M 7.6 18 240 M M 0 20 240
19 78 44 61 -1 4 0 0.00 M M 8.1 14 190 M M 0 17 140
20 91 46 69 7 0 4 0.00 M M 5.1 14 250 M M 0 14 260
21 91 46 69 7 0 4 0.00 M M 7.5 15 130 M M 0 19 120
22 92 54 73 12 0 8 0.00 0.0 0 8.3 26 250 M M 0 31 250
23 74 41 58 -3 7 0 0.00 0.0 0 11.9 30 330 M M 0 37 320
24 69 38 54 -6 11 0 0.00 0.0 0 8.7 20 170 M M 0 25 170
25 91 45 68 8 0 3 0.00 0.0 0 15.3 35 250 M M 0 8 40 250
26 45 26 36 -24 29 0 T M M 12.2 18 30 M M 10 1 20 30
27 30 24 27 -32 38 0 0.02 M M 15.1 25 320 M M 10 126 29 330
28 52 26 39 -20 26 0 0.00 M M 6.9 25 340 M M 5 29 340
29 64 33 49 -10 16 0 0.00 M M 6.2 14 10 M M 0 17 20
30 70 31 51 -7 14 0 0.00 M M 6.9 16 130 M M 0 22 150
31 81 35 58 0 7 0 0.00 M M 4.4 13 360 M M 0 14 360
================================================================================
SM 2512 1397 160 107 0.02 0.0 271.4 M 26
================================================================================
AV 81.0 45.1 8.8 FASTST M M 1 MAX(MPH)
MISC ----> 35 250 40 250
================================================================================
NOTES:
# LAST OF SEVERAL OCCURRENCES
COLUMN 17 PEAK WIND IN M.P.H.
PRELIMINARY LOCAL CLIMATOLOGICAL DATA (WS FORM: F-6) , PAGE 2
STATION: CARLSBAD
MONTH: OCTOBER
YEAR: 2020
LATITUDE: 32 20 N
LONGITUDE: 104 15 W
[TEMPERATURE DATA] [PRECIPITATION DATA] SYMBOLS USED IN COLUMN 16
AVERAGE MONTHLY: 63.0 TOTAL FOR MONTH: 0.02 1 = FOG OR MIST
DPTR FM NORMAL: -0.2 DPTR FM NORMAL: -1.03 2 = FOG REDUCING VISIBILITY
HIGHEST: 97 ON 14 GRTST 24HR 0.02 ON 27-27 TO 1/4 MILE OR LESS
LOWEST: 24 ON 27 3 = THUNDER
SNOW, ICE PELLETS, HAIL 4 = ICE PELLETS
TOTAL MONTH: 0.0 INCH 5 = HAIL
GRTST 24HR 0.0 6 = FREEZING RAIN OR DRIZZLE
GRTST DEPTH: 0 7 = DUSTSTORM OR SANDSTORM:
VSBY 1/2 MILE OR LESS
8 = SMOKE OR HAZE
[NO. OF DAYS WITH] [WEATHER - DAYS WITH] 9 = BLOWING SNOW
X = TORNADO
MAX 32 OR BELOW: 1 0.01 INCH OR MORE: 1
MAX 90 OR ABOVE: 15 0.10 INCH OR MORE: 0
MIN 32 OR BELOW: 4 0.50 INCH OR MORE: 0
MIN 0 OR BELOW: 0 1.00 INCH OR MORE: 0
[HDD (BASE 65) ]
TOTAL THIS MO. 160 CLEAR (SCALE 0-3) 28
DPTR FM NORMAL 44 PTCLDY (SCALE 4-7) 1
TOTAL FM JUL 1 197 CLOUDY (SCALE 8-10) 2
DPTR FM NORMAL 69
[CDD (BASE 65) ]
TOTAL THIS MO. 107
DPTR FM NORMAL 47 [PRESSURE DATA]
TOTAL FM JAN 1 2597 HIGHEST SLP 30.35 ON 16
DPTR FM NORMAL 512 LOWEST SLP 29.56 ON 25
[REMARKS]
#FINAL-10-20#