000
CXUS53 KICT 011410
CF6CNU
PRELIMINARY LOCAL CLIMATOLOGICAL DATA (WS FORM: F-6)
STATION: CHANUTE KS
MONTH: APRIL
YEAR: 2023
LATITUDE: 37 40 N
LONGITUDE: 95 29 W
TEMPERATURE IN F: :PCPN: SNOW: WIND :SUNSHINE: SKY :PK WND
================================================================================
1 2 3 4 5 6A 6B 7 8 9 10 11 12 13 14 15 16 17 18
12Z AVG MX 2MIN
DY MAX MIN AVG DEP HDD CDD WTR SNW DPTH SPD SPD DIR MIN PSBL S-S WX SPD DR
================================================================================
1 64 38 51 -3 14 0 0.00 M M 12.7 38 310 M M 0 52 310
2 83 39 61 7 4 0 0.00 M M 16.0 31 200 M M 0 41 200
3 85 56 71 17 0 6 0.00 M M 11.9 21 180 M M 3 28 160
4 84 50 67 13 0 2 T M M 24.2 48 320 M M 2 38 70 290
5 56 35 46 -9 19 0 0.22 M M 11.5 24 320 M M 1 13 33 320
6 62 34 48 -7 17 0 0.00 M M 7.6 14 60 M M 0 20 50
7 68 29 49 -6 16 0 0.00 M M 6.3 15 140 M M 0 21 120
8 71 36 54 -2 11 0 0.00 M M 6.3 14 140 M M 0 20 90
9 77 39 58 2 7 0 0.00 M M 9.4 18 160 M M 0 26 180
10 77 48 63 7 2 0 0.19 M M 10.5 21 180 M M 4 13 29 20
11 79 44 62 6 3 0 0.00 M M 8.9 21 200 M M 0 1 33 170
12 80 52 66 9 0 1 0.00 M M 13.0 25 210 M M 0 36 210
13 81 46 64 7 1 0 0.00 M M 11.5 22 170 M M 0 36 150
14 85 54 70 13 0 5 0.00 M M 15.3 29 170 M M 1 37 170
15 71 44 58 0 7 0 0.12 M M 13.5 29 350 M M 8 3 46 330
16 66 41 54 -4 11 0 0.00 M M 16.0 33 290 M M 1 47 290
17 80 30 55 -3 10 0 T M M 9.5 21 210 M M 0 29 190
18 86 60 73 15 0 8 T M M 19.3 31 180 M M 1 3 43 190
19 82 64 73 14 0 8 T M M 22.4 46 170 M M 5 64 180
20 76 50 63 4 2 0 T M M 15.0 32 190 M M 4 3 48 160
21 68 35 52 -7 13 0 0.00 M M 8.1 23 290 M M 0 1 32 310
22 58 32 45 -15 20 0 0.00 M M 9.5 24 320 M M 1 33 330
23 64 25 45 -15 20 0 0.00 M M 5.0 14 10 M M 0 20 300
24 69 37 53 -7 12 0 0.02 M M 10.0 21 210 M M 3 30 210
25 66 42 54 -6 11 0 0.03 M M 6.5 14 160 M M 7 20 130
26 70 38 54 -7 11 0 T M M 7.4 20 140 M M 4 1 28 160
27 66 44 55 -6 10 0 0.02 M M 6.9 16 100 M M 8 1 24 120
28 68 40 54 -7 11 0 0.08 M M 5.3 18 300 M M 7 128 24 320
29 75 47 61 -1 4 0 0.00 M M 10.8 26 10 M M 3 41 20
30 67 38 53 -9 12 0 0.00 M M 12.6 28 320 M M 0 41 320
================================================================================
SM 2184 1267 248 30 0.68 M 342.9 M 63
================================================================================
AV 72.8 42.2 11.4 FASTST M M 2 MAX(MPH)
MISC ----> 48 320 70 290
================================================================================
NOTES:
# LAST OF SEVERAL OCCURRENCES
COLUMN 17 PEAK WIND IN M.P.H.
PRELIMINARY LOCAL CLIMATOLOGICAL DATA (WS FORM: F-6) , PAGE 2
STATION: CHANUTE KS
MONTH: APRIL
YEAR: 2023
LATITUDE: 37 40 N
LONGITUDE: 95 29 W
[TEMPERATURE DATA] [PRECIPITATION DATA] SYMBOLS USED IN COLUMN 16
AVERAGE MONTHLY: 57.5 TOTAL FOR MONTH: 0.68 1 = FOG OR MIST
DPTR FM NORMAL: -0.2 DPTR FM NORMAL: -3.57 2 = FOG REDUCING VISIBILITY
HIGHEST: 86 ON 18 GRTST 24HR 0.22 ON 4- 5 TO 1/4 MILE OR LESS
LOWEST: 25 ON 23 3 = THUNDER
SNOW, ICE PELLETS, HAIL 4 = ICE PELLETS
TOTAL MONTH: M 5 = HAIL
GRTST 24HR M ON M 6 = FREEZING RAIN OR DRIZZLE
GRTST DEPTH: M ON M 7 = DUSTSTORM OR SANDSTORM:
VSBY 1/2 MILE OR LESS
8 = SMOKE OR HAZE
[NO. OF DAYS WITH] [WEATHER - DAYS WITH] 9 = BLOWING SNOW
X = TORNADO
MAX 32 OR BELOW: 0 0.01 INCH OR MORE: 7
MAX 90 OR ABOVE: 0 0.10 INCH OR MORE: 3
MIN 32 OR BELOW: 4 0.50 INCH OR MORE: 0
MIN 0 OR BELOW: 0 1.00 INCH OR MORE: 0
[HDD (BASE 65) ]
TOTAL THIS MO. 248 CLEAR (SCALE 0-3) 22
DPTR FM NORMAL -1 PTCLDY (SCALE 4-7) 6
TOTAL FM JUL 1 3887 CLOUDY (SCALE 8-10) 2
DPTR FM NORMAL -268
[CDD (BASE 65) ]
TOTAL THIS MO. 30
DPTR FM NORMAL 0 [PRESSURE DATA]
TOTAL FM JAN 1 34 HIGHEST SLP 30.46 ON 6
DPTR FM NORMAL -3 LOWEST SLP 29.36 ON 4
[REMARKS]
#FINAL-04-23#