000
CXUS51 KGYX 031205 CCA
CF6CON
PRELIMINARY LOCAL CLIMATOLOGICAL DATA (WS FORM: F-6)
STATION: CONCORD NH
MONTH: FEBRUARY
YEAR: 2023
LATITUDE: 43 12 N
LONGITUDE: 71 30 W
TEMPERATURE IN F: :PCPN: SNOW: WIND :SUNSHINE: SKY :PK WND
================================================================================
1 2 3 4 5 6A 6B 7 8 9 10 11 12 13 14 15 16 17 18
12Z AVG MX 2MIN
DY MAX MIN AVG DEP HDD CDD WTR SNW DPTH SPD SPD DIR MIN PSBL S-S WX SPD DR
================================================================================
1 27 10 19 -3 46 0 0.02 0.1 13 5.1 16 300 M M 5 18 31 280
2 33 7 20 -2 45 0 0.00 0.0 13 6.4 18 180 M M 5 25 210
3 30 -14 8 -14 57 0 T 0.1 13 20.4 36 340 M M 5 18 48 290
4 11 -15 -2 -24 67 0 T T 13 13.5 28 330 M M 2 42 290
5 43 11 27 4 38 0 0.00 0.0 13 5.2 14 230 M M 4 23 240
6 41 19 30 7 35 0 0.00 0.0 13 8.8 23 350 M M 4 30 350
7 35 12 24 1 41 0 0.07 0.1 12 7.9 16 130 M M 2 6 28 110
8 43 23 33 10 32 0 0.00 0.0 12 6.9 24 330 M M 6 18 34 270
9 42 18 30 7 35 0 0.08 0.0 12 0.8 12 360 M M 0 17 250
10 52 33 43 19 22 0 0.01 0.0 11 M M M M M 5 M M
11 39 22 31 7 34 0 0.00 0.0 9 13.3 30 320 M M 3 42 350
12 46 17 32 8 33 0 0.00 0.0 9 4.6 13 360 M M 1 20 270
13 45 24 35 11 30 0 0.00 0.0 9 7.3 17 280 M M 3 8 25 10
14 46 25 36 12 29 0 T T 9 8.7 25 360 M M 4 34 330
15 55 22 39 14 26 0 0.00 0.0 9 7.6 20 160 M M 2 28 130
16 55 29 42 17 23 0 T 0.0 8 7.8 18 350 M M 2 27 340
17 46 20 33 8 32 0 0.03 0.0 6 15.3 32 340 M M 8 1 47 290
18 38 18 28 3 37 0 0.00 0.0 5 9.7 26 330 M M 1 39 330
19 44 17 31 5 34 0 0.00 0.0 5 5.8 17 180 M M 1 24 110
20 55 26 41 15 24 0 0.00 0.0 5 6.5 22 260 M M 4 1 32 250
21 36 28 32 6 33 0 0.05 0.4 4 5.3 15 290 M M 9 12 21 280
22 39 23 31 5 34 0 0.18 1.9 4 8.2 21 320 M M 5 12 25 330
23 28 20 24 -3 41 0 0.43 1.6 7 6.3 16 30 M M 10 168 26 30
24 27 11 19 -8 46 0 T 0.3 8 13.5 35 330 M M 6 1 47 330
25 17 3 10 -17 55 0 0.01 T 7 5.2 18 320 M M 5 18 28 340
26 21 6 14 -14 51 0 0.17 2.7 7 4.5 14 280 M M 9 128 18 280
27 33 -5 14 -14 51 0 0.00 0.0 10 4.9 14 300 M M 2 12 22 110
28 34 23 29 1 36 0 0.43 3.1 9 7.8 14 290 M M 10 1 20 280
================================================================================
SM 1061 433 1067 0 1.48 10.3 217.3 M 123
================================================================================
AV 37.9 15.5 8.0 FASTST M M 4 MAX(MPH)
MISC ----> 36 340 48 290
================================================================================
NOTES:
# LAST OF SEVERAL OCCURRENCES
COLUMN 17 PEAK WIND IN M.P.H.
PRELIMINARY LOCAL CLIMATOLOGICAL DATA (WS FORM: F-6) , PAGE 2
STATION: CONCORD NH
MONTH: FEBRUARY
YEAR: 2023
LATITUDE: 43 12 N
LONGITUDE: 71 30 W
[TEMPERATURE DATA] [PRECIPITATION DATA] SYMBOLS USED IN COLUMN 16
AVERAGE MONTHLY: 26.7 TOTAL FOR MONTH: 1.48 1 = FOG OR MIST
DPTR FM NORMAL: 2.0 DPTR FM NORMAL: -1.27 2 = FOG REDUCING VISIBILITY
HIGHEST: 55 ON 20,16 GRTST 24HR 0.55 ON 22-23 TO 1/4 MILE OR LESS
LOWEST: -15 ON 4 3 = THUNDER
SNOW, ICE PELLETS, HAIL 4 = ICE PELLETS
TOTAL MONTH: 10.3 INCHES 5 = HAIL
GRTST 24HR 3.1 ON 28-28 6 = FREEZING RAIN OR DRIZZLE
GRTST DEPTH: 13 ON 6, 5 7 = DUSTSTORM OR SANDSTORM:
VSBY 1/2 MILE OR LESS
8 = SMOKE OR HAZE
[NO. OF DAYS WITH] [WEATHER - DAYS WITH] 9 = BLOWING SNOW
X = TORNADO
MAX 32 OR BELOW: 7 0.01 INCH OR MORE: 11
MAX 90 OR ABOVE: 0 0.10 INCH OR MORE: 4
MIN 32 OR BELOW: 27 0.50 INCH OR MORE: 0
MIN 0 OR BELOW: 3 1.00 INCH OR MORE: 0
[HDD (BASE 65) ]
TOTAL THIS MO. 1067 CLEAR (SCALE 0-3) 11
DPTR FM NORMAL -60 PTCLDY (SCALE 4-7) 13
TOTAL FM JUL 1 4460 CLOUDY (SCALE 8-10) 4
DPTR FM NORMAL -604
[CDD (BASE 65) ]
TOTAL THIS MO. 0
DPTR FM NORMAL 0 [PRESSURE DATA]
TOTAL FM JAN 1 0 HIGHEST SLP 30.55 ON 25
DPTR FM NORMAL 0 LOWEST SLP 29.41 ON 17
[REMARKS]
#FINAL-02-23#