000
CXUS53 KLSX 011500
CF6COU
PRELIMINARY LOCAL CLIMATOLOGICAL DATA (WS FORM: F-6)
STATION: COLUMBIA ASOS
MONTH: DECEMBER
YEAR: 2022
LATITUDE: 38 49 N
LONGITUDE: 92 13 W
TEMPERATURE IN F: :PCPN: SNOW: WIND :SUNSHINE: SKY :PK WND
================================================================================
1 2 3 4 5 6A 6B 7 8 9 10 11 12 13 14 15 16 17 18
12Z AVG MX 2MIN
DY MAX MIN AVG DEP HDD CDD WTR SNW DPTH SPD SPD DIR MIN PSBL S-S WX SPD DR
================================================================================
1 46 21 34 -5 31 0 0.00 0.0 0 12.0 24 170 M M 4 32 190
2 64 42 53 14 12 0 0.00 0.0 0 18.5 37 200 M M 8 48 200
3 41 22 32 -7 33 0 0.00 0.0 0 8.8 30 310 M M 0 40 300
4 44 23 34 -4 31 0 0.00 0.0 0 5.6 10 180 M M 0 13 180
5 57 34 46 8 19 0 0.00 0.0 0 5.7 10 180 M M 6 16 200
6 49 36 43 5 22 0 0.01 0.0 0 4.9 9 70 M M 9 1 13 70
7 51 45 48 10 17 0 0.00 0.0 0 1.9 7 70 M M 10 12 9 50
8 47 45 46 9 19 0 0.01 0.0 0 9.0 15 120 M M 10 18 20 130
9 51 37 44 7 21 0 0.08 0.0 0 8.0 17 260 M M 9 1 24 260
10 45 37 41 4 24 0 0.01 0.0 0 4.8 12 340 M M 10 1 15 340
11 44 31 38 2 27 0 0.00 0.0 0 5.6 14 160 M M 7 18 18 160
12 41 34 38 2 27 0 0.00 0.0 0 11.1 17 120 M M 9 1 24 110
13 55 35 45 9 20 0 1.07 0.0 0 13.2 25 120 M M 9 13 36 120
14 52 36 44 9 21 0 0.00 0.0 0 8.6 15 260 M M 6 12 21 270
15 36 32 34 -1 31 0 0.00 0.0 0 14.3 25 240 M M 10 33 240
16 33 26 30 -5 35 0 0.00 0.0 0 15.0 29 250 M M 7 39 250
17 30 21 26 -9 39 0 0.00 0.0 0 12.3 24 270 M M 5 32 260
18 34 15 25 -9 40 0 0.00 0.0 0 6.0 14 310 M M 0 18 310
19 44 26 35 1 30 0 0.00 0.0 0 7.1 15 150 M M 6 22 140
20 40 25 33 -1 32 0 0.00 0.0 0 7.5 15 360 M M 8 22 360
21 33 22 28 -6 37 0 0.00 0.0 0 7.4 13 120 M M 7 17 110
22 35 -6 15 -19 50 0 M 1.8 0 17.6 30 330 M M 10 168 39 330
23 8 -7 1 -32 64 0 T T 2 19.4 28 280 M M 6 38 280
24 20 5 13 -20 52 0 0.00 0.0 2 14.7 23 290 M M 0 33 290
25 26 4 15 -18 50 0 0.00 0.0 1 9.3 14 170 M M 2 19 290
26 34 11 23 -10 42 0 T 0.2 1 10.3 26 320 M M 8 1 33 310
27 36 5 21 -11 44 0 0.00 0.0 1 11.3 22 160 M M 0 30 160
28 60 32 46 14 19 0 0.00 0.0 T 17.9 29 170 M M 0 46 170
29 73 52 63 31 2 0 0.00 0.0 0 18.4 31 200 M M 0 45 200
30 52 32 42 10 23 0 0.00 0.0 0 6.8 12 330 M M 0 17 260
31 57 31 44 12 21 0 0.00 0.0 0 8.3 14 190 M M 3 1 19 180
================================================================================
SM 1338 804 935 0 1.18 2.0 321.3 M 169
================================================================================
AV 43.2 25.9 10.4 FASTST M M 5 MAX(MPH)
MISC ----> 37 200 48 200
================================================================================
NOTES:
# LAST OF SEVERAL OCCURRENCES
COLUMN 17 PEAK WIND IN M.P.H.
PRELIMINARY LOCAL CLIMATOLOGICAL DATA (WS FORM: F-6) , PAGE 2
STATION: COLUMBIA ASOS
MONTH: DECEMBER
YEAR: 2022
LATITUDE: 38 49 N
LONGITUDE: 92 13 W
[TEMPERATURE DATA] [PRECIPITATION DATA] SYMBOLS USED IN COLUMN 16
AVERAGE MONTHLY: 34.5 TOTAL FOR MONTH: 1.18 1 = FOG OR MIST
DPTR FM NORMAL: -0.7 DPTR FM NORMAL: -0.91 2 = FOG REDUCING VISIBILITY
HIGHEST: 73 ON 29 GRTST 24HR 1.07 ON 13-13 TO 1/4 MILE OR LESS
LOWEST: -7 ON 23 3 = THUNDER
SNOW, ICE PELLETS, HAIL 4 = ICE PELLETS
TOTAL MONTH: 2.0 INCHES 5 = HAIL
GRTST 24HR 1.8 ON 22-22 6 = FREEZING RAIN OR DRIZZLE
GRTST DEPTH: 2 ON 24,23 7 = DUSTSTORM OR SANDSTORM:
VSBY 1/2 MILE OR LESS
8 = SMOKE OR HAZE
[NO. OF DAYS WITH] [WEATHER - DAYS WITH] 9 = BLOWING SNOW
X = TORNADO
MAX 32 OR BELOW: 4 0.01 INCH OR MORE: 5
MAX 90 OR ABOVE: 0 0.10 INCH OR MORE: 1
MIN 32 OR BELOW: 20 0.50 INCH OR MORE: 1
MIN 0 OR BELOW: 2 1.00 INCH OR MORE: 1
[HDD (BASE 65) ]
TOTAL THIS MO. 935 CLEAR (SCALE 0-3) 10
DPTR FM NORMAL 10 PTCLDY (SCALE 4-7) 12
TOTAL FM JUL 1 1802 CLOUDY (SCALE 8-10) 9
DPTR FM NORMAL -31
[CDD (BASE 65) ]
TOTAL THIS MO. 0
DPTR FM NORMAL 0 [PRESSURE DATA]
TOTAL FM JAN 1 1728 HIGHEST SLP 30.57 ON 3
DPTR FM NORMAL 281 LOWEST SLP 29.61 ON 28
[REMARKS]
#FINAL-12-22#