000
CXUS56 KLOX 011155
CF6CQT
PRELIMINARY LOCAL CLIMATOLOGICAL DATA (WS FORM: F-6)
STATION: DOWNTOWN LOS ANGELES (USC) CA
MONTH: OCTOBER
YEAR: 2022
LATITUDE: 34 1 N
LONGITUDE: 118 17 W
TEMPERATURE IN F: :PCPN: SNOW: WIND :SUNSHINE: SKY :PK WND
================================================================================
1 2 3 4 5 6A 6B 7 8 9 10 11 12 13 14 15 16 17 18
12Z AVG MX 2MIN
DY MAX MIN AVG DEP HDD CDD WTR SNW DPTH SPD SPD DIR MIN PSBL S-S WX SPD DR
================================================================================
1 75 65 70 -2 0 5 0.00 M M 1.9 10 270 M M 6 16 270
2 76 63 70 -1 0 5 0.00 M M 1.0 9 260 M M 4 15 260
3 76 61 69 -2 0 4 0.00 M M 1.2 9 260 M M 0 13 260
4 82 62 72 1 0 7 0.00 M M 1.4 9 270 M M 0 15 260
5 79 66 73 2 0 8 0.00 M M 1.3 7 260 M M 6 18 13 280
6 77 66 72 1 0 7 0.00 M M 0.6 8 270 M M 7 18 12 270
7 79 65 72 1 0 7 0.00 M M 1.3 9 260 M M 5 18 13 260
8 80 64 72 2 0 7 0.00 M M 1.1 8 270 M M 4 18 12 270
9 77 63 70 0 0 5 0.00 M M 1.6 8 260 M M 5 18 13 270
10 77 62 70 0 0 5 0.00 M M 1.2 7 270 M M 5 18 13 260
11 76 65 71 1 0 6 0.00 M M 1.4 9 260 M M 5 16 260
12 78 66 72 2 0 7 0.00 M M 1.9 10 270 M M 7 18 260
13 73 65 69 -1 0 4 0.00 M M 0.5 9 260 M M 8 18 12 260
14 70 64 67 -3 0 2 0.00 M M 0.1 6 280 M M 10 18 11 260
15 71 63 67 -2 0 2 0.02 M M 1.4 7 260 M M 9 18 12 260
16 71 60 66 -3 0 1 0.00 M M 1.2 9 270 M M 4 1 13 260
17 77 58 68 -1 0 3 0.00 M M 0.9 8 260 M M 0 14 260
18 86 60 73 4 0 8 0.00 M M 1.1 8 270 M M 0 1 14 260
19 93 64 79 10 0 14 0.00 M M 1.3 9 100 M M 0 8 16 100
20 88 67 78 9 0 13 0.00 M M 1.4 8 260 M M 0 8 13 270
21 78 65 72 4 0 7 0.00 M M 1.1 8 140 M M 5 18 11 140
22 70 61 66 -2 0 1 T M M 1.3 9 270 M M 9 15 270
23 72 56 64 -4 1 0 0.00 M M 1.5 8 270 M M 1 17 270
24 75 53 64 -4 1 0 0.00 M M 0.7 8 260 M M 0 16 270
25 76 53 65 -3 0 0 0.00 M M 0.7 7 260 M M 0 13 260
26 72 54 63 -5 2 0 0.00 M M 1.3 8 260 M M 0 8 13 260
27 75 55 65 -3 0 0 0.00 M M 0.9 9 270 M M 2 8 13 270
28 75 54 65 -2 0 0 0.00 M M 0.5 7 270 M M 0 8 14 270
29 75 53 64 -3 1 0 0.00 M M 0.6 7 270 M M 0 13 270
30 78 53 66 -1 0 1 0.00 M M 0.7 7 260 M M 0 11 260
31 76 53 65 -2 0 0 0.00 M M 0.7 7 260 M M 0 11 250
================================================================================
SM 2383 1879 5 129 0.02 M 33.8 M 102
================================================================================
AV 76.9 60.6 1.1 FASTST M M 3 MAX(MPH)
MISC ----> # 10 270 18 260
================================================================================
NOTES:
# LAST OF SEVERAL OCCURRENCES
COLUMN 17 PEAK WIND IN M.P.H.
PRELIMINARY LOCAL CLIMATOLOGICAL DATA (WS FORM: F-6) , PAGE 2
STATION: DOWNTOWN LOS ANGELES (USC) CA
MONTH: OCTOBER
YEAR: 2022
LATITUDE: 34 1 N
LONGITUDE: 118 17 W
[TEMPERATURE DATA] [PRECIPITATION DATA] SYMBOLS USED IN COLUMN 16
AVERAGE MONTHLY: 68.7 TOTAL FOR MONTH: 0.02 1 = FOG OR MIST
DPTR FM NORMAL: -0.6 DPTR FM NORMAL: -0.56 2 = FOG REDUCING VISIBILITY
HIGHEST: 93 ON 19 GRTST 24HR 0.02 ON 15-15 TO 1/4 MILE OR LESS
LOWEST: 53 ON 31,30 3 = THUNDER
SNOW, ICE PELLETS, HAIL 4 = ICE PELLETS
TOTAL MONTH: M 5 = HAIL
GRTST 24HR M ON M 6 = FREEZING RAIN OR DRIZZLE
GRTST DEPTH: M ON M 7 = DUSTSTORM OR SANDSTORM:
VSBY 1/2 MILE OR LESS
8 = SMOKE OR HAZE
[NO. OF DAYS WITH] [WEATHER - DAYS WITH] 9 = BLOWING SNOW
X = TORNADO
MAX 32 OR BELOW: 0 0.01 INCH OR MORE: 1
MAX 90 OR ABOVE: 1 0.10 INCH OR MORE: 0
MIN 32 OR BELOW: 0 0.50 INCH OR MORE: 0
MIN 0 OR BELOW: 0 1.00 INCH OR MORE: 0
[HDD (BASE 65) ]
TOTAL THIS MO. 5 CLEAR (SCALE 0-3) 15
DPTR FM NORMAL -10 PTCLDY (SCALE 4-7) 12
TOTAL FM JUL 1 5 CLOUDY (SCALE 8-10) 4
DPTR FM NORMAL -7
[CDD (BASE 65) ]
TOTAL THIS MO. 129
DPTR FM NORMAL -18 [PRESSURE DATA]
TOTAL FM JAN 1 1391 HIGHEST SLP M ON M
DPTR FM NORMAL 137 LOWEST SLP 29.73 ON 22
[REMARKS]
#FINAL-10-22#