000
CXUS52 KILM 011100
CF6CRE
PRELIMINARY LOCAL CLIMATOLOGICAL DATA (WS FORM: F-6)
STATION: N.MYRTLE BEACH SOUTH CAROLINA
MONTH: DECEMBER
YEAR: 2022
LATITUDE: 33 49 N
LONGITUDE: 78 43 W
TEMPERATURE IN F: :PCPN: SNOW: WIND :SUNSHINE: SKY :PK WND
================================================================================
1 2 3 4 5 6A 6B 7 8 9 10 11 12 13 14 15 16 17 18
12Z AVG MX 2MIN
DY MAX MIN AVG DEP HDD CDD WTR SNW DPTH SPD SPD DIR MIN PSBL S-S WX SPD DR
================================================================================
1 57 35 46 -6 19 0 0.00 M M 5.1 15 40 M M 0 19 360
2 63 35 49 -3 16 0 0.00 M M 6.9 14 40 M M 2 19 40
3 72 50 61 9 4 0 T M M 5.1 15 220 M M 7 1 18 220
4 62 48 55 3 10 0 0.00 M M 6.6 16 40 M M 2 21 40
5 58 39 49 -3 16 0 0.03 M M 4.2 12 40 M M 6 16 30
6 70 51 61 10 4 0 T M M 2.4 9 110 M M 10 1 12 120
7 72 56 64 13 1 0 0.00 M M 4.3 12 220 M M 3 1 14 210
8 68 57 63 12 2 0 0.00 M M 5.0 12 90 M M 8 1 17 90
9 59 50 55 4 10 0 0.11 M M 9.0 16 40 M M 10 1 20 40
10 58 47 53 2 12 0 0.02 M M 7.8 14 40 M M 9 19 40
11 54 46 50 0 15 0 0.03 M M 5.1 12 20 M M 8 15 20
12 59 41 50 0 15 0 0.00 M M 7.4 15 40 M M 4 19 40
13 51 33 42 -8 23 0 0.00 M M 6.4 16 50 M M 0 20 40
14 58 35 47 -3 18 0 T M M 7.6 14 90 M M 6 1 21 90
15 72 46 59 9 6 0 0.08 M M 10.8 24 240 M M 6 1 29 240
16 58 38 48 -2 17 0 0.00 M M 4.8 13 240 M M 3 12 16 280
17 54 44 49 0 16 0 0.00 M M 6.4 12 250 M M 3 17 280
18 54 32 43 -6 22 0 0.00 M M 4.3 10 320 M M 0 15 310
19 51 29 40 -9 25 0 0.00 M M 5.4 15 30 M M 0 19 40
20 46 36 41 -8 24 0 0.28 M M 8.4 15 30 M M 10 21 40
21 47 36 42 -7 23 0 0.29 M M 12.1 18 40 M M 10 24 40
22 65 45 55 6 10 0 1.04 M M 10.6 20 240 M M 9 1 28 140
23 56 26 41 -7 24 0 T M M 15.5 30 270 M M 4 44 280
24 30 17 24 -24 41 0 0.00 M M 9.0 18 280 M M 0 26 290
25 41 20 31 -17 34 0 0.00 M M 4.9 12 310 M M 0 18 300
26 44 18 31 -17 34 0 0.00 M M 2.7 9 110 M M 0 12 130
27 49 23 36 -12 29 0 0.00 M M 2.1 9 70 M M 0 13 60
28 54 25 40 -8 25 0 0.00 M M 1.8 7 180 M M 0 11 40
29 68 30 49 1 16 0 0.00 M M 3.5 12 80 M M 1 17 80
30 69 39 54 7 11 0 T M M 5.5 17 90 M M 3 1 25 90
31 68 53 61 14 4 0 0.03 M M 5.1 18 210 M M 8 12 23 210
================================================================================
SM 1787 1180 526 0 1.91 M 195.8 M 132
================================================================================
AV 57.6 38.1 6.3 FASTST M M 4 MAX(MPH)
MISC ----> 30 270 44 280
================================================================================
NOTES:
# LAST OF SEVERAL OCCURRENCES
COLUMN 17 PEAK WIND IN M.P.H.
PRELIMINARY LOCAL CLIMATOLOGICAL DATA (WS FORM: F-6) , PAGE 2
STATION: N.MYRTLE BEACH SOUTH CAROLINA
MONTH: DECEMBER
YEAR: 2022
LATITUDE: 33 49 N
LONGITUDE: 78 43 W
[TEMPERATURE DATA] [PRECIPITATION DATA] SYMBOLS USED IN COLUMN 16
AVERAGE MONTHLY: 47.9 TOTAL FOR MONTH: 1.91 1 = FOG OR MIST
DPTR FM NORMAL: -1.7 DPTR FM NORMAL: -1.19 2 = FOG REDUCING VISIBILITY
HIGHEST: 72 ON 15, 7 GRTST 24HR 1.04 ON 22-23 TO 1/4 MILE OR LESS
LOWEST: 17 ON 24 3 = THUNDER
SNOW, ICE PELLETS, HAIL 4 = ICE PELLETS
TOTAL MONTH: M 5 = HAIL
GRTST 24HR M ON M 6 = FREEZING RAIN OR DRIZZLE
GRTST DEPTH: M ON M 7 = DUSTSTORM OR SANDSTORM:
VSBY 1/2 MILE OR LESS
8 = SMOKE OR HAZE
[NO. OF DAYS WITH] [WEATHER - DAYS WITH] 9 = BLOWING SNOW
X = TORNADO
MAX 32 OR BELOW: 1 0.01 INCH OR MORE: 9
MAX 90 OR ABOVE: 0 0.10 INCH OR MORE: 4
MIN 32 OR BELOW: 9 0.50 INCH OR MORE: 1
MIN 0 OR BELOW: 0 1.00 INCH OR MORE: 1
[HDD (BASE 65) ]
TOTAL THIS MO. 526 CLEAR (SCALE 0-3) 14
DPTR FM NORMAL 47 PTCLDY (SCALE 4-7) 9
TOTAL FM JUL 1 851 CLOUDY (SCALE 8-10) 8
DPTR FM NORMAL 4
[CDD (BASE 65) ]
TOTAL THIS MO. 0
DPTR FM NORMAL -3 [PRESSURE DATA]
TOTAL FM JAN 1 2032 HIGHEST SLP 30.54 ON 2
DPTR FM NORMAL 27 LOWEST SLP 29.65 ON 23
[REMARKS]
#FINAL-12-22#