000
CXUS54 KCRP 011310
CF6CRP
PRELIMINARY LOCAL CLIMATOLOGICAL DATA (WS FORM: F-6)
STATION: CORPUS CHRISTI
MONTH: NOVEMBER
YEAR: 2021
LATITUDE: 27 46 N
LONGITUDE: 97 30 W
TEMPERATURE IN F: :PCPN: SNOW: WIND :SUNSHINE: SKY :PK WND
================================================================================
1 2 3 4 5 6A 6B 7 8 9 10 11 12 13 14 15 16 17 18
12Z AVG MX 2MIN
DY MAX MIN AVG DEP HDD CDD WTR SNW DPTH SPD SPD DIR MIN PSBL S-S WX SPD DR
================================================================================
1 83 63 73 3 0 8 0.00 0.0 0 8.4 17 120 M M 3 27 110
2 84 60 72 2 0 7 0.00 0.0 0 7.6 20 110 M M 3 26 120
3 83 60 72 2 0 7 T 0.0 0 12.9 28 40 M M 7 34 40
4 62 53 58 -11 7 0 0.20 0.0 0 15.7 25 10 M M 10 1 32 10
5 70 48 59 -10 6 0 0.00 0.0 0 6.9 15 360 M M 3 19 20
6 74 49 62 -7 3 0 0.00 0.0 0 6.9 14 90 M M 1 16 80
7 76 48 62 -6 3 0 0.00 0.0 0 6.7 17 90 M M 2 1 22 40
8 81 53 67 -1 0 2 0.00 0.0 0 8.1 20 80 M M 3 24 80
9 81 56 69 1 0 4 0.00 0.0 0 8.2 17 140 M M 7 22 140
10 83 66 75 7 0 10 0.00 0.0 0 11.7 26 160 M M 6 33 150
11 87 63 75 8 0 10 0.00 0.0 0 8.4 18 60 M M 4 1 22 20
12 85 61 73 6 0 8 0.00 0.0 0 8.0 20 40 M M 5 24 40
13 72 51 62 -5 3 0 0.00 0.0 0 10.0 21 50 M M 2 25 50
14 82 49 66 0 0 1 0.00 0.0 0 7.8 22 150 M M 1 M M
15 84 54 69 3 0 4 0.00 0.0 0 10.0 21 180 M M 2 1 M M
16 84 59 72 6 0 7 0.00 0.0 0 14.0 28 170 M M 2 33 170
17 85 62 74 8 0 9 0.00 0.0 0 14.7 25 170 M M 2 8 32 150
18 74 61 68 3 0 3 0.02 0.0 0 14.3 29 30 M M 9 1 34 20
19 71 52 62 -3 3 0 0.00 0.0 0 8.8 21 40 M M 5 26 20
20 82 52 67 2 0 2 0.00 0.0 0 9.3 21 170 M M 5 1 30 190
21 85 61 73 8 0 8 0.00 0.0 0 8.4 18 130 M M 5 1 23 160
22 75 55 65 1 0 0 0.33 0.0 0 12.5 25 10 M M 8 1 31 10
23 75 43 59 -5 6 0 0.00 0.0 0 6.7 17 90 M M 5 21 100
24 81 56 69 5 0 4 T 0.0 0 15.5 30 150 M M 7 37 150
25 79 53 66 2 0 1 0.10 0.0 0 13.3 31 10 M M 10 13 37 360
26 64 50 57 -6 8 0 0.00 0.0 0 10.3 20 10 M M 9 25 20
27 54 51 53 -10 12 0 0.02 0.0 0 10.1 18 340 M M 10 23 350
28 62 48 55 -8 10 0 T 0.0 0 9.2 17 360 M M 8 12 23 10
29 72 42 57 -6 8 0 0.00 0.0 0 4.2 10 130 M M 5 12 15 90
30 78 44 61 -1 4 0 0.00 0.0 0 6.2 17 150 M M 7 12 22 150
================================================================================
SM 2308 1623 73 95 0.67 0.0 294.8 M 156
================================================================================
AV 76.9 54.1 9.8 FASTST M M 5 MAX(MPH)
MISC ----> 31 10 # 37 150
================================================================================
NOTES:
# LAST OF SEVERAL OCCURRENCES
COLUMN 17 PEAK WIND IN M.P.H.
PRELIMINARY LOCAL CLIMATOLOGICAL DATA (WS FORM: F-6) , PAGE 2
STATION: CORPUS CHRISTI
MONTH: NOVEMBER
YEAR: 2021
LATITUDE: 27 46 N
LONGITUDE: 97 30 W
[TEMPERATURE DATA] [PRECIPITATION DATA] SYMBOLS USED IN COLUMN 16
AVERAGE MONTHLY: 65.5 TOTAL FOR MONTH: 0.67 1 = FOG OR MIST
DPTR FM NORMAL: -0.7 DPTR FM NORMAL: -1.36 2 = FOG REDUCING VISIBILITY
HIGHEST: 87 ON 11 GRTST 24HR 0.33 ON 22-22 TO 1/4 MILE OR LESS
LOWEST: 42 ON 29 3 = THUNDER
SNOW, ICE PELLETS, HAIL 4 = ICE PELLETS
TOTAL MONTH: 0.0 INCH 5 = HAIL
GRTST 24HR 0.0 6 = FREEZING RAIN OR DRIZZLE
GRTST DEPTH: 0 7 = DUSTSTORM OR SANDSTORM:
VSBY 1/2 MILE OR LESS
8 = SMOKE OR HAZE
[NO. OF DAYS WITH] [WEATHER - DAYS WITH] 9 = BLOWING SNOW
X = TORNADO
MAX 32 OR BELOW: 0 0.01 INCH OR MORE: 5
MAX 90 OR ABOVE: 0 0.10 INCH OR MORE: 3
MIN 32 OR BELOW: 0 0.50 INCH OR MORE: 0
MIN 0 OR BELOW: 0 1.00 INCH OR MORE: 0
[HDD (BASE 65) ]
TOTAL THIS MO. 73 CLEAR (SCALE 0-3) 11
DPTR FM NORMAL -18 PTCLDY (SCALE 4-7) 14
TOTAL FM JUL 1 73 CLOUDY (SCALE 8-10) 5
DPTR FM NORMAL -31
[CDD (BASE 65) ]
TOTAL THIS MO. 95
DPTR FM NORMAL -32 [PRESSURE DATA]
TOTAL FM JAN 1 3638 HIGHEST SLP 30.41 ON 19
DPTR FM NORMAL -44 LOWEST SLP 29.82 ON 10
[REMARKS]
#FINAL-11-21#