000
CXUS54 KCRP 021745
CF6CRP
PRELIMINARY LOCAL CLIMATOLOGICAL DATA (WS FORM: F-6)
STATION: CORPUS CHRISTI
MONTH: JANUARY
YEAR: 2024
LATITUDE: 27 46 N
LONGITUDE: 97 30 W
TEMPERATURE IN F: :PCPN: SNOW: WIND :SUNSHINE: SKY :PK WND
================================================================================
1 2 3 4 5 6A 6B 7 8 9 10 11 12 13 14 15 16 17 18
12Z AVG MX 2MIN
DY MAX MIN AVG DEP HDD CDD WTR SNW DPTH SPD SPD DIR MIN PSBL S-S WX SPD DR
================================================================================
1 70 54 62 4 3 0 T 0.0 0 9.8 20 20 M M 9 12 24 10
2 68 54 61 3 4 0 0.93 0.0 0 14.6 22 360 M M 10 1 27 360
3 57 50 54 -4 11 0 T 0.0 0 12.9 22 10 M M 10 1 27 340
4 68 50 59 1 6 0 0.10 0.0 0 8.1 20 140 M M 9 1 24 150
5 70 49 60 3 5 0 1.11 0.0 0 9.8 23 330 M M 5 13 29 320
6 70 42 56 -1 9 0 0.00 0.0 0 4.9 12 360 M M 3 14 10
7 71 48 60 3 5 0 0.00 0.0 0 13.4 28 150 M M 7 37 150
8 82 59 71 14 0 6 T 0.0 0 22.4 33 190 M M 7 1 49 310
9 65 42 54 -3 11 0 0.00 0.0 0 13.2 33 320 M M 4 52 310
10 71 39 55 -2 10 0 0.00 0.0 0 10.2 28 180 M M 6 36 180
11 77 54 66 9 0 1 0.00 0.0 0 15.8 30 160 M M 7 12 37 170
12 68 42 55 -2 10 0 0.00 0.0 0 17.9 43 350 M M 6 1 63 350
13 70 38 54 -4 11 0 0.00 0.0 0 10.6 22 160 M M 3 29 130
14 62 37 50 -8 15 0 0.00 0.0 0 13.1 21 30 M M 6 1 26 30
15 37 25 31 -27 34 0 0.02 T 0 17.3 29 10 M M 10 146 37 10
16 42 24 33 -25 32 0 0.00 0.0 0 17.5 28 360 M M 6 37 360
17 50 24 37 -21 28 0 0.00 0.0 0 5.6 12 30 M M 7 14 30
18 79 47 63 5 2 0 0.00 0.0 0 6.2 16 230 M M 9 21 230
19 64 42 53 -5 12 0 0.00 0.0 0 16.1 30 30 M M 5 12 41 20
20 47 36 42 -16 23 0 0.00 0.0 0 15.4 22 10 M M 10 28 20
21 55 46 51 -7 14 0 0.58 0.0 0 15.5 22 50 M M 10 1 28 40
22 68 51 60 2 5 0 0.45 0.0 0 7.3 22 270 M M 9 13 26 270
23 74 65 70 12 0 5 0.01 0.0 0 13.2 21 150 M M 10 1 25 160
24 72 62 67 9 0 2 0.19 0.0 0 13.4 30 80 M M 10 123 39 60
25 74 56 65 7 0 0 0.01 0.0 0 7.3 24 360 M M 7 1 35 350
26 68 58 63 4 2 0 0.01 0.0 0 8.5 16 360 M M 10 1 21 360
27 71 49 60 1 5 0 T 0.0 0 13.3 23 340 M M 5 12 31 340
28 72 43 58 -1 7 0 0.00 0.0 0 6.7 14 30 M M 0 18 20
29 72 40 56 -3 9 0 0.00 0.0 0 3.8 13 130 M M 4 16 80
30 72 47 60 1 5 0 0.00 0.0 0 5.2 12 120 M M 8 16 180
31 73 46 60 1 5 0 0.00 0.0 0 4.5 13 130 M M 9 1 16 120
================================================================================
SM 2059 1419 283 14 3.41 T 353.5 M 221
================================================================================
AV 66.4 45.8 11.4 FASTST M M 7 MAX(MPH)
MISC ----> 43 350 63 350
================================================================================
NOTES:
# LAST OF SEVERAL OCCURRENCES
COLUMN 17 PEAK WIND IN M.P.H.
PRELIMINARY LOCAL CLIMATOLOGICAL DATA (WS FORM: F-6) , PAGE 2
STATION: CORPUS CHRISTI
MONTH: JANUARY
YEAR: 2024
LATITUDE: 27 46 N
LONGITUDE: 97 30 W
[TEMPERATURE DATA] [PRECIPITATION DATA] SYMBOLS USED IN COLUMN 16
AVERAGE MONTHLY: 56.1 TOTAL FOR MONTH: 3.41 1 = FOG OR MIST
DPTR FM NORMAL: -1.9 DPTR FM NORMAL: 2.02 2 = FOG REDUCING VISIBILITY
HIGHEST: 82 ON 8 GRTST 24HR 1.65 ON 2- 2 TO 1/4 MILE OR LESS
LOWEST: 24 ON 17,16 3 = THUNDER
SNOW, ICE PELLETS, HAIL 4 = ICE PELLETS
TOTAL MONTH: T 5 = HAIL
GRTST 24HR T ON 15-15 6 = FREEZING RAIN OR DRIZZLE
GRTST DEPTH: 0 7 = DUSTSTORM OR SANDSTORM:
VSBY 1/2 MILE OR LESS
8 = SMOKE OR HAZE
[NO. OF DAYS WITH] [WEATHER - DAYS WITH] 9 = BLOWING SNOW
X = TORNADO
MAX 32 OR BELOW: 0 0.01 INCH OR MORE: 10
MAX 90 OR ABOVE: 0 0.10 INCH OR MORE: 6
MIN 32 OR BELOW: 3 0.50 INCH OR MORE: 3
MIN 0 OR BELOW: 0 1.00 INCH OR MORE: 1
[HDD (BASE 65) ]
TOTAL THIS MO. 283 CLEAR (SCALE 0-3) 2
DPTR FM NORMAL 30 PTCLDY (SCALE 4-7) 15
TOTAL FM JUL 1 502 CLOUDY (SCALE 8-10) 14
DPTR FM NORMAL -74
[CDD (BASE 65) ]
TOTAL THIS MO. 14
DPTR FM NORMAL -20 [PRESSURE DATA]
TOTAL FM JAN 1 14 HIGHEST SLP 30.53 ON 20
DPTR FM NORMAL -20 LOWEST SLP 29.43 ON 8
[REMARKS]
#FINAL-01-24#