000
CXUS56 KSGX 011245
CF6CRQ
PRELIMINARY LOCAL CLIMATOLOGICAL DATA (WS FORM: F-6)
STATION: CARLSBAD PALOMAR AIRPORT CA
MONTH: OCTOBER
YEAR: 2020
LATITUDE: 33 7 N
LONGITUDE: 117 17 W
TEMPERATURE IN F: :PCPN: SNOW: WIND :SUNSHINE: SKY :PK WND
================================================================================
1 2 3 4 5 6A 6B 7 8 9 10 11 12 13 14 15 16 17 18
12Z AVG MX 2MIN
DY MAX MIN AVG DEP HDD CDD WTR SNW DPTH SPD SPD DIR MIN PSBL S-S WX SPD DR
================================================================================
1 96 70 83 16 0 18 0.00 0.0 0 2.5 14 260 M M 0 16 250
2 91 67 79 12 0 14 0.00 0.0 0 3.0 10 260 M M 0 13 240
3 87 63 75 8 0 10 0.00 0.0 0 2.2 9 240 M M 0 8 12 270
4 87 65 76 9 0 11 0.00 0.0 0 1.7 10 250 M M 0 14 260
5 83 65 74 8 0 9 0.00 0.0 0 2.2 10 260 M M 0 18 13 260
6 80 61 71 5 0 6 0.00 0.0 0 2.3 12 250 M M 0 128 13 240
7 74 63 69 3 0 4 0.00 0.0 0 4.1 12 260 M M 7 128 16 260
8 73 64 69 3 0 4 0.00 0.0 0 5.5 14 240 M M 5 8 18 220
9 73 64 69 3 0 4 0.00 0.0 0 3.8 13 250 M M 7 16 240
10 72 65 69 3 0 4 0.00 0.0 0 3.1 14 240 M M 5 19 240
11 73 61 67 1 0 2 0.00 0.0 0 2.6 13 250 M M 1 17 250
12 82 61 72 6 0 7 0.00 0.0 0 2.6 10 260 M M 0 14 270
13 89 63 76 10 0 11 0.00 0.0 0 3.0 9 250 M M 0 13 270
14 85 64 75 9 0 10 0.00 0.0 0 3.2 12 230 M M 0 14 230
15 87 66 77 12 0 12 0.00 0.0 0 3.1 10 240 M M 0 13 250
16 83 59 71 6 0 6 0.00 0.0 0 2.3 8 260 M M 1 128 11 250
17 77 60 69 4 0 4 0.00 0.0 0 2.2 9 240 M M 1 128 12 230
18 75 60 68 3 0 3 0.00 0.0 0 2.5 10 240 M M 4 128 13 240
19 73 65 69 4 0 4 0.00 0.0 0 3.1 13 240 M M 5 17 260
20 72 64 68 3 0 3 0.00 0.0 0 3.6 10 260 M M 7 8 15 250
21 71 62 67 2 0 2 0.00 0.0 0 4.5 10 240 M M 9 18 15 250
22 71 65 68 4 0 3 0.00 0.0 0 4.8 14 230 M M 9 17 200
23 72 65 69 5 0 4 0.00 0.0 0 4.0 13 240 M M 7 19 250
24 70 65 68 4 0 3 0.00 0.0 0 3.7 13 240 M M 10 15 260
25 68 61 65 1 0 0 0.02 0.0 0 6.0 18 250 M M 10 1 22 230
26 76 53 65 1 0 0 0.00 0.0 0 4.7 14 10 M M 2 8 25 10
27 76 51 64 0 1 0 0.00 0.0 0 4.4 14 260 M M 0 8 17 260
28 74 53 64 0 1 0 0.00 0.0 0 3.7 10 240 M M 0 14 250
29 75 53 64 1 1 0 0.00 0.0 0 3.1 9 260 M M 0 8 13 280
30 74 56 65 2 0 0 0.00 0.0 0 2.3 9 230 M M 0 8 11 240
31 74 52 63 0 2 0 0.00 0.0 0 2.2 8 220 M M 0 8 11 260
================================================================================
SM 2413 1906 5 158 0.02 0.0 102.0 M 90
================================================================================
AV 77.8 61.5 3.3 FASTST M M 3 MAX(MPH)
MISC ----> # 18 250 # 25 10
================================================================================
NOTES:
# LAST OF SEVERAL OCCURRENCES
COLUMN 17 PEAK WIND IN M.P.H.
PRELIMINARY LOCAL CLIMATOLOGICAL DATA (WS FORM: F-6) , PAGE 2
STATION: CARLSBAD PALOMAR AIRPORT CA
MONTH: OCTOBER
YEAR: 2020
LATITUDE: 33 7 N
LONGITUDE: 117 17 W
[TEMPERATURE DATA] [PRECIPITATION DATA] SYMBOLS USED IN COLUMN 16
AVERAGE MONTHLY: 69.7 TOTAL FOR MONTH: 0.02 1 = FOG OR MIST
DPTR FM NORMAL: 4.5 DPTR FM NORMAL: -0.61 2 = FOG REDUCING VISIBILITY
HIGHEST: 96 ON 1 GRTST 24HR 0.02 ON 25-25 TO 1/4 MILE OR LESS
LOWEST: 51 ON 27 3 = THUNDER
SNOW, ICE PELLETS, HAIL 4 = ICE PELLETS
TOTAL MONTH: 0.0 INCH 5 = HAIL
GRTST 24HR 0.0 6 = FREEZING RAIN OR DRIZZLE
GRTST DEPTH: 0 7 = DUSTSTORM OR SANDSTORM:
VSBY 1/2 MILE OR LESS
8 = SMOKE OR HAZE
[NO. OF DAYS WITH] [WEATHER - DAYS WITH] 9 = BLOWING SNOW
X = TORNADO
MAX 32 OR BELOW: 0 0.01 INCH OR MORE: 1
MAX 90 OR ABOVE: 2 0.10 INCH OR MORE: 0
MIN 32 OR BELOW: 0 0.50 INCH OR MORE: 0
MIN 0 OR BELOW: 0 1.00 INCH OR MORE: 0
[HDD (BASE 65) ]
TOTAL THIS MO. 5 CLEAR (SCALE 0-3) 19
DPTR FM NORMAL -41 PTCLDY (SCALE 4-7) 8
TOTAL FM JUL 1 5 CLOUDY (SCALE 8-10) 4
DPTR FM NORMAL -48
[CDD (BASE 65) ]
TOTAL THIS MO. 158
DPTR FM NORMAL 107 [PRESSURE DATA]
TOTAL FM JAN 1 889 HIGHEST SLP 30.08 ON 28
DPTR FM NORMAL 419 LOWEST SLP 29.79 ON 21
[REMARKS]
#FINAL-10-20#