000
CXUS52 KFFC 031848
CLMCSG
CLIMATE REPORT
NATIONAL WEATHER SERVICE PEACHTREE CITY GA
148 PM EST WED JAN 03 2024
...................................
...THE COLUMBUS CLIMATE SUMMARY FOR THE MONTH OF DECEMBER 2023...
CLIMATE NORMAL PERIOD: 1991 TO 2020
CLIMATE RECORD PERIOD: 1948 TO 2024
WEATHER OBSERVED NORMAL DEPART LAST YEAR`S
VALUE DATE(S) VALUE FROM VALUE DATE(S)
NORMAL
................................................................
TEMPERATURE (F)
RECORD
HIGH 82 12/05/1977
12/16/1971
LOW 4 12/13/1962
HIGHEST 73 12/09 69 4 80 12/08
LOWEST 28 12/20 31 -3 13 12/24
12/31
AVG. MAXIMUM 61.8 60.6 1.2 60.7
AVG. MINIMUM 40.7 40.6 0.1 42.0
MEAN 51.3 50.6 0.7 51.4
DAYS MAX >= 90 0 0.0 0.0 0
DAYS MAX <= 32 0 0.0 0.0 1
DAYS MIN <= 32 6 7.3 -1.3 8
DAYS MIN <= 0 0 0.0 0.0 0
PRECIPITATION (INCHES)
RECORD
MAXIMUM 17.38 2015
MINIMUM 0.43 1955
TOTALS 1.86 4.79 -2.93 1.56
DAILY AVG. 0.06 0.15 -0.09 0.05
DAYS >= .01 9 10.2 -1.2 9
DAYS >= .10 4 6.9 -2.9 6
DAYS >= .50 1 3.3 -2.3 1
DAYS >= 1.00 1 1.5 -0.5 0
GREATEST
24 HR. TOTAL 1.09 12/09 TO 12/10 1.63 11/30 TO 11/30
SNOWFALL (INCHES)
RECORDS
TOTAL 9.0 2004
24 HR TOTAL 9.0 12/22/2004 TO 12/22/2004
TOTALS 0.0 0.3 -0.3 0.0
SINCE 7/1 0.0 0.3 -0.3 MM
SNOWDEPTH AVG. MM MM
DAYS >= TRACE 0 0.3 -0.3 0
DAYS >= 1.0 0 0.2 -0.2 0
GREATEST
24 HR TOTAL MM MM
DEGREE DAYS
HEATING TOTAL 417 451 -34 427
SINCE 7/1 709 765 -56 MM
COOLING TOTAL 0 5 -5 12
SINCE 1/1 2467 2533 -66 MM
................................................................
WIND (MPH)
AVERAGE WIND SPEED 5.6
HIGHEST WIND SPEED/DIRECTION 25/330 DATE 12/10
HIGHEST GUST SPEED/DIRECTION 37/330 DATE 12/10
SKY COVER
POSSIBLE SUNSHINE (PERCENT) MM
AVERAGE SKY COVER 0.32
NUMBER OF DAYS FAIR 19
NUMBER OF DAYS PC 5
NUMBER OF DAYS CLOUDY 7
AVERAGE RH (PERCENT) 67
WEATHER CONDITIONS. NUMBER OF DAYS WITH
THUNDERSTORM 2 MIXED PRECIP 1
HEAVY RAIN 1 RAIN 6
LIGHT RAIN 10 FREEZING RAIN 0
LT FREEZING RAIN 0 HAIL 0
HEAVY SNOW 0 SNOW 0
LIGHT SNOW 0 SLEET 0
FOG 9 FOG W/VIS <= 1/4 MILE 1
HAZE 1
- INDICATES NEGATIVE NUMBERS.
R INDICATES RECORD WAS SET OR TIED.
MM INDICATES DATA IS MISSING.
T INDICATES TRACE AMOUNT.
$$