000
CXUS52 KFFC 052300
CLMCSG
CLIMATE REPORT
NATIONAL WEATHER SERVICE PEACHTREE CITY GA
600 PM EST TUE MAR 05 2024
...................................
...THE COLUMBUS CLIMATE SUMMARY FOR THE MONTH OF FEBRUARY 2024...
CLIMATE NORMAL PERIOD: 1991 TO 2020
CLIMATE RECORD PERIOD: 1948 TO 2024
WEATHER OBSERVED NORMAL DEPART LAST YEAR`S
VALUE DATE(S) VALUE FROM VALUE DATE(S)
NORMAL
................................................................
TEMPERATURE (F)
RECORD
HIGH 84 02/24/2018
02/22/2018
02/15/1989
LOW 10 02/05/1996
HIGHEST 80 02/28 83 -3 84 02/22
LOWEST 31 02/20 10 21 31 02/18
AVG. MAXIMUM 66.4 63.2 3.2 70.0
AVG. MINIMUM 42.4 41.5 0.9 48.6
MEAN 54.4 52.3 2.1 59.3
DAYS MAX >= 90 0 0.0 0.0 0
DAYS MAX <= 32 0 0.0 0.0 0
DAYS MIN <= 32 2 5.5 -3.5 2
DAYS MIN <= 0 0 0.0 0.0 0
PRECIPITATION (INCHES)
RECORD
MAXIMUM 12.47 2013
MINIMUM 1.20 2000
TOTALS 8.11 4.46 3.65 1.99
DAILY AVG. 0.28 NAN NAN 0.07
DAYS >= .01 7 8.9 -1.9 9
DAYS >= .10 4 6.2 -2.2 4
DAYS >= .50 3 2.9 0.1 2
DAYS >= 1.00 2 1.5 0.5 0
GREATEST
24 HR. TOTAL 6.90 02/11 TO 02/12 0.86 02/02 TO 02/03
SNOWFALL (INCHES)
RECORDS
TOTAL 2.0 2010
24 HR TOTAL 2.0 02/12/2010 TO 02/12/2010
TOTALS 0.0 0.0 0.0 0.0
SINCE 7/1 0.0 0.3 -0.3 MM
SNOWDEPTH AVG. MM MM
DAYS >= TRACE 0 0.0 0.0 0
DAYS >= 1.0 0 0.0 0.0 0
GREATEST
24 HR TOTAL MM MM
DEGREE DAYS
HEATING TOTAL 303 361 -58 208
SINCE 7/1 1562 1662 -100 MM
COOLING TOTAL 4 7 -3 55
SINCE 1/1 10 9 1 MM
................................................................
WIND (MPH)
AVERAGE WIND SPEED 6.7
HIGHEST WIND SPEED/DIRECTION 32/310 DATE 02/24
HIGHEST GUST SPEED/DIRECTION 50/310 DATE 02/24
SKY COVER
POSSIBLE SUNSHINE (PERCENT) MM
AVERAGE SKY COVER 0.29
NUMBER OF DAYS FAIR 20
NUMBER OF DAYS PC 3
NUMBER OF DAYS CLOUDY 6
AVERAGE RH (PERCENT) 60
WEATHER CONDITIONS. NUMBER OF DAYS WITH
THUNDERSTORM 2 MIXED PRECIP 0
HEAVY RAIN 3 RAIN 3
LIGHT RAIN 8 FREEZING RAIN 0
LT FREEZING RAIN 0 HAIL 0
HEAVY SNOW 0 SNOW 0
LIGHT SNOW 0 SLEET 0
FOG 6 FOG W/VIS <= 1/4 MILE 0
HAZE 2
- INDICATES NEGATIVE NUMBERS.
R INDICATES RECORD WAS SET OR TIED.
MM INDICATES DATA IS MISSING.
T INDICATES TRACE AMOUNT.
$$