000
CXUS55 KOHX 011548
CF6CSV
PRELIMINARY LOCAL CLIMATOLOGICAL DATA (WS FORM: F-6)
STATION: CROSSVILLE
MONTH: OCTOBER
YEAR: 2022
LATITUDE: 35 57 N
LONGITUDE: 85 5 W
TEMPERATURE IN F: :PCPN: SNOW: WIND :SUNSHINE: SKY :PK WND
================================================================================
1 2 3 4 5 6A 6B 7 8 9 10 11 12 13 14 15 16 17 18
12Z AVG MX 2MIN
DY MAX MIN AVG DEP HDD CDD WTR SNW DPTH SPD SPD DIR MIN PSBL S-S WX SPD DR
================================================================================
1 69 46 58 -4 7 0 0.00 M M 7.6 18 10 M M 2 28 20
2 65 49 57 -5 8 0 0.00 M M 8.8 20 20 M M 5 29 10
3 68 46 57 -4 8 0 0.00 M M 6.5 15 60 M M 5 20 50
4 70 41 56 -5 9 0 0.00 M M 3.7 12 40 M M 2 12 15 30
5 72 36 54 -6 11 0 0.00 M M 3.7 13 40 M M 0 22 40
6 74 41 58 -2 7 0 0.00 M M 1.7 9 290 M M 0 13 270
7 74 45 60 0 5 0 0.00 M M 5.6 15 280 M M 1 22 300
8 59 35 47 -12 18 0 0.00 M M 5.5 15 350 M M 0 23 20
9 63 31 47 -12 18 0 0.00 M M 2.0 13 270 M M 0 17 270
10 67 32 50 -9 15 0 0.00 M M 2.5 15 30 M M 0 20 30
11 70 38 54 -4 11 0 0.00 M M 2.3 12 170 M M 0 12 22 150
12 68 53 61 3 4 0 0.47 M M 7.7 21 260 M M 7 13 37 260
13 63 40 52 -6 13 0 0.00 M M 6.5 22 270 M M 3 1 30 250
14 66 38 52 -5 13 0 0.00 M M 4.3 16 270 M M 0 27 260
15 74 52 63 6 2 0 T M M 6.4 23 280 M M 2 35 300
16 66 51 59 3 6 0 0.12 M M 3.6 15 270 M M 5 18 19 250
17 57 31 44 -12 21 0 0.00 M M 8.8 21 270 M M 2 12 29 260
18 44 27 36 -20 29 0 0.00 M M 8.0 17 330 M M 6 25 320
19 51 28 40 -15 25 0 0.00 M M 5.2 15 280 M M 0 27 310
20 54 26 40 -15 25 0 0.00 M M 3.7 16 260 M M 0 24 260
21 65 31 48 -6 17 0 0.00 M M 2.7 10 140 M M 0 17 150
22 69 47 58 4 7 0 0.00 M M 4.2 10 160 M M 0 19 170
23 71 42 57 3 8 0 0.00 M M 2.5 10 150 M M 0 19 190
24 72 40 56 3 9 0 0.00 M M 4.6 13 150 M M 0 21 160
25 71 54 63 10 2 0 0.29 M M 10.5 17 260 M M 4 1 33 160
26 54 42 48 -5 17 0 0.00 M M 8.8 21 270 M M 9 1 31 260
27 64 38 51 -1 14 0 0.00 M M 6.6 17 50 M M 1 23 50
28 68 39 54 2 11 0 0.00 M M 1.9 9 120 M M 0 14 90
29 68 39 54 2 11 0 0.00 M M 4.1 12 140 M M 0 1 19 110
30 62 55 59 8 6 0 0.24 M M 5.5 13 180 M M 9 1 27 170
31 61 55 58 7 7 0 0.06 M M 3.6 12 190 M M 10 1 20 200
================================================================================
SM 2019 1268 364 0 1.18 M 159.1 M 73
================================================================================
AV 65.1 40.9 5.1 FASTST M M 2 MAX(MPH)
MISC ----> 23 280 37 260
================================================================================
NOTES:
# LAST OF SEVERAL OCCURRENCES
COLUMN 17 PEAK WIND IN M.P.H.
PRELIMINARY LOCAL CLIMATOLOGICAL DATA (WS FORM: F-6) , PAGE 2
STATION: CROSSVILLE
MONTH: OCTOBER
YEAR: 2022
LATITUDE: 35 57 N
LONGITUDE: 85 5 W
[TEMPERATURE DATA] [PRECIPITATION DATA] SYMBOLS USED IN COLUMN 16
AVERAGE MONTHLY: 53.0 TOTAL FOR MONTH: 1.18 1 = FOG OR MIST
DPTR FM NORMAL: -3.4 DPTR FM NORMAL: -1.96 2 = FOG REDUCING VISIBILITY
HIGHEST: 74 ON 15, 7 GRTST 24HR 0.47 ON 12-12 TO 1/4 MILE OR LESS
LOWEST: 26 ON 20 3 = THUNDER
SNOW, ICE PELLETS, HAIL 4 = ICE PELLETS
TOTAL MONTH: M 5 = HAIL
GRTST 24HR M ON M 6 = FREEZING RAIN OR DRIZZLE
GRTST DEPTH: M ON M 7 = DUSTSTORM OR SANDSTORM:
VSBY 1/2 MILE OR LESS
8 = SMOKE OR HAZE
[NO. OF DAYS WITH] [WEATHER - DAYS WITH] 9 = BLOWING SNOW
X = TORNADO
MAX 32 OR BELOW: 0 0.01 INCH OR MORE: 5
MAX 90 OR ABOVE: 0 0.10 INCH OR MORE: 4
MIN 32 OR BELOW: 7 0.50 INCH OR MORE: 0
MIN 0 OR BELOW: 0 1.00 INCH OR MORE: 0
[HDD (BASE 65) ]
TOTAL THIS MO. 364 CLEAR (SCALE 0-3) 22
DPTR FM NORMAL 82 PTCLDY (SCALE 4-7) 6
TOTAL FM JUL 1 438 CLOUDY (SCALE 8-10) 3
DPTR FM NORMAL 102
[CDD (BASE 65) ]
TOTAL THIS MO. 0
DPTR FM NORMAL -14 [PRESSURE DATA]
TOTAL FM JAN 1 975 HIGHEST SLP 30.36 ON 8
DPTR FM NORMAL 85 LOWEST SLP 29.69 ON 25
[REMARKS]
#FINAL-10-22#