000
CXUS56 KTFX 161541
CF6CTB
PRELIMINARY LOCAL CLIMATOLOGICAL DATA (WS FORM: F-6)
STATION: CUT BANK MT
MONTH: DECEMBER
YEAR: 2023
LATITUDE: 48 37 N
LONGITUDE: 112 23 W
TEMPERATURE IN F: :PCPN: SNOW: WIND :SUNSHINE: SKY :PK WND
================================================================================
1 2 3 4 5 6A 6B 7 8 9 10 11 12 13 14 15 16 17 18
12Z AVG MX 2MIN
DY MAX MIN AVG DEP HDD CDD WTR SNW DPTH SPD SPD DIR MIN PSBL S-S WX SPD DR
================================================================================
1 38 13 26 0 39 0 0.00 M M 14.7 37 240 M M 1 47 250
2 41 27 34 8 31 0 0.00 M M 18.9 35 250 M M 3 48 250
3 40 21 31 6 34 0 0.00 M M 23.1 40 250 M M 2 51 250
4 49 30 40 15 25 0 0.00 M M 19.9 32 250 M M 3 41 250
5 59 47 53 28 12 0 0.00 M M 24.9 46 230 M M 2 62 240
6 60 40 50 26 15 0 0.00 M M 12.7 40 250 M M 1 51 260
7 50 21 36 12 29 0 T M M 12.7 28 240 M M 8 1 33 240
8 38 16 27 3 38 0 0.02 M M 5.4 16 330 M M 8 128 21 330
9 33 14 24 0 41 0 0.00 M M 19.4 43 240 M M 3 56 240
10 45 31 38 14 27 0 0.00 M M 24.9 38 260 M M 1 49 260
11 40 26 33 10 32 0 0.00 M M 10.3 24 330 M M 10 12 33 330
12 45 12 29 6 36 0 0.00 M M 5.5 14 230 M M 2 12 16 230
13 58 18 38 15 27 0 0.00 M M 10.8 24 250 M M 0 30 250
14 47 22 35 12 30 0 0.00 M M 10.9 28 320 M M 2 35 310
15 47 16 32 10 33 0 0.00 M M 9.2 32 250 M M 1 43 240
16 55 37 46 24 19 0 0.00 M M 21.5 37 240 M M 0 46 260
17 41 20 31 9 34 0 0.00 M M 9.6 23 10 M M 1 29 360
18 52 21 37 15 28 0 0.00 M M 8.2 23 250 M M 3 32 260
19 48 32 40 18 25 0 0.00 M M 9.0 23 240 M M 5 30 230
20 52 39 46 24 19 0 0.00 M M 14.4 29 250 M M 0 35 240
21 53 31 42 20 23 0 0.00 M M 15.2 31 240 M M 0 40 240
22 55 33 44 22 21 0 0.00 M M 12.8 32 240 M M 0 41 230
23 39 15 27 6 38 0 T M M 12.0 31 360 M M 9 39 360
24 37 9 23 2 42 0 0.00 M M 2.3 9 230 M M 0 11 240
25 45 12 29 8 36 0 0.00 M M 6.9 23 250 M M 0 29 240
26 47 19 33 12 32 0 0.00 M M 13.6 35 250 M M 1 42 250
27 42 15 29 8 36 0 0.00 M M 5.0 13 130 M M 0 17 140
28 51 26 39 18 26 0 0.00 M M 13.5 36 250 M M 1 43 250
29 50 20 35 14 30 0 0.00 M M 2.7 10 250 M M 0 13 260
30 41 15 28 7 37 0 0.00 M M 5.5 10 140 M M 0 13 140
31 52 19 36 15 29 0 0.00 M M 11.2 29 240 M M 0 35 240
================================================================================
SM 1450 717 924 0 0.02 M 386.7 M 67
================================================================================
AV 46.8 23.1 12.5 FASTST M M 2 MAX(MPH)
MISC ----> 46 230 62 240
================================================================================
NOTES:
# LAST OF SEVERAL OCCURRENCES
COLUMN 17 PEAK WIND IN M.P.H.
PRELIMINARY LOCAL CLIMATOLOGICAL DATA (WS FORM: F-6) , PAGE 2
STATION: CUT BANK MT
MONTH: DECEMBER
YEAR: 2023
LATITUDE: 48 37 N
LONGITUDE: 112 23 W
[TEMPERATURE DATA] [PRECIPITATION DATA] SYMBOLS USED IN COLUMN 16
AVERAGE MONTHLY: 35.0 TOTAL FOR MONTH: 0.02 1 = FOG OR MIST
DPTR FM NORMAL: 12.2 DPTR FM NORMAL: -0.29 2 = FOG REDUCING VISIBILITY
HIGHEST: 60 ON 6 GRTST 24HR 0.02 ON 8- 8 TO 1/4 MILE OR LESS
LOWEST: 9 ON 24 3 = THUNDER
SNOW, ICE PELLETS, HAIL 4 = ICE PELLETS
TOTAL MONTH: M 5 = HAIL
GRTST 24HR M ON M 6 = FREEZING RAIN OR DRIZZLE
GRTST DEPTH: M ON M 7 = DUSTSTORM OR SANDSTORM:
VSBY 1/2 MILE OR LESS
8 = SMOKE OR HAZE
[NO. OF DAYS WITH] [WEATHER - DAYS WITH] 9 = BLOWING SNOW
X = TORNADO
MAX 32 OR BELOW: 0 0.01 INCH OR MORE: 1
MAX 90 OR ABOVE: 0 0.10 INCH OR MORE: 0
MIN 32 OR BELOW: 26 0.50 INCH OR MORE: 0
MIN 0 OR BELOW: 0 1.00 INCH OR MORE: 0
[HDD (BASE 65) ]
TOTAL THIS MO. 924 CLEAR (SCALE 0-3) 26
DPTR FM NORMAL -386 PTCLDY (SCALE 4-7) 3
TOTAL FM JUL 1 2823 CLOUDY (SCALE 8-10) 2
DPTR FM NORMAL -739
[CDD (BASE 65) ]
TOTAL THIS MO. 0
DPTR FM NORMAL 0 [PRESSURE DATA]
TOTAL FM JAN 1 231 HIGHEST SLP 30.44 ON 15
DPTR FM NORMAL 68 LOWEST SLP 29.37 ON 2
[REMARKS]
#FINAL-12-23#