000
CXUS52 KCAE 011400
CF6CUB
PRELIMINARY LOCAL CLIMATOLOGICAL DATA (WS FORM: F-6)
STATION: HAMILTON - OWENS AIRPORT SC
MONTH: SEPTEMBER
YEAR: 2021
LATITUDE: 33 58 N
LONGITUDE: 80 59 W
TEMPERATURE IN F: :PCPN: SNOW: WIND :SUNSHINE: SKY :PK WND
================================================================================
1 2 3 4 5 6A 6B 7 8 9 10 11 12 13 14 15 16 17 18
12Z AVG MX 2MIN
DY MAX MIN AVG DEP HDD CDD WTR SNW DPTH SPD SPD DIR MIN PSBL S-S WX SPD DR
================================================================================
1 84 75 80 0 0 15 0.04 M M 6.8 15 200 M M 9 1 21 210
2 87 69 78 -2 0 13 0.00 M M 2.9 9 60 M M 3 16 80
3 86 59 73 -7 0 8 0.00 M M 2.4 12 70 M M 0 17 70
4 86 59 73 -6 0 8 0.00 M M 1.6 9 170 M M 0 13 180
5 88 61 75 -4 0 10 0.00 M M 3.2 13 220 M M 1 17 240
6 91 64 78 -1 0 13 0.16 M M 3.3 13 310 M M 4 13 20 280
7 89 73 81 2 0 16 0.00 M M 1.9 7 170 M M 7 13 11 160
8 86 71 79 0 0 14 1.26 M M 3.0 23 180 M M 4 1238 33 190
9 86 66 76 -2 0 11 T M M 2.4 9 20 M M 4 1 15 40
10 85 63 74 -4 0 9 0.00 M M 1.9 9 30 M M 0 1 17 50
11 85 58 72 -6 0 7 0.00 M M 1.1 8 150 M M 1 13 160
12 87 61 74 -4 0 9 0.00 M M 0.9 10 160 M M 0 13 160
13 89 63 76 -2 0 11 0.00 M M 1.0 9 170 M M 0 14 200
14 89 66 78 1 0 13 0.00 M M 1.7 10 160 M M 0 1 15 150
15 89 70 80 3 0 15 0.25 M M 1.4 20 170 M M 6 13 29 160
16 83 72 78 1 0 13 0.24 M M 2.2 9 220 M M 7 18 12 200
17 88 71 80 3 0 15 0.38 M M 0.8 10 330 M M 4 1238 17 320
18 90 71 81 5 0 16 0.00 M M 1.1 7 170 M M 2 1 10 30
19 88 72 80 4 0 15 0.13 M M 1.4 16 170 M M 2 1 21 150
20 84 72 78 2 0 13 0.01 M M 3.8 9 70 M M 6 1 15 70
21 83 72 78 2 0 13 0.07 M M 1.5 8 60 M M 10 18 14 60
22 88 67 78 3 0 13 0.52 M M 3.8 26 180 M M 7 123 34 190
23 79 59 69 -6 0 4 0.00 M M 3.1 12 310 M M 0 16 300
24 78 55 67 -8 0 2 0.00 M M 2.0 10 70 M M 0 16 70
25 80 52 66 -8 0 1 0.00 M M 1.2 10 280 M M 0 13 280
26 84 57 71 -3 0 6 0.00 M M 1.6 9 280 M M 0 14 280
27 85 58 72 -2 0 7 0.00 M M 2.0 10 210 M M 0 1 16 290
28 87 62 75 2 0 10 0.00 M M 2.9 13 260 M M 0 1 18 250
29 89 61 75 2 0 10 0.00 M M 0.6 7 170 M M 0 18 11 240
30 90 65 78 5 0 13 0.00 M M 1.4 8 190 M M 2 18 10 180
================================================================================
SM 2583 1944 0 323 3.06 M 64.9 M 79
================================================================================
AV 86.1 64.8 2.2 FASTST M M 3 MAX(MPH)
MISC ----> 26 180 34 190
================================================================================
NOTES:
# LAST OF SEVERAL OCCURRENCES
COLUMN 17 PEAK WIND IN M.P.H.
PRELIMINARY LOCAL CLIMATOLOGICAL DATA (WS FORM: F-6) , PAGE 2
STATION: HAMILTON - OWENS AIRPORT SC
MONTH: SEPTEMBER
YEAR: 2021
LATITUDE: 33 58 N
LONGITUDE: 80 59 W
[TEMPERATURE DATA] [PRECIPITATION DATA] SYMBOLS USED IN COLUMN 16
AVERAGE MONTHLY: 75.5 TOTAL FOR MONTH: 3.06 1 = FOG OR MIST
DPTR FM NORMAL: -1.4 DPTR FM NORMAL: -1.27 2 = FOG REDUCING VISIBILITY
HIGHEST: 91 ON 6 GRTST 24HR 1.26 ON 8- 8 TO 1/4 MILE OR LESS
LOWEST: 52 ON 25 3 = THUNDER
SNOW, ICE PELLETS, HAIL 4 = ICE PELLETS
TOTAL MONTH: M 5 = HAIL
GRTST 24HR M ON M 6 = FREEZING RAIN OR DRIZZLE
GRTST DEPTH: M ON M 7 = DUSTSTORM OR SANDSTORM:
VSBY 1/2 MILE OR LESS
8 = SMOKE OR HAZE
[NO. OF DAYS WITH] [WEATHER - DAYS WITH] 9 = BLOWING SNOW
X = TORNADO
MAX 32 OR BELOW: 0 0.01 INCH OR MORE: 10
MAX 90 OR ABOVE: 3 0.10 INCH OR MORE: 7
MIN 32 OR BELOW: 0 0.50 INCH OR MORE: 2
MIN 0 OR BELOW: 0 1.00 INCH OR MORE: 1
[HDD (BASE 65) ]
TOTAL THIS MO. 0 CLEAR (SCALE 0-3) 19
DPTR FM NORMAL -3 PTCLDY (SCALE 4-7) 9
TOTAL FM JUL 1 0 CLOUDY (SCALE 8-10) 2
DPTR FM NORMAL 0
[CDD (BASE 65) ]
TOTAL THIS MO. 323
DPTR FM NORMAL -33 [PRESSURE DATA]
TOTAL FM JAN 1 2155 HIGHEST SLP 30.32 ON 12
DPTR FM NORMAL -129 LOWEST SLP 29.67 ON 1
[REMARKS]
#FINAL-09-21#