000
CXUS56 KSGX 011045
CF6CZZ
PRELIMINARY LOCAL CLIMATOLOGICAL DATA (WS FORM: F-6)
STATION: CAMPO ASOS CA
MONTH: AUGUST
YEAR: 2019
LATITUDE: 32 37 N
LONGITUDE: 116 28 W
TEMPERATURE IN F: :PCPN: SNOW: WIND :SUNSHINE: SKY :PK WND
================================================================================
1 2 3 4 5 6A 6B 7 8 9 10 11 12 13 14 15 16 17 18
12Z AVG MX 2MIN
DY MAX MIN AVG DEP HDD CDD WTR SNW DPTH SPD SPD DIR MIN PSBL S-S WX SPD DR
================================================================================
1 99 57 78 4 0 13 0.00 0.0 0 7.3 20 300 M M 0 25 320
2 98 57 78 4 0 13 0.00 0.0 0 7.1 21 240 M M 0 24 230
3 97 57 77 3 0 12 0.00 0.0 0 7.9 20 220 M M 0 26 210
4 99 60 80 6 0 15 0.00 0.0 0 7.7 18 220 M M 0 23 210
5 102 57 80 6 0 15 0.00 0.0 0 7.5 18 250 M M 0 26 230
6 101 67 84 10 0 19 0.00 0.0 0 6.2 22 210 M M 0 26 210
7 95 60 78 4 0 13 0.00 0.0 0 6.6 21 210 M M 0 26 210
8 95 54 75 1 0 10 0.00 0.0 0 7.0 18 240 M M 0 26 230
9 91 46 69 -5 0 4 0.00 0.0 0 7.9 20 220 M M 0 25 230
10 89 46 68 -6 0 3 0.00 0.0 0 7.9 20 240 M M 0 26 240
11 89 47 68 -6 0 3 0.00 0.0 0 8.0 20 220 M M 0 23 220
12 93 47 70 -4 0 5 0.00 0.0 0 7.4 16 220 M M 0 19 220
13 98 53 76 2 0 11 0.00 0.0 0 6.9 16 230 M M 0 21 230
14 101 56 79 5 0 14 0.00 0.0 0 7.7 18 240 M M 0 23 230
15 101 53 77 3 0 12 0.00 0.0 0 8.0 20 220 M M 0 25 210
16 96 48 72 -2 0 7 0.00 0.0 0 8.3 20 200 M M 0 24 220
17 89 44 67 -7 0 2 0.00 0.0 0 8.0 18 230 M M 0 24 200
18 91 46 69 -5 0 4 0.00 0.0 0 7.2 16 230 M M 0 19 240
19 95 49 72 -2 0 7 0.00 0.0 0 7.6 20 210 M M 0 24 230
20 99 52 76 2 0 11 0.00 0.0 0 7.3 14 270 M M 0 22 190
21 100 50 75 1 0 10 0.00 0.0 0 8.4 18 220 M M 0 24 210
22 97 49 73 -1 0 8 0.00 0.0 0 8.1 18 220 M M 0 23 220
23 93 46 70 -4 0 5 0.00 0.0 0 7.5 16 210 M M 0 21 230
24 98 55 77 4 0 12 0.00 0.0 0 8.1 20 220 M M 0 24 210
25 96 60 78 5 0 13 0.00 0.0 0 6.7 23 220 M M 0 28 230
26 95 62 79 6 0 14 0.00 0.0 0 7.6 22 220 M M 0 26 230
27 96 60 78 5 0 13 0.00 0.0 0 8.2 20 210 M M 0 25 210
28 92 59 76 3 0 11 0.00 0.0 0 7.4 18 220 M M 0 23 210
29 96 57 77 4 0 12 0.00 0.0 0 7.3 21 210 M M 0 25 220
30 100 56 78 5 0 13 0.00 0.0 0 7.5 21 230 M M 0 24 260
31 103 55 79 6 0 14 0.00 0.0 0 7.6 21 290 M M 0 26 290
================================================================================
SM 2984 1665 0 318 0.00 0.0 233.9 M 0
================================================================================
AV 96.3 53.7 7.5 FASTST M M 0 MAX(MPH)
MISC ----> # 23 220 # 28 230
================================================================================
NOTES:
# LAST OF SEVERAL OCCURRENCES
COLUMN 17 PEAK WIND IN M.P.H.
PRELIMINARY LOCAL CLIMATOLOGICAL DATA (WS FORM: F-6) , PAGE 2
STATION: CAMPO ASOS CA
MONTH: AUGUST
YEAR: 2019
LATITUDE: 32 37 N
LONGITUDE: 116 28 W
[TEMPERATURE DATA] [PRECIPITATION DATA] SYMBOLS USED IN COLUMN 16
AVERAGE MONTHLY: 75.0 TOTAL FOR MONTH: 0.00 1 = FOG OR MIST
DPTR FM NORMAL: 1.3 DPTR FM NORMAL: -0.70 2 = FOG REDUCING VISIBILITY
HIGHEST: 103 ON 31 GRTST 24HR 0.00 ON 31-31 TO 1/4 MILE OR LESS
LOWEST: 44 ON 17 3 = THUNDER
SNOW, ICE PELLETS, HAIL 4 = ICE PELLETS
TOTAL MONTH: 0.0 INCH 5 = HAIL
GRTST 24HR 0.0 6 = FREEZING RAIN OR DRIZZLE
GRTST DEPTH: 0 7 = DUSTSTORM OR SANDSTORM:
VSBY 1/2 MILE OR LESS
8 = SMOKE OR HAZE
[NO. OF DAYS WITH] [WEATHER - DAYS WITH] 9 = BLOWING SNOW
X = TORNADO
MAX 32 OR BELOW: 0 0.01 INCH OR MORE: 0
MAX 90 OR ABOVE: 28 0.10 INCH OR MORE: 0
MIN 32 OR BELOW: 0 0.50 INCH OR MORE: 0
MIN 0 OR BELOW: 0 1.00 INCH OR MORE: 0
[HDD (BASE 65) ]
TOTAL THIS MO. 0 CLEAR (SCALE 0-3) 31
DPTR FM NORMAL -7 PTCLDY (SCALE 4-7) 0
TOTAL FM JUL 1 6 CLOUDY (SCALE 8-10) 0
DPTR FM NORMAL -8
[CDD (BASE 65) ]
TOTAL THIS MO. 318
DPTR FM NORMAL 40 [PRESSURE DATA]
TOTAL FM JAN 1 646 HIGHEST SLP M ON M
DPTR FM NORMAL -4 LOWEST SLP 29.67 ON 22
[REMARKS]
#FINAL-08-19#