000
CXUS55 KVEF 011051
CF6DAG
PRELIMINARY LOCAL CLIMATOLOGICAL DATA (WS FORM: F-6)
STATION: BARSTOW-DAGGETT CA
MONTH: JANUARY
YEAR: 2021
LATITUDE: 34 51 N
LONGITUDE: 116 47 W
TEMPERATURE IN F: :PCPN: SNOW: WIND :SUNSHINE: SKY :PK WND
================================================================================
1 2 3 4 5 6A 6B 7 8 9 10 11 12 13 14 15 16 17 18
12Z AVG MX 2MIN
DY MAX MIN AVG DEP HDD CDD WTR SNW DPTH SPD SPD DIR MIN PSBL S-S WX SPD DR
================================================================================
1 58 37 48 1 17 0 0.00 0.0 0 4.7 20 20 M M 0 23 20
2 63 31 47 0 18 0 0.00 0.0 0 3.9 12 280 M M 0 13 300
3 61 35 48 1 17 0 0.00 0.0 0 3.5 10 30 M M 0 14 30
4 65 34 50 3 15 0 0.00 0.0 0 6.4 24 250 M M 0 29 260
5 66 39 53 6 12 0 0.00 0.0 0 5.8 20 280 M M 0 23 280
6 63 35 49 2 16 0 0.00 0.0 0 4.9 15 280 M M 0 17 280
7 63 35 49 1 16 0 0.00 0.0 0 7.8 15 280 M M 0 18 280
8 66 33 50 2 15 0 0.00 0.0 0 11.0 24 290 M M 0 29 290
9 62 34 48 0 17 0 0.00 0.0 0 7.4 18 260 M M 0 21 260
10 58 31 45 -3 20 0 0.00 0.0 0 5.7 18 270 M M 0 19 270
11 61 30 46 -2 19 0 0.00 0.0 0 5.5 14 280 M M 0 17 290
12 60 27 44 -4 21 0 0.00 0.0 0 4.6 13 270 M M 0 14 270
13 66 35 51 3 14 0 0.00 0.0 0 9.1 17 320 M M 0 8 20 320
14 73 41 57 9 8 0 0.00 0.0 0 7.1 17 280 M M 0 20 270
15 75 38 57 9 8 0 0.00 0.0 0 6.2 13 260 M M 0 15 280
16 76 44 60 12 5 0 0.00 0.0 0 6.7 17 290 M M 0 19 290
17 74 39 57 9 8 0 0.00 0.0 0 6.2 13 260 M M 0 15 270
18 71 42 57 9 8 0 0.00 0.0 0 5.8 17 280 M M 0 19 280
19 59 39 49 0 16 0 T 0.0 0 10.9 26 80 M M 5 34 110
20 64 42 53 4 12 0 T 0.0 0 6.8 18 130 M M 7 24 120
21 68 42 55 6 10 0 0.00 0.0 0 7.9 16 270 M M 3 19 270
22 66 42 54 5 11 0 0.00 0.0 0 13.8 35 220 M M 0 42 220
23 52 38 45 -4 20 0 0.22 0.0 0 9.0 20 220 M M 5 1 25 270
24 56 37 47 -2 18 0 0.01 0.0 0 15.0 28 210 M M 4 34 220
25 47 37 42 -7 23 0 0.13 0.0 0 25.3 41 260 M M 7 1 48 270
26 53 33 43 -6 22 0 0.00 0.0 0 16.1 33 250 M M 1 40 240
27 55 32 44 -5 21 0 0.00 0.0 0 8.4 24 90 M M 4 30 120
28 64 34 49 -1 16 0 0.00 0.0 0 8.5 25 320 M M 0 32 310
29 56 37 47 -3 18 0 0.01 0.0 0 12.4 32 240 M M 7 38 240
30 57 32 45 -5 20 0 0.00 0.0 0 5.2 13 260 M M 0 14 280
31 60 33 47 -3 18 0 0.00 0.0 0 4.0 10 80 M M 0 14 310
================================================================================
SM 1938 1118 479 0 0.37 0.0 255.6 M 43
================================================================================
AV 62.5 36.1 8.2 FASTST M M 1 MAX(MPH)
MISC ----> 41 260 48 270
================================================================================
NOTES:
# LAST OF SEVERAL OCCURRENCES
COLUMN 17 PEAK WIND IN M.P.H.
PRELIMINARY LOCAL CLIMATOLOGICAL DATA (WS FORM: F-6) , PAGE 2
STATION: BARSTOW-DAGGETT CA
MONTH: JANUARY
YEAR: 2021
LATITUDE: 34 51 N
LONGITUDE: 116 47 W
[TEMPERATURE DATA] [PRECIPITATION DATA] SYMBOLS USED IN COLUMN 16
AVERAGE MONTHLY: 49.3 TOTAL FOR MONTH: 0.37 1 = FOG OR MIST
DPTR FM NORMAL: 0.9 DPTR FM NORMAL: -0.23 2 = FOG REDUCING VISIBILITY
HIGHEST: 76 ON 16 GRTST 24HR 0.22 ON 23-23 TO 1/4 MILE OR LESS
LOWEST: 27 ON 12 3 = THUNDER
SNOW, ICE PELLETS, HAIL 4 = ICE PELLETS
TOTAL MONTH: 0.0 INCH 5 = HAIL
GRTST 24HR 0.0 6 = FREEZING RAIN OR DRIZZLE
GRTST DEPTH: 0 7 = DUSTSTORM OR SANDSTORM:
VSBY 1/2 MILE OR LESS
8 = SMOKE OR HAZE
[NO. OF DAYS WITH] [WEATHER - DAYS WITH] 9 = BLOWING SNOW
X = TORNADO
MAX 32 OR BELOW: 0 0.01 INCH OR MORE: 4
MAX 90 OR ABOVE: 0 0.10 INCH OR MORE: 2
MIN 32 OR BELOW: 6 0.50 INCH OR MORE: 0
MIN 0 OR BELOW: 0 1.00 INCH OR MORE: 0
[HDD (BASE 65) ]
TOTAL THIS MO. 479 CLEAR (SCALE 0-3) 23
DPTR FM NORMAL -37 PTCLDY (SCALE 4-7) 8
TOTAL FM JUL 1 1287 CLOUDY (SCALE 8-10) 0
DPTR FM NORMAL -119
[CDD (BASE 65) ]
TOTAL THIS MO. 0
DPTR FM NORMAL 0 [PRESSURE DATA]
TOTAL FM JAN 1 0 HIGHEST SLP 30.41 ON 13
DPTR FM NORMAL 0 LOWEST SLP 29.53 ON 25
[REMARKS]
#FINAL-01-21#