000
CXUS54 KFWD 010830
CF6DAL
PRELIMINARY LOCAL CLIMATOLOGICAL DATA (WS FORM: F-6)
STATION: DALLAS LOVE FIELD
MONTH: NOVEMBER
YEAR: 2022
LATITUDE: 32 50 N
LONGITUDE: 96 51 W
TEMPERATURE IN F: :PCPN: SNOW: WIND :SUNSHINE: SKY :PK WND
================================================================================
1 2 3 4 5 6A 6B 7 8 9 10 11 12 13 14 15 16 17 18
12Z AVG MX 2MIN
DY MAX MIN AVG DEP HDD CDD WTR SNW DPTH SPD SPD DIR MIN PSBL S-S WX SPD DR
================================================================================
1 77 56 67 4 0 2 0.00 0.0 0 4.5 13 160 M M 4 19 170
2 74 58 66 4 0 1 0.00 0.0 0 8.4 16 160 M M 5 18 25 170
3 80 65 73 11 0 8 0.00 0.0 0 10.9 16 150 M M 7 18 30 180
4 77 50 64 2 1 0 0.72 0.0 0 14.5 29 290 M M 7 13 46 180
5 65 45 55 -6 10 0 0.00 0.0 0 8.9 16 160 M M 2 24 160
6 81 54 68 7 0 3 0.00 0.0 0 8.3 15 180 M M 4 22 200
7 80 67 74 13 0 9 0.26 0.0 0 5.2 16 150 M M 9 18 24 160
8 79 69 74 14 0 9 0.00 0.0 0 7.2 13 130 M M 7 18 21 80
9 82 69 76 16 0 11 0.00 0.0 0 10.3 20 150 M M 6 18 30 190
10 73 65 69 9 0 4 T 0.0 0 7.5 18 160 M M 7 27 160
11 70 40 55 -4 10 0 0.45 0.0 0 13.1 24 340 M M 9 13 35 340
12 52 35 44 -15 21 0 0.00 0.0 0 8.0 18 340 M M 3 30 190
13 53 33 43 -15 22 0 0.00 0.0 0 5.9 14 120 M M 5 21 110
14 45 40 43 -15 22 0 0.45 0.0 0 8.8 17 320 M M 9 1 32 310
15 44 38 41 -17 24 0 T 0.0 0 8.5 18 330 M M 9 1 26 30
16 54 37 46 -12 19 0 0.00 0.0 0 2.2 14 330 M M 6 24 270
17 59 34 47 -10 18 0 0.00 0.0 0 4.2 10 130 M M 2 15 130
18 49 36 43 -14 22 0 T T 0 6.5 15 10 M M 7 4 26 250
19 44 34 39 -17 26 0 T T 0 5.6 13 360 M M 8 4 24 40
20 51 29 40 -16 25 0 T 0.0 0 2.8 10 180 M M 5 16 170
21 53 42 48 -8 17 0 0.01 0.0 0 4.1 10 180 M M 8 13 170
22 61 39 50 -6 15 0 0.00 0.0 0 2.8 9 160 M M 6 13 170
23 56 50 53 -2 12 0 0.41 0.0 0 5.6 13 150 M M 10 13 17 170
24 58 53 56 1 9 0 1.28 0.0 0 5.6 18 360 M M 10 13 25 10
25 59 51 55 0 10 0 0.02 0.0 0 8.1 14 80 M M 10 1 33 250
26 56 48 52 -2 13 0 1.21 0.0 0 6.9 17 240 M M 10 1 31 230
27 64 45 55 1 10 0 0.00 0.0 0 6.4 14 340 M M 2 29 20
28 68 39 54 0 11 0 0.00 0.0 M 7.9 16 160 M M 1 25 160
29 80 43 62 9 3 0 0.00 0.0 0 10.6 28 340 M M 5 39 340
30 53 34 44 -9 21 0 0.00 0.0 M 7.8 22 350 M M 2 35 10
================================================================================
SM 1897 1398 341 47 4.81 T 217.1 M 185
================================================================================
AV 63.2 46.6 7.2 FASTST M M 6 MAX(MPH)
MISC ----> 29 290 46 180
================================================================================
NOTES:
# LAST OF SEVERAL OCCURRENCES
COLUMN 17 PEAK WIND IN M.P.H.
PRELIMINARY LOCAL CLIMATOLOGICAL DATA (WS FORM: F-6) , PAGE 2
STATION: DALLAS LOVE FIELD
MONTH: NOVEMBER
YEAR: 2022
LATITUDE: 32 50 N
LONGITUDE: 96 51 W
[TEMPERATURE DATA] [PRECIPITATION DATA] SYMBOLS USED IN COLUMN 16
AVERAGE MONTHLY: 54.9 TOTAL FOR MONTH: 4.81 1 = FOG OR MIST
DPTR FM NORMAL: -2.9 DPTR FM NORMAL: 1.88 2 = FOG REDUCING VISIBILITY
HIGHEST: 82 ON 9 GRTST 24HR 1.66 ON 23-24 TO 1/4 MILE OR LESS
LOWEST: 29 ON 20 3 = THUNDER
SNOW, ICE PELLETS, HAIL 4 = ICE PELLETS
TOTAL MONTH: T 5 = HAIL
GRTST 24HR T ON 18-18 6 = FREEZING RAIN OR DRIZZLE
GRTST DEPTH: 0 7 = DUSTSTORM OR SANDSTORM:
VSBY 1/2 MILE OR LESS
8 = SMOKE OR HAZE
[NO. OF DAYS WITH] [WEATHER - DAYS WITH] 9 = BLOWING SNOW
X = TORNADO
MAX 32 OR BELOW: 0 0.01 INCH OR MORE: 9
MAX 90 OR ABOVE: 0 0.10 INCH OR MORE: 7
MIN 32 OR BELOW: 1 0.50 INCH OR MORE: 3
MIN 0 OR BELOW: 0 1.00 INCH OR MORE: 2
[HDD (BASE 65) ]
TOTAL THIS MO. 341 CLEAR (SCALE 0-3) 5
DPTR FM NORMAL 91 PTCLDY (SCALE 4-7) 17
TOTAL FM JUL 1 388 CLOUDY (SCALE 8-10) 8
DPTR FM NORMAL 81
[CDD (BASE 65) ]
TOTAL THIS MO. 47
DPTR FM NORMAL 13 [PRESSURE DATA]
TOTAL FM JAN 1 3493 HIGHEST SLP 30.53 ON 16
DPTR FM NORMAL 373 LOWEST SLP 29.59 ON 4
[REMARKS]
#FINAL-11-22#