000
CXUS51 KRNK 011259
CF6DAN
PRELIMINARY LOCAL CLIMATOLOGICAL DATA (WS FORM: F-6)
STATION: DANVILLE VA
MONTH: SEPTEMBER
YEAR: 2023
LATITUDE: 36 34 N
LONGITUDE: 79 20 W
TEMPERATURE IN F: :PCPN: SNOW: WIND :SUNSHINE: SKY :PK WND
================================================================================
1 2 3 4 5 6A 6B 7 8 9 10 11 12 13 14 15 16 17 18
12Z AVG MX 2MIN
DY MAX MIN AVG DEP HDD CDD WTR SNW DPTH SPD SPD DIR MIN PSBL S-S WX SPD DR
================================================================================
1 81 54 68 -6 0 3 0.00 0.0 0 3.5 12 50 M M 0 16 50
2 85 53 69 -5 0 4 0.00 0.0 0 2.3 9 40 M M 0 13 290
3 92 57 75 1 0 10 0.00 0.0 0 3.1 9 310 M M 0 17 330
4 94 65 80 6 0 15 0.00 0.0 0 2.9 10 320 M M 0 13 330
5 94 67 81 8 0 16 0.00 0.0 0 2.5 12 50 M M 1 14 50
6 96 67 82 9 0 17 0.00 0.0 0 2.3 10 340 M M 0 1 16 310
7 95 69 82 9 0 17 0.00 0.0 0 3.1 17 290 M M 1 13 23 300
8 94 66 80 8 0 15 0.00 0.0 0 2.5 12 230 M M 2 16 230
9 74 65 70 -2 0 5 1.37 0.0 0 3.0 10 140 M M 6 13 17 140
10 82 67 75 3 0 10 0.30 0.0 0 2.8 8 330 M M 9 1 11 230
11 87 63 75 3 0 10 0.00 0.0 0 2.3 9 340 M M 1 12 13 310
12 89 63 76 5 0 11 0.13 0.0 0 3.0 20 360 M M 5 13 25 350
13 84 66 75 4 0 10 0.00 0.0 0 2.8 10 50 M M 6 1 12 320
14 81 58 70 -1 0 5 0.00 0.0 0 7.1 16 30 M M 1 22 30
15 77 54 66 -4 0 1 0.00 0.0 0 6.4 17 50 M M 0 21 30
16 83 51 67 -3 0 2 0.00 0.0 0 2.9 14 250 M M 0 16 250
17 72 62 67 -3 0 2 0.28 0.0 0 2.5 10 230 M M 10 1 15 220
18 79 56 68 -1 0 3 0.00 0.0 0 6.7 16 320 M M 4 22 340
19 80 51 66 -3 0 1 0.00 0.0 0 2.5 12 260 M M 3 14 260
20 82 56 69 0 0 4 0.00 0.0 0 0.8 7 220 M M 4 1 9 240
21 81 56 69 1 0 4 0.00 0.0 0 1.7 9 60 M M 3 13 80
22 70 58 64 -4 1 0 0.10 0.0 0 11.9 22 40 M M 4 30 360
23 61 54 58 -10 7 0 1.57 0.0 0 13.7 28 30 M M 10 1 41 40
24 77 60 69 2 0 4 0.00 0.0 0 6.1 14 260 M M 9 19 220
25 76 59 68 1 0 3 T 0.0 0 2.6 12 50 M M 7 15 50
26 68 61 65 -1 0 0 T 0.0 0 7.7 13 40 M M 10 1 16 50
27 64 58 61 -5 4 0 T 0.0 0 7.5 14 50 M M 10 1 17 60
28 73 55 64 -2 1 0 0.00 0.0 0 6.3 13 30 M M 4 17 60
29 77 59 68 3 0 3 0.00 0.0 0 3.5 10 30 M M 6 1 13 30
30 78 58 68 3 0 3 0.00 0.0 0 3.1 10 50 M M 6 1 13 20
================================================================================
SM 2426 1788 13 178 3.75 0.0 129.1 M 122
================================================================================
AV 80.9 59.6 4.3 FASTST M M 4 MAX(MPH)
MISC ----> 28 30 41 40
================================================================================
NOTES:
# LAST OF SEVERAL OCCURRENCES
COLUMN 17 PEAK WIND IN M.P.H.
PRELIMINARY LOCAL CLIMATOLOGICAL DATA (WS FORM: F-6) , PAGE 2
STATION: DANVILLE VA
MONTH: SEPTEMBER
YEAR: 2023
LATITUDE: 36 34 N
LONGITUDE: 79 20 W
[TEMPERATURE DATA] [PRECIPITATION DATA] SYMBOLS USED IN COLUMN 16
AVERAGE MONTHLY: 70.2 TOTAL FOR MONTH: 3.75 1 = FOG OR MIST
DPTR FM NORMAL: 0.2 DPTR FM NORMAL: -0.50 2 = FOG REDUCING VISIBILITY
HIGHEST: 96 ON 6 GRTST 24HR 1.67 ON 22-23 TO 1/4 MILE OR LESS
LOWEST: 51 ON 19,16 3 = THUNDER
SNOW, ICE PELLETS, HAIL 4 = ICE PELLETS
TOTAL MONTH: 0.0 INCH 5 = HAIL
GRTST 24HR 0.0 6 = FREEZING RAIN OR DRIZZLE
GRTST DEPTH: 0 7 = DUSTSTORM OR SANDSTORM:
VSBY 1/2 MILE OR LESS
8 = SMOKE OR HAZE
[NO. OF DAYS WITH] [WEATHER - DAYS WITH] 9 = BLOWING SNOW
X = TORNADO
MAX 32 OR BELOW: 0 0.01 INCH OR MORE: 6
MAX 90 OR ABOVE: 6 0.10 INCH OR MORE: 6
MIN 32 OR BELOW: 0 0.50 INCH OR MORE: 2
MIN 0 OR BELOW: 0 1.00 INCH OR MORE: 2
[HDD (BASE 65) ]
TOTAL THIS MO. 13 CLEAR (SCALE 0-3) 14
DPTR FM NORMAL -16 PTCLDY (SCALE 4-7) 10
TOTAL FM JUL 1 13 CLOUDY (SCALE 8-10) 6
DPTR FM NORMAL -15
[CDD (BASE 65) ]
TOTAL THIS MO. 178
DPTR FM NORMAL 0 [PRESSURE DATA]
TOTAL FM JAN 1 1203 HIGHEST SLP M ON M
DPTR FM NORMAL -148 LOWEST SLP 29.74 ON 7
[REMARKS] MISSING PRECIPITATION DATA DURING AN EQUIPMENT FAILURE ON
SEPTMEBER 9TH WAS OBTAINED FROM BACKUP SITE.
#FINAL-09-23#