503
CXUS51 KRNK 010732
CLSDAN
CLIMATE REPORT
NATIONAL WEATHER SERVICE BLACKSBURG, VA
332 AM EDT MON JUN 01 2020
...................................
...THE DANVILLE VA CLIMATE SUMMARY FOR THE SEASON, FROM
3/1/2020 TO 5/31/2020...
CLIMATE NORMAL PERIOD: 1981 TO 2010
CLIMATE RECORD PERIOD: 1916 TO 2020
WEATHER OBSERVED NORMAL DEPART LAST YEAR`S
VALUE DATE(S) VALUE FROM VALUE
NORMAL
..............................................................
TEMPERATURE (F)
RECORD
HIGH 101 05/22/1941
LOW 9 03/04/2014
HIGHEST 88 03/29 86
LOWEST 19 03/01 20
AVG. MAXIMUM 70.0 68.7 1.3 65.9
AVG. MINIMUM 46.8 46.8 -0.0 41.0
MEAN 58.4 57.8 0.6 53.5
DAYS MAX >= 90 0 1.0 -1.0 0
DAYS MAX <= 32 0 0.1 -0.1 0
DAYS MIN <= 32 11 9.7 1.3 17
DAYS MIN <= 0 0 0.0 0.0 0
PRECIPITATION (INCHES)
RECORD
MAXIMUM 18.38 1998
MINIMUM 3.07 1985
TOTALS 12.26 11.45 0.81 5.90
DAYS >= .01 36 31.7 4.3 21
DAYS >= .10 20 21.0 -1.0 13
DAYS >= .50 8 8.4 -0.4 4
DAYS >= 1.00 5 3.1 1.9 1
GREATEST
24 HR. TOTAL 2.14 1.21
SNOWFALL (INCHES)
TOTALS T T
DAYS >= TRACE 1 1
DAYS >= 1.0 0 0
GREATEST
24 HR TOTAL MM 0.0
DEGREE DAYS
HEATING TOTAL 678 810 -132 732
COOLING TOTAL 145 144 1 35
..............................................................
WIND (MPH)
AVERAGE WIND SPEED 6.6
RESULTANT WIND SPEED/DIRECTION 1/300
HIGHEST WIND SPEED/DIRECTION 35/250 DATE 04/13
HIGHEST GUST SPEED/DIRECTION 45/250 DATE 04/09
SKY COVER
AVERAGE SKY COVER 0.43
AVERAGE RH (PERCENT) 66
WEATHER CONDITIONS. NUMBER OF DAYS WITH
THUNDERSTORM 8 MIXED PRECIP 0
HEAVY RAIN 8 RAIN 12
LIGHT RAIN 45 FREEZING RAIN 0
LT FREEZING RAIN 0 HAIL 1
HEAVY SNOW 0 SNOW 0
LIGHT SNOW 0 SLEET 0
FOG 35 FOG W/VIS <= 1/4 MILE 2
HAZE 0
- INDICATES NEGATIVE NUMBERS.
R INDICATES RECORD WAS SET OR TIED.
MM INDICATES DATA IS MISSING.
T INDICATES TRACE AMOUNT.
$$