873
CXUS51 KRNK 011332
CLSDAN
CLIMATE REPORT
NATIONAL WEATHER SERVICE BLACKSBURG VA
832 AM EST SUN DEC 1 2019
...................................
...THE DANVILLE VA CLIMATE SUMMARY FOR THE SEASON, FROM
9/1/2019 TO 11/30/2019...
CLIMATE NORMAL PERIOD 1981 TO 2010
CLIMATE RECORD PERIOD 1916 TO 2019
WEATHER OBSERVED NORMAL DEPART LAST YEAR`S
VALUE DATE(S) VALUE FROM VALUE
NORMAL
.............................................................
TEMPERATURE (F)
RECORD
HIGH 105 09/06/1954
09/01/1932
LOW 11 11/30/1929
HIGHEST 98 10/03 92
09/12
LOWEST 18 11/14 22
AVG. MAXIMUM 73.6 70.0 3.6 69.4
AVG. MINIMUM 49.3 49.1 0.2 50.8
MEAN 61.4 59.5 1.9 60.1
DAYS MAX >= 90 19 2.6 16.4 MM
DAYS MAX <= 32 0 0.0 0.0 MM
DAYS MIN <= 32 13 9.6 3.4 MM
DAYS MIN <= 0 0 0.0 0.0 MM
PRECIPITATION (INCHES)
RECORD
MAXIMUM 26.22 2018
MINIMUM 2.31 2001
TOTALS 9.23 10.85 -1.62 26.22
DAILY AVG. 0.10 0.12 -0.02 0.29
DAYS >= .01 19 24.8 -5.8 MM
DAYS >= .10 14 15.1 -1.1 MM
DAYS >= .50 7 7.0 0.0 MM
DAYS >= 1.00 4 3.4 0.6 MM
GREATEST
24 HR. TOTAL 2.32 6.00
SNOWFALL (INCHES)
TOTALS T T
DAYS >= TRACE 1 MM
DAYS >= 1.0 0 MM
GREATEST
24 HR TOTAL 0.0 0.0
DEGREE_DAYS
HEATING TOTAL 713 709 4 810
COOLING TOTAL 416 213 203 386
..............................................................
WIND (MPH)
AVERAGE WIND SPEED 4.4
HIGHEST WIND SPEED/DIRECTION 26/050 DATE 11/16
HIGHEST GUST SPEED/DIRECTION 37/320 DATE 10/31
SKY COVER
AVERAGE SKY COVER 0.30
AVERAGE RH (PERCENT) 69
WEATHER CONDITIONS. NUMBER OF DAYS WITH
0
9
0
0
0
1
5
HAZE 0
- INDICATES NEGATIVE NUMBERS.
R INDICATES RECORD WAS SET OR TIED.
MM INDICATES DATA IS MISSING.
T INDICATES TRACE AMOUNT.
$$