000
CXUS53 KDDC 021541
CF6DDC
PRELIMINARY LOCAL CLIMATOLOGICAL DATA (WS FORM: F-6)
STATION: DODGE CITY KS
MONTH: AUGUST
YEAR: 2020
LATITUDE: 37 46 N
LONGITUDE: 99 58 W
TEMPERATURE IN F: :PCPN: SNOW: WIND :SUNSHINE: SKY :PK WND
================================================================================
1 2 3 4 5 6A 6B 7 8 9 10 11 12 13 14 15 16 17 18
12Z AVG MX 2MIN
DY MAX MIN AVG DEP HDD CDD WTR SNW DPTH SPD SPD DIR MIN PSBL S-S WX SPD DR
================================================================================
1 89 61 75 -5 0 10 0.00 0.0 0 4.4 10 20 M M 1 17 340
2 82 60 71 -9 0 6 0.00 0.0 0 6.6 13 40 M M 1 1 21 30
3 81 58 70 -10 0 5 0.00 0.0 0 5.6 13 120 M M 3 20 140
4 82 62 72 -8 0 7 0.06 0.0 0 13.8 24 280 M M 4 13 37 250
5 86 61 74 -5 0 9 T 0.0 0 12.2 24 150 M M 1 13 35 160
6 84 67 76 -3 0 11 0.10 0.0 0 12.6 26 170 M M 3 138 36 180
7 92 70 81 2 0 16 T 0.0 0 9.0 24 160 M M 2 138 34 170
8 99 65 82 3 0 17 0.00 0.0 0 13.8 24 160 M M 0 36 160
9 100 69 85 6 0 20 T 0.0 0 11.4 22 210 M M 1 38 31 40
10 95 66 81 2 0 16 0.22 0.0 0 9.7 24 330 M M 0 138 40 330
11 90 61 76 -3 0 11 0.00 0.0 0 10.9 21 140 M M 0 29 130
12 86 64 75 -4 0 10 0.40 0.0 0 10.2 22 150 M M 5 13 31 140
13 89 70 80 1 0 15 0.00 0.0 0 7.6 17 130 M M 5 1 25 130
14 92 68 80 1 0 15 0.00 0.0 0 7.1 14 150 M M 4 12 22 160
15 90 67 79 1 0 14 0.00 0.0 0 8.8 17 140 M M 3 8 25 80
16 91 68 80 2 0 15 0.00 0.0 0 8.8 25 170 M M 1 32 160
17 92 62 77 -1 0 12 0.00 0.0 0 5.1 14 40 M M 0 1 21 50
18 91 59 75 -3 0 10 0.00 0.0 0 9.5 18 150 M M 0 8 28 150
19 89 63 76 -2 0 11 0.00 0.0 0 13.7 24 160 M M 0 8 30 150
20 92 63 78 0 0 13 0.00 0.0 0 12.9 20 160 M M 0 8 27 180
21 88 64 76 -2 0 11 0.00 0.0 0 12.1 23 150 M M 0 8 31 160
22 95 63 79 2 0 14 0.00 0.0 0 12.3 22 200 M M 0 8 31 190
23 97 66 82 5 0 17 0.00 0.0 0 12.6 21 150 M M 0 8 28 160
24 97 63 80 3 0 15 0.00 0.0 0 13.0 23 170 M M 0 8 31 190
25 95 61 78 1 0 13 0.00 0.0 0 12.4 21 180 M M 0 30 190
26 96 63 80 3 0 15 0.00 0.0 0 14.4 24 180 M M 0 8 33 170
27 99 67 83 7 0 18 0.00 0.0 0 13.8 23 170 M M 0 38 160
28 103 69 86 10 0 21 0.00 0.0 0 8.5 17 200 M M 0 22 90
29 82 64 73 -3 0 8 0.10 0.0 0 8.8 41 320 M M 6 138 61 320
30 94 63 79 3 0 14 0.00 0.0 0 10.3 20 170 M M 2 18 27 170
31 82 63 73 -2 0 8 0.00 0.0 0 14.6 35 360 M M 4 48 360
================================================================================
SM 2820 1990 0 397 0.88 0.0 326.5 M 46
================================================================================
AV 91.0 64.2 10.5 FASTST M M 1 MAX(MPH)
MISC ----> 41 320 61 20
================================================================================
NOTES:
# LAST OF SEVERAL OCCURRENCES
COLUMN 17 PEAK WIND IN M.P.H.
PRELIMINARY LOCAL CLIMATOLOGICAL DATA (WS FORM: F-6) , PAGE 2
STATION: DODGE CITY KS
MONTH: AUGUST
YEAR: 2020
LATITUDE: 37 46 N
LONGITUDE: 99 58 W
[TEMPERATURE DATA] [PRECIPITATION DATA] SYMBOLS USED IN COLUMN 16
AVERAGE MONTHLY: 77.6 TOTAL FOR MONTH: 0.88 1 = FOG OR MIST
DPTR FM NORMAL: -0.5 DPTR FM NORMAL: -1.87 2 = FOG REDUCING VISIBILITY
HIGHEST: 103 ON 28 GRTST 24HR 0.40 ON 12-12 TO 1/4 MILE OR LESS
LOWEST: 58 ON 3 3 = THUNDER
SNOW, ICE PELLETS, HAIL 4 = ICE PELLETS
TOTAL MONTH: 0.0 INCH 5 = HAIL
GRTST 24HR 0.0 6 = FREEZING RAIN OR DRIZZLE
GRTST DEPTH: 0 7 = DUSTSTORM OR SANDSTORM:
VSBY 1/2 MILE OR LESS
8 = SMOKE OR HAZE
[NO. OF DAYS WITH] [WEATHER - DAYS WITH] 9 = BLOWING SNOW
X = TORNADO
MAX 32 OR BELOW: 0 0.01 INCH OR MORE: 5
MAX 90 OR ABOVE: 19 0.10 INCH OR MORE: 4
MIN 32 OR BELOW: 0 0.50 INCH OR MORE: 0
MIN 0 OR BELOW: 0 1.00 INCH OR MORE: 0
[HDD (BASE 65) ]
TOTAL THIS MO. 0 CLEAR (SCALE 0-3) 23
DPTR FM NORMAL -3 PTCLDY (SCALE 4-7) 8
TOTAL FM JUL 1 0 CLOUDY (SCALE 8-10) 0
DPTR FM NORMAL -4
[CDD (BASE 65) ]
TOTAL THIS MO. 397
DPTR FM NORMAL -10 [PRESSURE DATA]
TOTAL FM JAN 1 1352 HIGHEST SLP 30.19 ON 17
DPTR FM NORMAL 106 LOWEST SLP 29.57 ON 30
[REMARKS]
#FINAL-08-20#