000
CXUS55 KALY 010810
CF6DDH
PRELIMINARY LOCAL CLIMATOLOGICAL DATA (WS FORM: F-6)
STATION: BENNINGTON VT
MONTH: FEBRUARY
YEAR: 2022
LATITUDE: 42 53 N
LONGITUDE: 73 15 W
TEMPERATURE IN F: :PCPN: SNOW: WIND :SUNSHINE: SKY :PK WND
================================================================================
1 2 3 4 5 6A 6B 7 8 9 10 11 12 13 14 15 16 17 18
12Z AVG MX 2MIN
DY MAX MIN AVG DEP HDD CDD WTR SNW DPTH SPD SPD DIR MIN PSBL S-S WX SPD DR
================================================================================
1 32 1 17 -5 48 0 0.00 M M 6.3 18 140 M M 0 32 110
2 45 27 36 14 29 0 0.00 M M 7.3 17 120 M M 1 23 190
3 44 30 37 14 28 0 1.08 M M 3.6 20 190 M M 10 126 26 190
4 M M M M M M 0.58 M M 3.8 M M M M 5 16 M M
5 19 1 10 -13 55 0 T M M 5.3 14 240 M M 6 18 19 280
6 24 -3 11 -12 54 0 0.00 M M 1.9 14 150 M M 0 21 190
7 37 13 25 2 40 0 0.06 M M 1.1 13 160 M M 8 12 16 160
8 34 27 31 8 34 0 T M M 5.4 14 250 M M 10 128 20 260
9 43 19 31 7 34 0 0.00 M M 4.3 13 250 M M 2 23 240
10 43 30 37 13 28 0 0.03 M M 3.8 14 230 M M 9 1 21 230
11 51 25 38 14 27 0 0.01 M M 9.6 26 190 M M 3 18 36 190
12 51 28 40 16 25 0 0.03 M M 9.0 26 190 M M 8 38 170
13 27 12 20 -4 45 0 T M M 5.7 12 260 M M 8 17 280
14 16 6 11 -13 54 0 T M M 7.3 16 300 M M 6 18 23 300
15 25 2 14 -11 51 0 0.00 M M 4.5 21 280 M M 3 31 280
16 45 10 28 3 37 0 0.00 M M 9.4 24 190 M M 1 39 180
17 58 42 50 25 15 0 0.21 M M 13.6 35 190 M M 9 54 170
18 60 12 36 11 29 0 0.16 M M 13.8 43 190 M M 7 128 61 190
19 29 11 20 -6 45 0 0.03 M M 10.7 26 280 M M 6 128 38 270
20 32 2 17 -9 48 0 0.00 M M 5.9 15 170 M M 0 22 270
21 56 20 38 12 27 0 0.00 M M 1.1 8 180 M M 2 10 230
22 60 26 43 17 22 0 0.30 M M 12.3 28 170 M M 4 1 39 180
23 60 22 41 14 24 0 0.07 M M 10.0 21 280 M M 9 1 33 280
24 28 13 21 -6 44 0 0.00 M M 4.8 13 330 M M 2 19 280
25 28 13 21 -6 44 0 0.43 M M 6.8 29 130 M M 10 128 41 140
26 27 -5 11 -17 54 0 0.00 M M 3.4 14 280 M M 4 19 280
27 34 19 27 -1 38 0 0.02 M M 9.0 22 280 M M 10 128 34 300
28 22 2 12 -16 53 0 0.00 M M 5.3 13 360 M M 1 20 330
================================================================================
SM 1030 405 1032 0 3.01 M 185.0 M 144
================================================================================
AV 38.1 15.0 6.6 FASTST M M 5 MAX(MPH)
MISC ----> 43 190 61 190
================================================================================
NOTES:
# LAST OF SEVERAL OCCURRENCES
COLUMN 17 PEAK WIND IN M.P.H.
PRELIMINARY LOCAL CLIMATOLOGICAL DATA (WS FORM: F-6) , PAGE 2
STATION: BENNINGTON VT
MONTH: FEBRUARY
YEAR: 2022
LATITUDE: 42 53 N
LONGITUDE: 73 15 W
[TEMPERATURE DATA] [PRECIPITATION DATA] SYMBOLS USED IN COLUMN 16
AVERAGE MONTHLY: 26.6 TOTAL FOR MONTH: 3.01 1 = FOG OR MIST
DPTR FM NORMAL: 1.8 DPTR FM NORMAL: 1.07 2 = FOG REDUCING VISIBILITY
HIGHEST: 60 ON 23,22 GRTST 24HR 1.08 ON 3- 3 TO 1/4 MILE OR LESS
LOWEST: -5 ON 26 3 = THUNDER
SNOW, ICE PELLETS, HAIL 4 = ICE PELLETS
TOTAL MONTH: M 5 = HAIL
GRTST 24HR M ON M 6 = FREEZING RAIN OR DRIZZLE
GRTST DEPTH: M ON M 7 = DUSTSTORM OR SANDSTORM:
VSBY 1/2 MILE OR LESS
8 = SMOKE OR HAZE
[NO. OF DAYS WITH] [WEATHER - DAYS WITH] 9 = BLOWING SNOW
X = TORNADO
MAX 32 OR BELOW: 12 0.01 INCH OR MORE: 13
MAX 90 OR ABOVE: 0 0.10 INCH OR MORE: 6
MIN 32 OR BELOW: 26 0.50 INCH OR MORE: 2
MIN 0 OR BELOW: 2 1.00 INCH OR MORE: 1
[HDD (BASE 65) ]
TOTAL THIS MO. 1032 CLEAR (SCALE 0-3) 10
DPTR FM NORMAL -94 PTCLDY (SCALE 4-7) 11
TOTAL FM JUL 1 4738 CLOUDY (SCALE 8-10) 7
DPTR FM NORMAL -341
[CDD (BASE 65) ]
TOTAL THIS MO. 0
DPTR FM NORMAL 0 [PRESSURE DATA]
TOTAL FM JAN 1 0 HIGHEST SLP 30.70 ON 16
DPTR FM NORMAL 0 LOWEST SLP 29.11 ON 18
[REMARKS]
#FINAL-02-22#