000
CXUS53 KIWX 020303
CF6DFI
PRELIMINARY LOCAL CLIMATOLOGICAL DATA (WS FORM: F-6)
STATION: DEFIANCE MEMORIAL
MONTH: AUGUST
YEAR: 2022
LATITUDE: 41 20 N
LONGITUDE: 84 26 W
TEMPERATURE IN F: :PCPN: SNOW: WIND :SUNSHINE: SKY :PK WND
================================================================================
1 2 3 4 5 6A 6B 7 8 9 10 11 12 13 14 15 16 17 18
12Z AVG MX 2MIN
DY MAX MIN AVG DEP HDD CDD WTR SNW DPTH SPD SPD DIR MIN PSBL S-S WX SPD DR
================================================================================
1 85 65 75 3 0 10 T M M 7.8 18 240 M M 6 32 210
2 85 63 74 2 0 9 0.00 M M 3.3 12 300 M M 1 21 280
3 93 66 80 8 0 15 T M M 8.9 29 220 M M 2 3 50 230
4 84 71 78 6 0 13 T M M 4.8 14 200 M M 5 19 200
5 90 70 80 8 0 15 0.02 M M 3.5 14 110 M M 5 3 19 110
6 89 69 79 7 0 14 0.00 M M 3.1 14 200 M M 2 1 20 190
7 91 72 82 10 0 17 0.44 M M 6.2 17 260 M M 4 18 32 240
8 88 72 80 8 0 15 0.57 M M 8.1 23 300 M M 7 13 33 290
9 74 63 69 -3 0 4 0.00 M M 4.0 10 20 M M 8 1 15 360
10 81 62 72 0 0 7 0.00 M M 2.4 10 320 M M 3 1 16 330
11 79 60 70 -2 0 5 0.00 M M 5.7 13 10 M M 2 1 18 340
12 78 52 65 -6 0 0 0.00 M M 3.3 13 20 M M 0 19 320
13 71 53 62 -9 3 0 0.27 M M 3.5 12 70 M M 5 1 16 60
14 68 60 64 -7 1 0 0.63 M M 7.3 14 110 M M 10 1 21 130
15 80 63 72 1 0 7 0.00 M M 5.0 13 20 M M 7 17 100
16 81 59 70 -1 0 5 0.00 M M 6.9 17 80 M M 2 23 20
17 81 59 70 -1 0 5 0.00 M M 4.1 10 340 M M 1 17 60
18 82 55 69 -2 0 4 0.00 M M 1.5 8 210 M M 1 1 13 250
19 84 58 71 0 0 6 0.00 M M 1.9 10 200 M M 1 1 14 120
20 80 64 72 1 0 7 0.48 M M 4.7 18 300 M M 4 13 27 300
21 80 65 73 3 0 8 0.16 M M 4.1 17 20 M M 7 13 23 10
22 81 62 72 2 0 7 0.00 M M 6.7 14 330 M M 4 1 18 330
23 80 57 69 -1 0 4 0.00 M M 1.9 10 330 M M 1 14 310
24 84 57 71 1 0 6 0.00 M M 1.2 8 210 M M 1 1 11 210
25 82 60 71 1 0 6 0.00 M M 2.6 12 220 M M 3 1 20 210
26 76 59 68 -2 0 3 T M M 4.1 15 340 M M 3 12 20 340
27 80 56 68 -2 0 3 0.00 M M 3.6 10 110 M M 3 12 13 90
28 88 60 74 5 0 9 0.00 M M 6.4 15 160 M M 1 1 23 170
29 88 69 79 10 0 14 0.60 M M 9.2 24 290 M M 4 13 38 290
30 80 59 70 1 0 5 0.03 M M 7.6 17 300 M M 3 28 310
31 80 56 68 -1 0 3 0.00 M M 4.4 14 300 M M 1 22 230
================================================================================
SM 2543 1916 4 226 3.20 M 147.8 M 107
================================================================================
AV 82.0 61.8 4.8 FASTST M M 3 MAX(MPH)
MISC ----> 29 220 50 230
================================================================================
NOTES:
# LAST OF SEVERAL OCCURRENCES
COLUMN 17 PEAK WIND IN M.P.H.
PRELIMINARY LOCAL CLIMATOLOGICAL DATA (WS FORM: F-6) , PAGE 2
STATION: DEFIANCE MEMORIAL
MONTH: AUGUST
YEAR: 2022
LATITUDE: 41 20 N
LONGITUDE: 84 26 W
[TEMPERATURE DATA] [PRECIPITATION DATA] SYMBOLS USED IN COLUMN 16
AVERAGE MONTHLY: 71.9 TOTAL FOR MONTH: 3.20 1 = FOG OR MIST
DPTR FM NORMAL: 1.1 DPTR FM NORMAL: -0.17 2 = FOG REDUCING VISIBILITY
HIGHEST: 93 ON 3 GRTST 24HR 0.89 ON 13-14 TO 1/4 MILE OR LESS
LOWEST: 52 ON 12 3 = THUNDER
SNOW, ICE PELLETS, HAIL 4 = ICE PELLETS
TOTAL MONTH: M 5 = HAIL
GRTST 24HR M ON M 6 = FREEZING RAIN OR DRIZZLE
GRTST DEPTH: M ON M 7 = DUSTSTORM OR SANDSTORM:
VSBY 1/2 MILE OR LESS
8 = SMOKE OR HAZE
[NO. OF DAYS WITH] [WEATHER - DAYS WITH] 9 = BLOWING SNOW
X = TORNADO
MAX 32 OR BELOW: 0 0.01 INCH OR MORE: 9
MAX 90 OR ABOVE: 3 0.10 INCH OR MORE: 7
MIN 32 OR BELOW: 0 0.50 INCH OR MORE: 3
MIN 0 OR BELOW: 0 1.00 INCH OR MORE: 0
[HDD (BASE 65) ]
TOTAL THIS MO. 4 CLEAR (SCALE 0-3) 18
DPTR FM NORMAL -7 PTCLDY (SCALE 4-7) 12
TOTAL FM JUL 1 4 CLOUDY (SCALE 8-10) 1
DPTR FM NORMAL -6
[CDD (BASE 65) ]
TOTAL THIS MO. 226
DPTR FM NORMAL 34 [PRESSURE DATA]
TOTAL FM JAN 1 849 HIGHEST SLP 30.25 ON 12
DPTR FM NORMAL 188 LOWEST SLP 29.80 ON 3
[REMARKS]
#FINAL-08-22#