000
CXUS54 KFWD 180730
CF6DFW
PRELIMINARY LOCAL CLIMATOLOGICAL DATA (WS FORM: F-6)
STATION: DALLAS/FORT WORTH
MONTH: APRIL
YEAR: 2024
LATITUDE: 32 54 N
LONGITUDE: 97 2 W
TEMPERATURE IN F: :PCPN: SNOW: WIND :SUNSHINE: SKY :PK WND
================================================================================
1 2 3 4 5 6A 6B 7 8 9 10 11 12 13 14 15 16 17 18
12Z AVG MX 2MIN
DY MAX MIN AVG DEP HDD CDD WTR SNW DPTH SPD SPD DIR MIN PSBL S-S WX SPD DR
================================================================================
1 81 67 74 12 0 9 0.50 0.0 0 13.9 28 180 M M 10 138 39 180
2 68 53 61 -2 4 0 T 0.0 0 16.1 28 320 M M 6 3 37 310
3 74 50 62 -1 3 0 0.00 0.0 0 11.4 23 320 M M 0 31 320
4 84 48 66 3 0 1 0.00 0.0 0 5.0 12 180 M M 0 16 200
5 86 56 71 8 0 6 0.00 0.0 0 8.9 18 170 M M 3 28 180
6 76 62 69 5 0 4 0.00 0.0 0 18.4 29 190 M M 8 38 180
7 80 59 70 6 0 5 0.02 0.0 0 11.1 20 210 M M 5 26 270
8 82 53 68 4 0 3 0.05 0.0 0 9.3 24 130 M M 7 3 33 120
9 69 61 65 1 0 0 0.81 0.0 0 12.1 45 350 M M 9 13 60 340
10 65 52 59 -5 6 0 0.05 0.0 0 13.4 37 310 M M 9 13 48 300
11 74 49 62 -3 3 0 0.00 0.0 0 11.0 22 330 M M 0 32 350
12 80 49 65 0 0 0 0.00 0.0 0 9.6 22 190 M M 4 28 180
13 82 61 72 7 0 7 0.00 0.0 0 17.5 30 180 M M 4 39 190
14 82 64 73 8 0 8 0.00 0.0 0 15.2 23 190 M M 6 32 170
15 79 69 74 8 0 9 T 0.0 0 15.6 28 130 M M 10 38 140
16 87 69 78 12 0 13 0.04 0.0 0 13.1 25 190 M M 8 1 33 170
17 88 71 80 14 0 15 0.00 0.0 0 11.1 17 170 M M 9 1 23 150
================================================================================
SM 1337 993 16 80 1.47 0.0 212.7 M 98
================================================================================
AV 78.6 58.4 12.5 FASTST M M 6 MAX(MPH)
MISC ----> 45 350 60 340
================================================================================
NOTES:
# LAST OF SEVERAL OCCURRENCES
COLUMN 17 PEAK WIND IN M.P.H.
PRELIMINARY LOCAL CLIMATOLOGICAL DATA (WS FORM: F-6) , PAGE 2
STATION: DALLAS/FORT WORTH
MONTH: APRIL
YEAR: 2024
LATITUDE: 32 54 N
LONGITUDE: 97 2 W
[TEMPERATURE DATA] [PRECIPITATION DATA] SYMBOLS USED IN COLUMN 16
AVERAGE MONTHLY: 68.5 TOTAL FOR MONTH: 1.47 1 = FOG OR MIST
DPTR FM NORMAL: 4.3 DPTR FM NORMAL: -0.21 2 = FOG REDUCING VISIBILITY
HIGHEST: 88 ON 17 GRTST 24HR 0.85 ON 8- 9 TO 1/4 MILE OR LESS
LOWEST: 48 ON 4 3 = THUNDER
SNOW, ICE PELLETS, HAIL 4 = ICE PELLETS
TOTAL MONTH: 0.0 INCH 5 = HAIL
GRTST 24HR 0.0 6 = FREEZING RAIN OR DRIZZLE
GRTST DEPTH: 0 7 = DUSTSTORM OR SANDSTORM:
VSBY 1/2 MILE OR LESS
8 = SMOKE OR HAZE
[NO. OF DAYS WITH] [WEATHER - DAYS WITH] 9 = BLOWING SNOW
X = TORNADO
MAX 32 OR BELOW: 0 0.01 INCH OR MORE: 6
MAX 90 OR ABOVE: 0 0.10 INCH OR MORE: 2
MIN 32 OR BELOW: 0 0.50 INCH OR MORE: 2
MIN 0 OR BELOW: 0 1.00 INCH OR MORE: 0
[HDD (BASE 65) ]
TOTAL THIS MO. 16 CLEAR (SCALE 0-3) 4
DPTR FM NORMAL -44 PTCLDY (SCALE 4-7) 8
TOTAL FM JUL 1 1782 CLOUDY (SCALE 8-10) 5
DPTR FM NORMAL -404
[CDD (BASE 65) ]
TOTAL THIS MO. 80
DPTR FM NORMAL 35 [PRESSURE DATA]
TOTAL FM JAN 1 171 HIGHEST SLP M ON M
DPTR FM NORMAL 81 LOWEST SLP 29.48 ON 1
[REMARKS]