000
CXUS54 KFWD 010730
CF6DFW
PRELIMINARY LOCAL CLIMATOLOGICAL DATA (WS FORM: F-6)
STATION: DALLAS/FORT WORTH
MONTH: APRIL
YEAR: 2021
LATITUDE: 32 54 N
LONGITUDE: 97 2 W
TEMPERATURE IN F: :PCPN: SNOW: WIND :SUNSHINE: SKY :PK WND
================================================================================
1 2 3 4 5 6A 6B 7 8 9 10 11 12 13 14 15 16 17 18
12Z AVG MX 2MIN
DY MAX MIN AVG DEP HDD CDD WTR SNW DPTH SPD SPD DIR MIN PSBL S-S WX SPD DR
================================================================================
1 70 42 56 -6 9 0 0.00 0.0 0 3.9 12 50 M M 2 18 40
2 70 45 58 -4 7 0 0.00 0.0 0 10.2 22 140 M M 6 29 150
3 73 57 65 3 0 0 0.00 0.0 0 12.8 22 180 M M 8 29 180
4 75 60 68 5 0 3 0.00 0.0 0 11.4 17 180 M M 10 22 180
5 79 56 68 5 0 3 0.00 0.0 0 13.7 24 170 M M 2 33 160
6 83 65 74 11 0 9 0.00 0.0 0 21.6 33 170 M M 7 44 170
7 80 60 70 7 0 5 0.00 0.0 0 16.7 30 180 M M 5 43 180
8 85 49 67 3 0 2 0.00 0.0 0 7.9 21 180 M M 4 27 180
9 86 62 74 10 0 9 0.00 0.0 0 15.1 40 330 M M 7 8 49 330
10 74 52 63 -1 2 0 0.00 0.0 0 12.7 25 330 M M 1 32 330
11 87 49 68 4 0 3 0.00 0.0 0 10.2 22 190 M M 1 29 190
12 87 62 75 10 0 10 0.00 0.0 0 11.1 23 10 M M 7 29 360
13 80 56 68 3 0 3 0.31 0.0 0 12.2 26 360 M M 7 13 35 360
14 74 57 66 1 0 1 0.01 0.0 0 12.7 23 10 M M 9 3 30 10
15 62 56 59 -6 6 0 0.56 0.0 0 10.3 23 60 M M 10 13 29 60
16 61 52 57 -9 8 0 0.84 0.0 0 9.8 26 340 M M 10 13 34 350
17 62 48 55 -11 10 0 0.00 0.0 0 14.8 22 350 M M 8 28 350
18 70 45 58 -8 7 0 0.00 0.0 0 8.8 21 320 M M 2 26 340
19 74 44 59 -7 6 0 0.00 0.0 0 7.4 15 190 M M 4 19 170
20 62 40 51 -16 14 0 0.00 0.0 0 14.2 24 350 M M 1 34 350
21 62 37 50 -17 15 0 0.00 0.0 M 4.8 14 10 M M 5 19 20
22 65 54 60 -7 5 0 T 0.0 0 8.9 20 160 M M 10 26 140
23 72 58 65 -3 0 0 0.88 0.0 0 11.7 30 350 M M 10 13 37 360
24 74 56 65 -3 0 0 0.00 0.0 0 10.5 22 330 M M 6 26 350
25 83 50 67 -1 0 2 0.00 0.0 0 10.7 21 160 M M 2 27 160
26 83 64 74 6 0 9 0.00 0.0 0 18.1 28 160 M M 8 37 170
27 76 69 73 4 0 8 T 0.0 0 17.3 25 150 M M 10 35 150
28 82 72 77 8 0 12 0.19 0.0 0 9.0 23 150 M M 10 13 32 160
29 72 65 69 0 0 4 1.41 0.0 0 11.8 24 350 M M 10 13 31 350
30 68 61 65 -4 0 0 0.30 0.0 0 10.1 18 80 M M 10 1 26 90
================================================================================
SM 2231 1643 89 83 4.50 0.0 350.4 M 192
================================================================================
AV 74.4 54.8 11.7 FASTST M M 6 MAX(MPH)
MISC ----> 40 330 49 330
================================================================================
NOTES:
# LAST OF SEVERAL OCCURRENCES
COLUMN 17 PEAK WIND IN M.P.H.
PRELIMINARY LOCAL CLIMATOLOGICAL DATA (WS FORM: F-6) , PAGE 2
STATION: DALLAS/FORT WORTH
MONTH: APRIL
YEAR: 2021
LATITUDE: 32 54 N
LONGITUDE: 97 2 W
[TEMPERATURE DATA] [PRECIPITATION DATA] SYMBOLS USED IN COLUMN 16
AVERAGE MONTHLY: 64.6 TOTAL FOR MONTH: 4.50 1 = FOG OR MIST
DPTR FM NORMAL: -0.9 DPTR FM NORMAL: 1.43 2 = FOG REDUCING VISIBILITY
HIGHEST: 87 ON 12,11 GRTST 24HR 1.58 ON 28-29 TO 1/4 MILE OR LESS
LOWEST: 37 ON 21 3 = THUNDER
SNOW, ICE PELLETS, HAIL 4 = ICE PELLETS
TOTAL MONTH: 0.0 INCH 5 = HAIL
GRTST 24HR 0.0 6 = FREEZING RAIN OR DRIZZLE
GRTST DEPTH: 0 7 = DUSTSTORM OR SANDSTORM:
VSBY 1/2 MILE OR LESS
8 = SMOKE OR HAZE
[NO. OF DAYS WITH] [WEATHER - DAYS WITH] 9 = BLOWING SNOW
X = TORNADO
MAX 32 OR BELOW: 0 0.01 INCH OR MORE: 8
MAX 90 OR ABOVE: 0 0.10 INCH OR MORE: 7
MIN 32 OR BELOW: 0 0.50 INCH OR MORE: 4
MIN 0 OR BELOW: 0 1.00 INCH OR MORE: 1
[HDD (BASE 65) ]
TOTAL THIS MO. 89 CLEAR (SCALE 0-3) 7
DPTR FM NORMAL 6 PTCLDY (SCALE 4-7) 12
TOTAL FM JUL 1 2224 CLOUDY (SCALE 8-10) 11
DPTR FM NORMAL -52
[CDD (BASE 65) ]
TOTAL THIS MO. 83
DPTR FM NORMAL -16 [PRESSURE DATA]
TOTAL FM JAN 1 129 HIGHEST SLP M ON M
DPTR FM NORMAL -9 LOWEST SLP 29.50 ON 9
[REMARKS]
#FINAL-04-21#