000
CXUS54 KFWD 030451
CF6DFW
PRELIMINARY LOCAL CLIMATOLOGICAL DATA (WS FORM: F-6)
STATION: DALLAS/FORT WORTH
MONTH: DECEMBER
YEAR: 2023
LATITUDE: 32 54 N
LONGITUDE: 97 2 W
TEMPERATURE IN F: :PCPN: SNOW: WIND :SUNSHINE: SKY :PK WND
================================================================================
1 2 3 4 5 6A 6B 7 8 9 10 11 12 13 14 15 16 17 18
12Z AVG MX 2MIN
DY MAX MIN AVG DEP HDD CDD WTR SNW DPTH SPD SPD DIR MIN PSBL S-S WX SPD DR
================================================================================
1 61 43 52 1 13 0 0.00 0.0 0 8.7 17 310 M M 4 24 300
2 66 39 53 2 12 0 T 0.0 0 5.0 15 270 M M 5 20 270
3 74 38 56 5 9 0 0.00 0.0 0 11.4 24 360 M M 1 33 340
4 64 42 53 2 12 0 0.00 0.0 0 5.7 14 320 M M 1 8 20 320
5 71 39 55 5 10 0 0.00 0.0 0 4.5 12 10 M M 0 16 350
6 66 41 54 4 11 0 0.00 0.0 0 6.3 13 170 M M 4 17 180
7 71 48 60 10 5 0 0.00 0.0 0 16.2 30 210 M M 6 38 190
8 80 60 70 20 0 5 0.00 0.0 0 16.0 28 200 M M 4 35 200
9 66 44 55 6 10 0 0.00 0.0 0 15.0 24 340 M M 2 33 310
10 53 35 44 -5 21 0 0.00 0.0 0 9.5 17 330 M M 3 22 340
11 65 35 50 1 15 0 0.00 0.0 0 7.1 13 190 M M 3 17 140
12 65 40 53 4 12 0 0.00 0.0 0 7.0 15 140 M M 8 22 140
13 63 46 55 7 10 0 0.00 0.0 0 8.0 20 140 M M 8 26 120
14 63 42 53 5 12 0 0.00 0.0 0 8.7 17 130 M M 6 24 130
15 59 47 53 5 12 0 0.60 0.0 0 9.3 21 140 M M 9 1 30 150
16 59 42 51 3 14 0 0.00 0.0 0 10.4 20 330 M M 0 26 300
17 72 37 55 7 10 0 0.00 0.0 0 5.0 10 320 M M 1 13 220
18 63 44 54 7 11 0 0.00 0.0 0 9.0 20 20 M M 1 25 10
19 60 37 49 2 16 0 0.00 0.0 0 8.7 18 170 M M 8 25 170
20 67 44 56 9 9 0 0.00 0.0 0 9.7 16 150 M M 7 21 160
21 60 56 58 11 7 0 1.16 0.0 0 8.5 14 150 M M 10 1 18 160
22 68 56 62 15 3 0 0.07 0.0 0 7.3 14 220 M M 7 1 21 220
23 65 60 63 16 2 0 0.19 0.0 0 9.9 20 160 M M 10 1 27 140
24 66 47 57 11 8 0 1.53 0.0 0 13.8 30 320 M M 9 13 40 310
25 51 37 44 -2 21 0 0.00 0.0 0 14.4 29 330 M M 3 38 320
26 56 31 44 -2 21 0 0.00 0.0 0 10.2 26 190 M M 2 30 190
27 51 37 44 -2 21 0 0.00 0.0 0 12.0 22 330 M M 1 30 320
28 50 35 43 -3 22 0 0.00 0.0 0 10.4 23 340 M M 6 31 340
29 56 34 45 -1 20 0 0.00 0.0 0 12.6 20 320 M M 2 26 300
30 66 33 50 4 15 0 0.00 0.0 0 5.9 13 240 M M 0 16 240
31 67 38 53 7 12 0 0.00 0.0 0 7.0 22 10 M M 5 28 360
================================================================================
SM 1964 1307 376 5 3.55 0.0 293.2 M 136
================================================================================
AV 63.4 42.2 9.5 FASTST M M 4 MAX(MPH)
MISC ----> # 30 210 40 310
================================================================================
NOTES:
# LAST OF SEVERAL OCCURRENCES
COLUMN 17 PEAK WIND IN M.P.H.
PRELIMINARY LOCAL CLIMATOLOGICAL DATA (WS FORM: F-6) , PAGE 2
STATION: DALLAS/FORT WORTH
MONTH: DECEMBER
YEAR: 2023
LATITUDE: 32 54 N
LONGITUDE: 97 2 W
[TEMPERATURE DATA] [PRECIPITATION DATA] SYMBOLS USED IN COLUMN 16
AVERAGE MONTHLY: 52.8 TOTAL FOR MONTH: 3.55 1 = FOG OR MIST
DPTR FM NORMAL: 4.7 DPTR FM NORMAL: 0.71 2 = FOG REDUCING VISIBILITY
HIGHEST: 80 ON 8 GRTST 24HR 1.72 ON 23-24 TO 1/4 MILE OR LESS
LOWEST: 31 ON 26 3 = THUNDER
SNOW, ICE PELLETS, HAIL 4 = ICE PELLETS
TOTAL MONTH: 0.0 INCH 5 = HAIL
GRTST 24HR 0.0 6 = FREEZING RAIN OR DRIZZLE
GRTST DEPTH: 0 7 = DUSTSTORM OR SANDSTORM:
VSBY 1/2 MILE OR LESS
8 = SMOKE OR HAZE
[NO. OF DAYS WITH] [WEATHER - DAYS WITH] 9 = BLOWING SNOW
X = TORNADO
MAX 32 OR BELOW: 0 0.01 INCH OR MORE: 5
MAX 90 OR ABOVE: 0 0.10 INCH OR MORE: 4
MIN 32 OR BELOW: 1 0.50 INCH OR MORE: 3
MIN 0 OR BELOW: 0 1.00 INCH OR MORE: 2
[HDD (BASE 65) ]
TOTAL THIS MO. 376 CLEAR (SCALE 0-3) 12
DPTR FM NORMAL -152 PTCLDY (SCALE 4-7) 14
TOTAL FM JUL 1 703 CLOUDY (SCALE 8-10) 5
DPTR FM NORMAL -182
[CDD (BASE 65) ]
TOTAL THIS MO. 5
DPTR FM NORMAL 1 [PRESSURE DATA]
TOTAL FM JAN 1 3573 HIGHEST SLP 30.49 ON 13
DPTR FM NORMAL 750 LOWEST SLP 29.63 ON 8
[REMARKS]
#FINAL-12-23#