000
CXUS52 KTAE 010900
CF6DHN
PRELIMINARY LOCAL CLIMATOLOGICAL DATA (WS FORM: F-6)
STATION: DOTHAN
MONTH: FEBRUARY
YEAR: 2022
LATITUDE: 31 19 N
LONGITUDE: 85 27 W
TEMPERATURE IN F: :PCPN: SNOW: WIND :SUNSHINE: SKY :PK WND
================================================================================
1 2 3 4 5 6A 6B 7 8 9 10 11 12 13 14 15 16 17 18
12Z AVG MX 2MIN
DY MAX MIN AVG DEP HDD CDD WTR SNW DPTH SPD SPD DIR MIN PSBL S-S WX SPD DR
================================================================================
1 68 35 52 0 13 0 0.00 0.0 0 5.6 17 150 M M 0 1 22 140
2 74 50 62 10 3 0 0.00 0.0 0 12.9 23 160 M M 2 8 29 150
3 71 61 66 14 0 1 0.00 0.0 0 15.8 26 170 M M 10 18 33 170
4 71 38 55 3 10 0 1.13 0.0 0 11.9 23 190 M M 10 13 31 180
5 52 33 43 -9 22 0 0.00 0.0 0 11.2 21 340 M M 2 26 350
6 60 32 46 -7 19 0 0.00 0.0 0 8.3 15 70 M M 3 19 70
7 49 44 47 -6 18 0 0.16 0.0 0 5.3 12 30 M M 8 18 14 40
8 59 39 49 -4 16 0 0.00 0.0 0 4.5 13 30 M M 0 17 40
9 64 34 49 -4 16 0 0.00 0.0 0 4.3 13 270 M M 0 15 270
10 68 38 53 -1 12 0 0.00 0.0 0 5.3 12 210 M M 0 16 260
11 70 39 55 1 10 0 0.00 0.0 0 3.5 13 210 M M 2 16 220
12 66 43 55 1 10 0 0.00 0.0 0 2.1 9 280 M M 2 14 300
13 57 37 47 -7 18 0 0.00 0.0 0 13.0 25 330 M M 2 31 320
14 62 31 47 -7 18 0 0.00 0.0 0 4.9 14 340 M M 0 18 330
15 66 33 50 -5 15 0 0.00 0.0 M 5.2 15 110 M M 0 19 130
16 76 48 62 7 3 0 0.00 0.0 M 8.4 18 150 M M 2 8 25 150
17 78 55 67 12 0 2 0.01 0.0 M 14.8 28 200 M M 7 18 40 190
18 71 44 58 3 7 0 0.32 0.0 0 12.3 23 330 M M 7 1 31 290
19 63 34 49 -7 16 0 0.00 0.0 M 8.2 18 30 M M 0 23 30
20 68 36 52 -4 13 0 0.00 0.0 M 5.5 13 80 M M 0 16 140
21 65 49 57 1 8 0 T 0.0 0 4.6 10 130 M M 9 13 100
22 83 58 71 15 0 6 0.00 0.0 0 9.2 21 170 M M 4 12 25 180
23 84 62 73 17 0 8 0.00 0.0 0 6.4 13 190 M M 5 1 16 190
24 80 56 68 11 0 3 0.00 0.0 0 6.0 15 200 M M 5 12 20 200
25 79 57 68 11 0 3 0.00 0.0 0 9.3 21 300 M M 7 1 29 280
26 76 47 62 5 3 0 0.00 0.0 0 6.9 13 330 M M 1 17 330
27 76 49 63 6 2 0 T 0.0 0 7.1 20 290 M M 6 23 310
28 64 47 56 -2 9 0 0.00 0.0 0 6.9 15 340 M M 7 18 17 340
================================================================================
SM 1920 1229 261 23 1.62 0.0 219.4 M 101
================================================================================
AV 68.6 43.9 7.8 FASTST M M 4 MAX(MPH)
MISC ----> 28 200 40 190
================================================================================
NOTES:
# LAST OF SEVERAL OCCURRENCES
COLUMN 17 PEAK WIND IN M.P.H.
PRELIMINARY LOCAL CLIMATOLOGICAL DATA (WS FORM: F-6) , PAGE 2
STATION: DOTHAN
MONTH: FEBRUARY
YEAR: 2022
LATITUDE: 31 19 N
LONGITUDE: 85 27 W
[TEMPERATURE DATA] [PRECIPITATION DATA] SYMBOLS USED IN COLUMN 16
AVERAGE MONTHLY: 56.2 TOTAL FOR MONTH: 1.62 1 = FOG OR MIST
DPTR FM NORMAL: 1.6 DPTR FM NORMAL: -3.20 2 = FOG REDUCING VISIBILITY
HIGHEST: 84 ON 23 GRTST 24HR 1.13 ON 4- 4 TO 1/4 MILE OR LESS
LOWEST: 31 ON 14 3 = THUNDER
SNOW, ICE PELLETS, HAIL 4 = ICE PELLETS
TOTAL MONTH: 0.0 INCH 5 = HAIL
GRTST 24HR 0.0 6 = FREEZING RAIN OR DRIZZLE
GRTST DEPTH: 0 7 = DUSTSTORM OR SANDSTORM:
VSBY 1/2 MILE OR LESS
8 = SMOKE OR HAZE
[NO. OF DAYS WITH] [WEATHER - DAYS WITH] 9 = BLOWING SNOW
X = TORNADO
MAX 32 OR BELOW: 0 0.01 INCH OR MORE: 4
MAX 90 OR ABOVE: 0 0.10 INCH OR MORE: 3
MIN 32 OR BELOW: 2 0.50 INCH OR MORE: 1
MIN 0 OR BELOW: 0 1.00 INCH OR MORE: 1
[HDD (BASE 65) ]
TOTAL THIS MO. 261 CLEAR (SCALE 0-3) 16
DPTR FM NORMAL -46 PTCLDY (SCALE 4-7) 9
TOTAL FM JUL 1 1216 CLOUDY (SCALE 8-10) 3
DPTR FM NORMAL -189
[CDD (BASE 65) ]
TOTAL THIS MO. 23
DPTR FM NORMAL 9 [PRESSURE DATA]
TOTAL FM JAN 1 35 HIGHEST SLP 30.55 ON 15
DPTR FM NORMAL 15 LOWEST SLP 29.94 ON 18
[REMARKS]
#FINAL-02-22#