000
CXUS54 KAMA 010710
CF6DHT
PRELIMINARY LOCAL CLIMATOLOGICAL DATA (WS FORM: F-6)
STATION: DALHART
MONTH: OCTOBER
YEAR: 2022
LATITUDE: 36 1 N
LONGITUDE: 102 33 W
TEMPERATURE IN F: :PCPN: SNOW: WIND :SUNSHINE: SKY :PK WND
================================================================================
1 2 3 4 5 6A 6B 7 8 9 10 11 12 13 14 15 16 17 18
12Z AVG MX 2MIN
DY MAX MIN AVG DEP HDD CDD WTR SNW DPTH SPD SPD DIR MIN PSBL S-S WX SPD DR
================================================================================
1 86 47 67 4 0 2 0.00 M M 12.2 25 180 M M 0 35 180
2 83 50 67 4 0 2 0.00 M M 10.2 21 180 M M 1 28 170
3 84 45 65 3 0 0 0.00 M M 11.2 22 190 M M 0 8 34 190
4 71 59 65 3 0 0 T M M 6.6 14 350 M M 8 17 350
5 64 57 61 -1 4 0 0.25 M M 8.1 15 40 M M 9 1 20 30
6 66 55 61 0 4 0 0.02 M M 4.4 8 160 M M 8 12 330
7 56 46 51 -10 14 0 0.80 M M 8.8 17 40 M M 10 1 22 50
8 54 43 49 -11 16 0 0.04 M M 9.1 15 200 M M 8 1 20 230
9 74 47 61 1 4 0 0.00 M M 9.6 17 200 M M 1 1 24 230
10 75 43 59 -1 6 0 0.00 M M 9.4 21 210 M M 1 1 26 210
11 82 48 65 6 0 0 0.00 M M 12.5 22 320 M M 0 1 30 230
12 75 49 62 3 3 0 0.00 M M 10.0 23 60 M M 0 33 60
13 68 40 54 -4 11 0 0.00 M M 6.5 18 60 M M 0 24 70
14 81 42 62 4 3 0 0.00 M M 9.1 20 240 M M 0 26 220
15 78 42 60 3 5 0 0.00 M M 10.0 24 50 M M 0 32 60
16 57 50 54 -3 11 0 0.06 M M 8.0 20 20 M M 8 28 10
17 61 41 51 -6 14 0 0.00 M M 6.4 14 20 M M 4 17 10
18 66 37 52 -4 13 0 0.00 M M 7.0 14 80 M M 0 18 19 80
19 79 33 56 0 9 0 0.00 M M 7.1 14 320 M M 0 18 21 230
20 80 43 62 7 3 0 0.00 M M 8.3 16 210 M M 0 22 200
21 85 37 61 6 4 0 0.00 M M 7.9 17 240 M M 0 24 230
22 85 44 65 10 0 0 0.00 M M 17.1 33 230 M M 0 44 220
23 82 55 69 15 0 4 0.00 M M 21.1 45 220 M M 0 60 220
24 57 34 46 -8 19 0 0.05 M M 12.3 26 30 M M 8 37 40
25 66 28 47 -6 18 0 0.00 M M 7.8 16 170 M M 0 20 170
26 69 34 52 -1 13 0 0.00 M M 10.9 25 210 M M 0 35 180
27 69 39 54 1 11 0 0.00 M M 15.9 29 360 M M 1 38 360
28 58 38 48 -4 17 0 T M M 14.5 30 360 M M 4 18 37 10
29 66 34 50 -2 15 0 0.00 M M 5.6 12 130 M M 0 16 140
30 69 37 53 1 12 0 0.00 M M 5.4 12 60 M M 1 15 40
31 72 36 54 3 11 0 0.00 M M 8.9 21 190 M M 0 8 28 180
================================================================================
SM 2218 1333 240 8 1.22 M 301.9 M 72
================================================================================
AV 71.5 43.0 9.7 FASTST M M 2 MAX(MPH)
MISC ----> 45 220 60 220
================================================================================
NOTES:
# LAST OF SEVERAL OCCURRENCES
COLUMN 17 PEAK WIND IN M.P.H.
PRELIMINARY LOCAL CLIMATOLOGICAL DATA (WS FORM: F-6) , PAGE 2
STATION: DALHART
MONTH: OCTOBER
YEAR: 2022
LATITUDE: 36 1 N
LONGITUDE: 102 33 W
[TEMPERATURE DATA] [PRECIPITATION DATA] SYMBOLS USED IN COLUMN 16
AVERAGE MONTHLY: 57.3 TOTAL FOR MONTH: 1.22 1 = FOG OR MIST
DPTR FM NORMAL: 0.2 DPTR FM NORMAL: -0.42 2 = FOG REDUCING VISIBILITY
HIGHEST: 86 ON 1 GRTST 24HR 0.80 ON 7- 7 TO 1/4 MILE OR LESS
LOWEST: 28 ON 25 3 = THUNDER
SNOW, ICE PELLETS, HAIL 4 = ICE PELLETS
TOTAL MONTH: M 5 = HAIL
GRTST 24HR M ON M 6 = FREEZING RAIN OR DRIZZLE
GRTST DEPTH: M ON M 7 = DUSTSTORM OR SANDSTORM:
VSBY 1/2 MILE OR LESS
8 = SMOKE OR HAZE
[NO. OF DAYS WITH] [WEATHER - DAYS WITH] 9 = BLOWING SNOW
X = TORNADO
MAX 32 OR BELOW: 0 0.01 INCH OR MORE: 6
MAX 90 OR ABOVE: 0 0.10 INCH OR MORE: 2
MIN 32 OR BELOW: 1 0.50 INCH OR MORE: 1
MIN 0 OR BELOW: 0 1.00 INCH OR MORE: 0
[HDD (BASE 65) ]
TOTAL THIS MO. 240 CLEAR (SCALE 0-3) 22
DPTR FM NORMAL -25 PTCLDY (SCALE 4-7) 5
TOTAL FM JUL 1 249 CLOUDY (SCALE 8-10) 4
DPTR FM NORMAL -56
[CDD (BASE 65) ]
TOTAL THIS MO. 8
DPTR FM NORMAL -12 [PRESSURE DATA]
TOTAL FM JAN 1 1644 HIGHEST SLP M ON M
DPTR FM NORMAL 241 LOWEST SLP 29.32 ON 23
[REMARKS]
#FINAL-10-22#