000
CXUS54 KAMA 010810
CF6DHT
PRELIMINARY LOCAL CLIMATOLOGICAL DATA (WS FORM: F-6)
STATION: DALHART
MONTH: FEBRUARY
YEAR: 2021
LATITUDE: 36 1 N
LONGITUDE: 102 33 W
TEMPERATURE IN F: :PCPN: SNOW: WIND :SUNSHINE: SKY :PK WND
================================================================================
1 2 3 4 5 6A 6B 7 8 9 10 11 12 13 14 15 16 17 18
12Z AVG MX 2MIN
DY MAX MIN AVG DEP HDD CDD WTR SNW DPTH SPD SPD DIR MIN PSBL S-S WX SPD DR
================================================================================
1 62 18 40 4 25 0 0.00 0.0 0 12.7 29 210 M M 0 35 210
2 72 26 49 13 16 0 0.00 0.0 0 7.0 14 40 M M 0 18 40
3 80 30 55 19 10 0 0.00 0.0 0 11.8 29 230 M M 0 35 230
4 53 23 38 2 27 0 0.00 0.0 0 14.8 31 360 M M 3 37 360
5 52 17 35 -1 30 0 0.00 0.0 0 7.5 18 360 M M 1 21 360
6 53 22 38 2 27 0 0.00 0.0 0 11.2 24 150 M M 0 29 150
7 65 15 40 4 25 0 0.00 0.0 0 10.0 24 150 M M 0 1 29 150
8 45 19 32 -4 33 0 0.00 0.0 0 12.7 26 30 M M 7 12 31 30
9 32 16 24 -13 41 0 0.00 0.0 0 8.1 17 90 M M 9 128 20 80
10 21 15 18 -19 47 0 T T T 8.9 14 60 M M 10 128 17 50
11 33 13 23 -14 42 0 T M T 9.1 21 70 M M 8 18 25 70
12 15 9 12 -25 53 0 T T T 11.0 17 50 M M 10 18 20 60
13 11 7 9 -28 56 0 0.01 M 1 11.2 18 80 M M 10 18 21 90
14 8 -10 -1 -38 66 0 0.05 5.4 5 15.0 23 30 M M 8 8 27 20
15 5 -11 -3 -41 68 0 0.00 0.0 4 6.3 12 190 M M 2 14 200
16 24 -6 9 -29 56 0 0.00 0.0 4 10.8 17 160 M M 5 18 22 170
17 29 11 20 -18 45 0 T T 3 4.9 15 30 M M 6 18 17 30
18 23 10 17 -21 48 0 T T 2 6.7 14 30 M M 8 128 18 30
19 46 7 27 -11 38 0 0.00 0.0 2 7.3 16 200 M M 0 18 19 220
20 M 22 M M M M 0.00 0.0 1 10.5 24 210 M M 0 30 210
21 56 M M M M M 0.00 0.0 M 14.3 30 350 M M 1 38 340
22 64 17 41 2 24 0 0.00 0.0 0 6.0 13 290 M M 0 15 290
23 76 22 49 9 16 0 0.00 0.0 0 15.0 32 220 M M 0 39 220
24 50 28 39 -1 26 0 0.00 0.0 0 12.8 30 10 M M 0 37 10
25 43 19 31 -9 34 0 0.00 0.0 0 7.4 15 80 M M 5 17 80
26 61 14 38 -2 27 0 0.00 0.0 0 8.1 14 180 M M 0 17 340
27 71 17 44 3 21 0 0.00 0.0 0 15.4 38 230 M M 0 50 230
28 47 22 35 -6 30 0 0.00 0.0 0 14.3 30 10 M M 0 38 10
================================================================================
SM 1197 392 931 0 0.06 5.4 290.8 M 93
================================================================================
AV 44.3 14.5 10.4 FASTST M M 3 MAX(MPH)
MISC ----> 38 230 50 230
================================================================================
NOTES:
# LAST OF SEVERAL OCCURRENCES
COLUMN 17 PEAK WIND IN M.P.H.
PRELIMINARY LOCAL CLIMATOLOGICAL DATA (WS FORM: F-6) , PAGE 2
STATION: DALHART
MONTH: FEBRUARY
YEAR: 2021
LATITUDE: 36 1 N
LONGITUDE: 102 33 W
[TEMPERATURE DATA] [PRECIPITATION DATA] SYMBOLS USED IN COLUMN 16
AVERAGE MONTHLY: 29.4 TOTAL FOR MONTH: 0.06 1 = FOG OR MIST
DPTR FM NORMAL: -8.4 DPTR FM NORMAL: -0.34 2 = FOG REDUCING VISIBILITY
HIGHEST: 80 ON 3 GRTST 24HR 0.06 ON 13-14 TO 1/4 MILE OR LESS
LOWEST: -11 ON 15 3 = THUNDER
SNOW, ICE PELLETS, HAIL 4 = ICE PELLETS
TOTAL MONTH: 5.4 INCHES 5 = HAIL
GRTST 24HR 5.4 ON 14-14 6 = FREEZING RAIN OR DRIZZLE
GRTST DEPTH: 5 ON 14 7 = DUSTSTORM OR SANDSTORM:
VSBY 1/2 MILE OR LESS
8 = SMOKE OR HAZE
[NO. OF DAYS WITH] [WEATHER - DAYS WITH] 9 = BLOWING SNOW
X = TORNADO
MAX 32 OR BELOW: 9 0.01 INCH OR MORE: 2
MAX 90 OR ABOVE: 0 0.10 INCH OR MORE: 0
MIN 32 OR BELOW: 27 0.50 INCH OR MORE: 0
MIN 0 OR BELOW: 3 1.00 INCH OR MORE: 0
[HDD (BASE 65) ]
TOTAL THIS MO. 931 CLEAR (SCALE 0-3) 17
DPTR FM NORMAL 170 PTCLDY (SCALE 4-7) 6
TOTAL FM JUL 1 3557 CLOUDY (SCALE 8-10) 5
DPTR FM NORMAL -85
[CDD (BASE 65) ]
TOTAL THIS MO. 0
DPTR FM NORMAL 0 [PRESSURE DATA]
TOTAL FM JAN 1 0 HIGHEST SLP M ON M
DPTR FM NORMAL 0 LOWEST SLP 29.48 ON 4
[REMARKS]
#FINAL-02-21#