000
CXUS54 KAMA 010710
CF6DHT
PRELIMINARY LOCAL CLIMATOLOGICAL DATA (WS FORM: F-6)
STATION: DALHART
MONTH: JUNE
YEAR: 2020
LATITUDE: 36 1 N
LONGITUDE: 102 33 W
TEMPERATURE IN F: :PCPN: SNOW: WIND :SUNSHINE: SKY :PK WND
================================================================================
1 2 3 4 5 6A 6B 7 8 9 10 11 12 13 14 15 16 17 18
12Z AVG MX 2MIN
DY MAX MIN AVG DEP HDD CDD WTR SNW DPTH SPD SPD DIR MIN PSBL S-S WX SPD DR
================================================================================
1 94 54 74 6 0 9 0.00 0.0 0 14.8 28 160 M M 0 32 160
2 95 61 78 9 0 13 T 0.0 0 12.3 23 320 M M 1 8 31 170
3 97 61 79 10 0 14 0.09 0.0 0 7.4 24 340 M M 1 38 32 340
4 101 59 80 11 0 15 0.01 0.0 0 10.2 41 280 M M 0 38 51 280
5 103 62 83 13 0 18 0.00 0.0 0 17.5 31 150 M M 0 38 150
6 99 66 83 13 0 18 0.00 0.0 0 21.9 39 170 M M 0 47 180
7 100 70 85 15 0 20 0.00 0.0 0 26.2 41 170 M M 0 50 160
8 100 66 83 12 0 18 0.00 0.0 0 20.0 33 210 M M 0 8 41 190
9 77 53 65 -6 0 0 0.00 0.0 0 22.0 47 320 M M 2 8 62 330
10 86 45 66 -5 0 1 0.00 0.0 0 9.6 20 120 M M 0 8 30 150
11 98 51 75 3 0 10 0.00 0.0 0 16.1 31 200 M M 0 39 180
12 97 66 82 10 0 17 0.00 0.0 0 15.2 29 190 M M 0 8 36 190
13 97 53 75 3 0 10 0.00 0.0 0 18.4 33 190 M M 0 42 200
14 96 66 81 9 0 16 0.00 0.0 0 19.8 35 160 M M 0 45 180
15 95 60 78 5 0 13 0.00 0.0 0 18.4 32 170 M M 0 40 190
16 94 64 79 6 0 14 T 0.0 0 20.9 37 190 M M 1 47 190
17 102 67 85 12 0 20 0.00 0.0 0 20.9 35 160 M M 0 43 200
18 92 59 76 2 0 11 0.00 0.0 0 15.3 31 360 M M 0 8 37 360
19 85 62 74 0 0 9 T 0.0 0 15.8 26 50 M M 4 3 33 40
20 89 59 74 0 0 9 0.60 0.0 0 12.1 29 10 M M 3 13 35 200
21 97 63 80 6 0 15 0.00 0.0 0 10.4 30 50 M M 0 3 37 40
22 92 62 77 3 0 12 0.25 0.0 0 11.2 47 260 M M 2 138 56 260
23 86 61 74 -1 0 9 0.00 0.0 0 9.2 17 170 M M 0 22 170
24 94 60 77 2 0 12 0.00 0.0 0 13.8 24 200 M M 1 8 31 210
25 99 64 82 7 0 17 0.00 0.0 0 18.6 32 180 M M 0 39 180
26 100 65 83 8 0 18 0.10 0.0 0 11.8 37 290 M M 1 3 43 290
27 101 63 82 7 0 17 0.00 0.0 0 14.6 36 170 M M 0 46 170
28 104 64 84 8 0 19 0.00 0.0 0 15.1 28 180 M M 0 35 190
29 103 61 82 6 0 17 0.00 0.0 0 15.3 30 200 M M 0 41 190
30 101 60 81 5 0 16 0.00 0.0 0 13.3 28 230 M M 0 8 33 210
================================================================================
SM 2874 1827 0 407 1.05 0.0 468.1 M 16
================================================================================
AV 95.8 60.9 15.6 FASTST M M 1 MAX(MPH)
MISC ----> # 47 320 62 330
================================================================================
NOTES:
# LAST OF SEVERAL OCCURRENCES
COLUMN 17 PEAK WIND IN M.P.H.
PRELIMINARY LOCAL CLIMATOLOGICAL DATA (WS FORM: F-6) , PAGE 2
STATION: DALHART
MONTH: JUNE
YEAR: 2020
LATITUDE: 36 1 N
LONGITUDE: 102 33 W
[TEMPERATURE DATA] [PRECIPITATION DATA] SYMBOLS USED IN COLUMN 16
AVERAGE MONTHLY: 78.4 TOTAL FOR MONTH: 1.05 1 = FOG OR MIST
DPTR FM NORMAL: 5.8 DPTR FM NORMAL: -1.25 2 = FOG REDUCING VISIBILITY
HIGHEST: 104 ON 28 GRTST 24HR 0.60 ON 19-20 TO 1/4 MILE OR LESS
LOWEST: 45 ON 10 3 = THUNDER
SNOW, ICE PELLETS, HAIL 4 = ICE PELLETS
TOTAL MONTH: 0.0 INCH 5 = HAIL
GRTST 24HR 0.0 6 = FREEZING RAIN OR DRIZZLE
GRTST DEPTH: 0 7 = DUSTSTORM OR SANDSTORM:
VSBY 1/2 MILE OR LESS
8 = SMOKE OR HAZE
[NO. OF DAYS WITH] [WEATHER - DAYS WITH] 9 = BLOWING SNOW
X = TORNADO
MAX 32 OR BELOW: 0 0.01 INCH OR MORE: 5
MAX 90 OR ABOVE: 25 0.10 INCH OR MORE: 3
MIN 32 OR BELOW: 0 0.50 INCH OR MORE: 1
MIN 0 OR BELOW: 0 1.00 INCH OR MORE: 0
[HDD (BASE 65) ]
TOTAL THIS MO. 0 CLEAR (SCALE 0-3) 29
DPTR FM NORMAL -12 PTCLDY (SCALE 4-7) 1
TOTAL FM JUL 1 4285 CLOUDY (SCALE 8-10) 0
DPTR FM NORMAL -441
[CDD (BASE 65) ]
TOTAL THIS MO. 407
DPTR FM NORMAL 167 [PRESSURE DATA]
TOTAL FM JAN 1 568 HIGHEST SLP M ON M
DPTR FM NORMAL 256 LOWEST SLP 29.38 ON 28
[REMARKS]
#FINAL-06-20#