000
CXUS53 KBIS 010830
CF6DIK
PRELIMINARY LOCAL CLIMATOLOGICAL DATA (WS FORM: F-6)
STATION: DICKINSON ND
MONTH: JUNE
YEAR: 2022
LATITUDE: 46 47 N
LONGITUDE: 102 48 W
TEMPERATURE IN F: :PCPN: SNOW: WIND :SUNSHINE: SKY :PK WND
================================================================================
1 2 3 4 5 6A 6B 7 8 9 10 11 12 13 14 15 16 17 18
12Z AVG MX 2MIN
DY MAX MIN AVG DEP HDD CDD WTR SNW DPTH SPD SPD DIR MIN PSBL S-S WX SPD DR
================================================================================
1 67 37 52 -7 13 0 0.00 M M 12.6 24 290 M M 1 32 290
2 69 40 55 -4 10 0 T M M 14.4 29 310 M M 1 41 280
3 73 34 54 -5 11 0 0.00 M M 6.0 16 200 M M 0 21 190
4 73 45 59 -1 6 0 0.00 M M 7.7 15 160 M M 4 23 160
5 58 44 51 -9 14 0 0.55 M M 10.3 22 80 M M 8 1 29 80
6 53 46 50 -10 15 0 0.34 M M 10.9 21 80 M M 10 1 29 80
7 64 47 56 -4 9 0 0.28 M M 5.5 16 50 M M 9 13 21 40
8 70 50 60 -1 5 0 0.00 M M 4.1 10 360 M M 5 1 14 10
9 68 51 60 -1 5 0 T M M 7.5 17 200 M M 6 23 200
10 82 51 67 6 0 2 0.00 M M 10.0 22 220 M M 3 31 170
11 81 59 70 9 0 5 M M M 8.9 17 230 M M 2 13 24 240
12 74 57 66 4 0 1 M M M 10.0 18 230 M M 3 13 24 220
13 72 57 65 3 0 0 0.39 M M 8.3 24 310 M M 9 1 36 310
14 67 50 59 -3 6 0 0.12 M M 14.6 32 260 M M 5 1 41 260
15 63 46 55 -7 10 0 0.03 M M 27.5 48 260 M M 6 1 67 250
16 75 53 64 1 1 0 0.00 M M 16.4 32 280 M M 2 43 280
17 84 51 68 5 0 3 0.00 M M 20.7 36 140 M M 0 1 47 140
18 92 65 79 16 0 14 0.00 M M 16.2 32 160 M M 0 43 160
19 85 62 74 11 0 9 0.00 M M 10.0 20 260 M M 0 26 270
20 78 52 65 1 0 0 0.31 M M 11.8 47 290 M M 3 138 63 280
21 71 51 61 -3 4 0 T M M 17.1 30 280 M M 3 41 280
22 81 52 67 3 0 2 0.00 M M 10.2 20 200 M M 0 31 180
23 88 56 72 8 0 7 0.00 M M 9.0 18 190 M M 0 24 210
24 79 53 66 1 0 1 T M M 12.3 29 350 M M 3 39 320
25 67 47 57 -8 8 0 0.00 M M 20.3 39 300 M M 6 8 51 300
26 74 45 60 -5 5 0 0.00 M M 9.6 20 320 M M 1 31 300
27 81 44 63 -2 2 0 0.00 M M 6.9 15 170 M M 0 20 180
28 81 49 65 -1 0 0 0.00 M M 9.6 20 30 M M 0 8 26 110
29 91 59 75 9 0 10 T M M 8.4 17 140 M M 1 3 24 140
30 75 51 63 -3 2 0 0.00 M M 10.8 26 290 M M 1 34 280
================================================================================
SM 2236 1504 126 54 2.02 M 347.6 M 92
================================================================================
AV 74.5 50.1 11.6 FASTST M M 3 MAX(MPH)
MISC ----> 48 260 67 250
================================================================================
NOTES:
# LAST OF SEVERAL OCCURRENCES
COLUMN 17 PEAK WIND IN M.P.H.
PRELIMINARY LOCAL CLIMATOLOGICAL DATA (WS FORM: F-6) , PAGE 2
STATION: DICKINSON ND
MONTH: JUNE
YEAR: 2022
LATITUDE: 46 47 N
LONGITUDE: 102 48 W
[TEMPERATURE DATA] [PRECIPITATION DATA] SYMBOLS USED IN COLUMN 16
AVERAGE MONTHLY: 62.3 TOTAL FOR MONTH: 2.02 1 = FOG OR MIST
DPTR FM NORMAL: -0.2 DPTR FM NORMAL: -1.03 2 = FOG REDUCING VISIBILITY
HIGHEST: 92 ON 18 GRTST 24HR 0.59 ON 5- 6 TO 1/4 MILE OR LESS
LOWEST: 34 ON 3 3 = THUNDER
SNOW, ICE PELLETS, HAIL 4 = ICE PELLETS
TOTAL MONTH: M 5 = HAIL
GRTST 24HR M ON M 6 = FREEZING RAIN OR DRIZZLE
GRTST DEPTH: M ON M 7 = DUSTSTORM OR SANDSTORM:
VSBY 1/2 MILE OR LESS
8 = SMOKE OR HAZE
[NO. OF DAYS WITH] [WEATHER - DAYS WITH] 9 = BLOWING SNOW
X = TORNADO
MAX 32 OR BELOW: 0 0.01 INCH OR MORE: 7
MAX 90 OR ABOVE: 2 0.10 INCH OR MORE: 6
MIN 32 OR BELOW: 0 0.50 INCH OR MORE: 1
MIN 0 OR BELOW: 0 1.00 INCH OR MORE: 0
[HDD (BASE 65) ]
TOTAL THIS MO. 126 CLEAR (SCALE 0-3) 19
DPTR FM NORMAL 2 PTCLDY (SCALE 4-7) 7
TOTAL FM JUL 1 8174 CLOUDY (SCALE 8-10) 4
DPTR FM NORMAL -297
[CDD (BASE 65) ]
TOTAL THIS MO. 54
DPTR FM NORMAL 5 [PRESSURE DATA]
TOTAL FM JAN 1 54 HIGHEST SLP M ON M
DPTR FM NORMAL -3 LOWEST SLP 29.48 ON 14
[REMARKS]
#FINAL-06-22#