000
CXUS53 KDLH 090315
CLMDLH
CLIMATE REPORT
NATIONAL WEATHER SERVICE DULUTH MN
1015 PM CDT THU JUN 08 2023
...................................
...THE DULUTH CLIMATE SUMMARY FOR THE MONTH OF MAY 2023...
CLIMATE NORMAL PERIOD: 1991 TO 2020
CLIMATE RECORD PERIOD: 1870 TO 2023
WEATHER OBSERVED NORMAL DEPART LAST YEAR`S
VALUE DATE(S) VALUE FROM VALUE DATE(S)
NORMAL
................................................................
TEMPERATURE (F)
RECORD
HIGH 95 05/30/1939
LOW 16 05/03/1907
HIGHEST 86 05/31 MM MM 79 05/10
LOWEST 30 05/03 MM MM 30 05/04
AVG. MAXIMUM 65.4 63.0 2.4 62.3
AVG. MINIMUM 42.6 41.0 1.6 42.9
MEAN 54.0 52.0 2.0 52.6
DAYS MAX >= 90 0 0.1 -0.1 0
DAYS MAX <= 32 0 0.0 0.0 0
DAYS MIN <= 32 2 3.6 -1.6 1
DAYS MIN <= 0 0 0.0 0.0 0
PRECIPITATION (INCHES)
RECORD
MAXIMUM 7.99 1879
MINIMUM 0.15 1976
TOTALS 0.80 3.37 -2.57 4.79
DAILY AVG. 0.03 0.11 -0.08 0.15
DAYS >= .01 5 12.7 -7.7 17
DAYS >= .10 3 7.3 -4.3 12
DAYS >= .50 0 2.1 -2.1 4
DAYS >= 1.00 0 0.5 -0.5 0
GREATEST
24 HR. TOTAL 0.49 05/06 TO 05/07
SNOWFALL (INCHES)
RECORDS
TOTAL 13.3 2019
TOTALS 0.0 0.8 -0.8 T
SINCE 7/1 140.1 90.2 49.9 MM
SNOWDEPTH AVG. 0 0
DAYS >= 1.0 0 0.2 -0.2 0
GREATEST
SNOW DEPTH 0 0 MM
24 HR TOTAL 0.0
DEGREE DAYS
HEATING TOTAL 338 410 -72 376
SINCE 7/1 8789 8964 -175 MM
COOLING TOTAL 7 7 0 1
SINCE 1/1 7 7 0 MM
................................................................
WIND (MPH)
AVERAGE WIND SPEED 10.6
HIGHEST WIND SPEED/DIRECTION 36/080 DATE 05/23
HIGHEST GUST SPEED/DIRECTION 50/090 DATE 05/24
SKY COVER
POSSIBLE SUNSHINE (PERCENT) MM
AVERAGE SKY COVER 0.33
NUMBER OF DAYS FAIR 19
NUMBER OF DAYS PC 8
NUMBER OF DAYS CLOUDY 4
AVERAGE RH (PERCENT) 59
WEATHER CONDITIONS. NUMBER OF DAYS WITH
THUNDERSTORM 1 MIXED PRECIP 0
HEAVY RAIN 1 RAIN 2
LIGHT RAIN 10 FREEZING RAIN 0
LT FREEZING RAIN 0 HAIL 0
HEAVY SNOW 0 SNOW 0
LIGHT SNOW 0 SLEET 0
FOG 6 FOG W/VIS <= 1/4 MILE 3
HAZE 2
- INDICATES NEGATIVE NUMBERS.
R INDICATES RECORD WAS SET OR TIED.
MM INDICATES DATA IS MISSING.
T INDICATES TRACE AMOUNT.
$$