000
CXUS56 KTFX 011110
CF6DLN
PRELIMINARY LOCAL CLIMATOLOGICAL DATA (WS FORM: F-6)
STATION: DILLON AIRPORT MT
MONTH: JUNE
YEAR: 2023
LATITUDE: 45 15 N
LONGITUDE: 112 33 W
TEMPERATURE IN F: :PCPN: SNOW: WIND :SUNSHINE: SKY :PK WND
================================================================================
1 2 3 4 5 6A 6B 7 8 9 10 11 12 13 14 15 16 17 18
12Z AVG MX 2MIN
DY MAX MIN AVG DEP HDD CDD WTR SNW DPTH SPD SPD DIR MIN PSBL S-S WX SPD DR
================================================================================
1 72 44 58 5 7 0 0.27 M 0 6.3 24 40 M M 4 13 32 40
2 61 47 54 1 11 0 0.00 M 0 7.6 23 30 M M 9 29 20
3 56 48 52 -2 13 0 0.02 M 0 3.7 9 30 M M 10 1 12 30
4 68 44 56 2 9 0 0.00 M 0 3.4 8 210 M M 5 11 330
5 70 50 60 6 5 0 0.00 M 0 5.8 20 280 M M 4 3 27 280
6 76 46 61 7 4 0 0.08 M 0 6.9 20 170 M M 3 13 28 220
7 74 48 61 7 4 0 0.00 M 0 5.7 22 140 M M 3 3 29 150
8 64 52 58 4 7 0 0.36 M 0 4.7 13 170 M M 7 13 14 170
9 73 50 62 7 3 0 0.00 M 0 5.4 22 220 M M 3 30 220
10 71 46 59 4 6 0 0.00 M 0 7.3 22 40 M M 1 30 30
11 69 46 58 3 7 0 0.00 M 0 5.2 16 120 M M 3 3 22 110
12 66 48 57 2 8 0 0.20 M 0 5.0 18 40 M M 8 138 24 30
13 68 49 59 3 6 0 0.27 M 0 6.0 23 240 M M 4 13 29 240
14 67 50 59 3 6 0 0.00 M 0 10.6 20 290 M M 4 29 210
15 60 45 53 -3 12 0 0.00 M 0 4.6 17 330 M M 9 23 340
16 68 39 54 -2 11 0 0.00 M 0 4.2 12 200 M M 1 15 200
17 63 46 55 -2 10 0 T M 0 8.1 25 240 M M 6 32 240
18 61 40 51 -6 14 0 0.10 M 0 9.4 28 240 M M 6 1 36 270
19 63 35 49 -8 16 0 0.00 M 0 7.9 30 210 M M 4 42 220
20 57 40 49 -9 16 0 T M 0 7.4 25 270 M M 7 36 270
21 58 35 47 -11 18 0 0.00 M 0 6.5 22 130 M M 3 31 140
22 68 31 50 -8 15 0 0.00 M 0 6.0 15 40 M M 0 18 40
23 60 39 50 -8 15 0 0.00 M 0 6.9 21 220 M M 4 3 28 230
24 71 42 57 -2 8 0 0.02 M 0 6.2 25 240 M M 5 3 35 230
25 72 40 56 -3 9 0 T M 0 5.8 32 250 M M 1 3 46 240
26 69 42 56 -4 9 0 0.00 M 0 5.6 18 330 M M 3 24 340
27 71 41 56 -4 9 0 0.02 M 0 5.4 16 150 M M 3 13 23 300
28 68 46 57 -3 8 0 0.04 M 0 6.9 18 130 M M 7 38 25 120
29 76 42 59 -1 6 0 0.00 M 0 3.8 10 30 M M 1 15 30
30 82 45 64 3 1 0 0.00 M 0 5.5 13 190 M M 1 17 230
================================================================================
SM 2022 1316 273 0 1.38 M 183.8 M 129
================================================================================
AV 67.4 43.9 6.1 FASTST M M 4 MAX(MPH)
MISC ----> 32 250 46 240
================================================================================
NOTES:
# LAST OF SEVERAL OCCURRENCES
COLUMN 17 PEAK WIND IN M.P.H.
PRELIMINARY LOCAL CLIMATOLOGICAL DATA (WS FORM: F-6) , PAGE 2
STATION: DILLON AIRPORT MT
MONTH: JUNE
YEAR: 2023
LATITUDE: 45 15 N
LONGITUDE: 112 33 W
[TEMPERATURE DATA] [PRECIPITATION DATA] SYMBOLS USED IN COLUMN 16
AVERAGE MONTHLY: 55.6 TOTAL FOR MONTH: 1.38 1 = FOG OR MIST
DPTR FM NORMAL: -1.0 DPTR FM NORMAL: -0.53 2 = FOG REDUCING VISIBILITY
HIGHEST: 82 ON 30 GRTST 24HR 0.43 ON 12-13 TO 1/4 MILE OR LESS
LOWEST: 31 ON 22 3 = THUNDER
SNOW, ICE PELLETS, HAIL 4 = ICE PELLETS
TOTAL MONTH: M 5 = HAIL
GRTST 24HR M ON M 6 = FREEZING RAIN OR DRIZZLE
GRTST DEPTH: 0 7 = DUSTSTORM OR SANDSTORM:
VSBY 1/2 MILE OR LESS
8 = SMOKE OR HAZE
[NO. OF DAYS WITH] [WEATHER - DAYS WITH] 9 = BLOWING SNOW
X = TORNADO
MAX 32 OR BELOW: 0 0.01 INCH OR MORE: 10
MAX 90 OR ABOVE: 0 0.10 INCH OR MORE: 5
MIN 32 OR BELOW: 1 0.50 INCH OR MORE: 0
MIN 0 OR BELOW: 0 1.00 INCH OR MORE: 0
[HDD (BASE 65) ]
TOTAL THIS MO. 273 CLEAR (SCALE 0-3) 12
DPTR FM NORMAL 11 PTCLDY (SCALE 4-7) 15
TOTAL FM JUL 1 8634 CLOUDY (SCALE 8-10) 3
DPTR FM NORMAL 91
[CDD (BASE 65) ]
TOTAL THIS MO. 0
DPTR FM NORMAL -8 [PRESSURE DATA]
TOTAL FM JAN 1 0 HIGHEST SLP 30.21 ON 22
DPTR FM NORMAL -8 LOWEST SLP 29.47 ON 18
[REMARKS]
#FINAL-06-23#