000
CXUS56 KTFX 220803
CF6DLN
PRELIMINARY LOCAL CLIMATOLOGICAL DATA (WS FORM: F-6)
STATION: DILLON AIRPORT MT
MONTH: MARCH
YEAR: 2023
LATITUDE: 45 15 N
LONGITUDE: 112 33 W
TEMPERATURE IN F: :PCPN: SNOW: WIND :SUNSHINE: SKY :PK WND
================================================================================
1 2 3 4 5 6A 6B 7 8 9 10 11 12 13 14 15 16 17 18
12Z AVG MX 2MIN
DY MAX MIN AVG DEP HDD CDD WTR SNW DPTH SPD SPD DIR MIN PSBL S-S WX SPD DR
================================================================================
1 24 12 18 -10 47 0 T M 1 5.2 20 200 M M 6 1 27 200
2 33 13 23 -6 42 0 0.00 M 1 16.9 23 220 M M 6 34 190
3 28 11 20 -9 45 0 0.00 M T 15.2 28 260 M M 5 35 260
4 23 6 15 -14 50 0 T M T 6.0 14 210 M M 4 8 21 160
5 28 14 21 -9 44 0 T M 1 5.3 12 20 M M 8 12 15 20
6 24 12 18 -12 47 0 T M 1 5.2 13 20 M M 8 1 16 10
7 26 6 16 -14 49 0 0.00 M 1 6.7 13 200 M M 1 17 210
8 22 4 13 -18 52 0 0.00 M T 6.2 13 60 M M 2 16 50
9 26 4 15 -16 50 0 T M M 4.8 14 190 M M 6 1 19 190
10 39 16 28 -4 37 0 0.01 M T 9.5 45 260 M M 6 1 64 240
11 34 18 26 -6 39 0 0.00 M 1 12.8 22 240 M M 4 30 230
12 35 17 26 -6 39 0 0.00 M 1 6.2 14 210 M M 4 19 220
13 44 22 33 0 32 0 0.00 M T 9.9 28 140 M M 4 38 160
14 44 32 38 5 27 0 T M 0 10.0 24 190 M M 6 33 190
15 42 18 30 -3 35 0 0.02 M 0 10.0 22 320 M M 7 1 31 170
16 33 14 24 -10 41 0 0.00 M T 4.5 10 150 M M 1 12 150
17 34 13 24 -10 41 0 0.00 M 0 6.9 15 210 M M 0 20 210
18 41 12 27 -7 38 0 0.00 M 0 8.2 16 210 M M 0 21 210
19 41 17 29 -5 36 0 0.00 M 0 6.9 15 200 M M 0 18 200
20 39 25 32 -3 33 0 0.02 M 0 7.5 23 40 M M 8 18 29 50
21 35 20 28 -7 37 0 T M 1 6.6 20 50 M M 7 18 24 50
22 37 17 27 -8 38 0 0.00 M 1 4.5 14 210 M M 2 16 210
23 43 18 31 -5 34 0 T M 0 11.0 21 230 M M 3 29 220
24 38 22 30 -6 35 0 0.15 M 0 8.0 20 330 M M 6 12 25 330
25 26 20 23 -13 42 0 T M 2 6.1 10 210 M M 10 18 14 220
26 25 18 22 -14 43 0 0.03 M 7 11.6 22 40 M M 8 1 27 30
27 27 6 17 -19 48 0 0.00 M 7 4.8 12 100 M M 2 12 110
28 30 8 19 -17 46 0 T M 3 4.6 10 130 M M 6 1 12 130
29 30 21 26 -11 39 0 T M 3 5.2 14 50 M M 10 1 16 50
30 35 24 30 -7 35 0 0.02 M 4 6.0 14 50 M M 10 1 17 50
31 37 20 29 -8 36 0 T M 2 8.9 20 220 M M 6 12 24 230
================================================================================
SM 1023 480 1257 0 0.25 M 241.2 M 156
================================================================================
AV 33.0 15.5 7.8 FASTST M M 5 MAX(MPH)
MISC ----> 45 260 64 240
================================================================================
NOTES:
# LAST OF SEVERAL OCCURRENCES
COLUMN 17 PEAK WIND IN M.P.H.
PRELIMINARY LOCAL CLIMATOLOGICAL DATA (WS FORM: F-6) , PAGE 2
STATION: DILLON AIRPORT MT
MONTH: MARCH
YEAR: 2023
LATITUDE: 45 15 N
LONGITUDE: 112 33 W
[TEMPERATURE DATA] [PRECIPITATION DATA] SYMBOLS USED IN COLUMN 16
AVERAGE MONTHLY: 24.2 TOTAL FOR MONTH: 0.25 1 = FOG OR MIST
DPTR FM NORMAL: -9.0 DPTR FM NORMAL: -0.27 2 = FOG REDUCING VISIBILITY
HIGHEST: 44 ON 14,13 GRTST 24HR 0.15 ON 24-24 TO 1/4 MILE OR LESS
LOWEST: 4 ON 9, 8 3 = THUNDER
SNOW, ICE PELLETS, HAIL 4 = ICE PELLETS
TOTAL MONTH: M 5 = HAIL
GRTST 24HR M ON M 6 = FREEZING RAIN OR DRIZZLE
GRTST DEPTH: 7 ON 27,26 7 = DUSTSTORM OR SANDSTORM:
VSBY 1/2 MILE OR LESS
8 = SMOKE OR HAZE
[NO. OF DAYS WITH] [WEATHER - DAYS WITH] 9 = BLOWING SNOW
X = TORNADO
MAX 32 OR BELOW: 13 0.01 INCH OR MORE: 6
MAX 90 OR ABOVE: 0 0.10 INCH OR MORE: 1
MIN 32 OR BELOW: 31 0.50 INCH OR MORE: 0
MIN 0 OR BELOW: 0 1.00 INCH OR MORE: 0
[HDD (BASE 65) ]
TOTAL THIS MO. 1257 CLEAR (SCALE 0-3) 9
DPTR FM NORMAL 271 PTCLDY (SCALE 4-7) 18
TOTAL FM JUL 1 7166 CLOUDY (SCALE 8-10) 4
DPTR FM NORMAL 128
[CDD (BASE 65) ]
TOTAL THIS MO. 0
DPTR FM NORMAL 0 [PRESSURE DATA]
TOTAL FM JAN 1 0 HIGHEST SLP 30.47 ON 17
DPTR FM NORMAL 0 LOWEST SLP 29.22 ON 10
[REMARKS]
#FINAL-03-23#