000
CXUS51 KLWX 010915
CF6DMH
PRELIMINARY LOCAL CLIMATOLOGICAL DATA (WS FORM: F-6)
STATION: BALTIMORE INNER HARBOR
MONTH: NOVEMBER
YEAR: 2022
LATITUDE: 39 16 N
LONGITUDE: 76 37 W
TEMPERATURE IN F: :PCPN: SNOW: WIND :SUNSHINE: SKY :PK WND
================================================================================
1 2 3 4 5 6A 6B 7 8 9 10 11 12 13 14 15 16 17 18
12Z AVG MX 2MIN
DY MAX MIN AVG DEP HDD CDD WTR SNW DPTH SPD SPD DIR MIN PSBL S-S WX SPD DR
================================================================================
1 75 59 67 12 0 2 0.00 M M M M M M M 0 M M
2 71 55 63 8 2 0 0.00 M M M M M M M 0 M M
3 69 51 60 5 5 0 0.00 M M M M M M M 0 M M
4 70 53 62 8 3 0 0.00 M M M M M M M 0 M M
5 79 61 70 16 0 5 0.00 M M M M M M M 0 M M
6 75 65 70 16 0 5 0.08 M M M M M M M 0 M M
7 80 63 72 19 0 7 0.00 M M M M M M M M M M
8 63 49 56 3 9 0 0.00 M M M M M M M M M M
9 63 49 56 3 9 0 0.00 M M M M M M M M M M
10 68 47 58 6 7 0 0.01 M M M M M M M 0 M M
11 71 61 66 14 0 1 0.55 M M M M M M M 0 M M
12 72 56 64 12 1 0 0.10 M M M M M M M 0 M M
13 56 43 50 -1 15 0 0.00 M M M M M M M 0 M M
14 50 38 44 -7 21 0 0.00 0.0 0 M M M M M 0 M M
15 45 37 41 -10 24 0 1.05 0.0 0 M M M M M 0 M M
16 52 41 47 -3 18 0 0.01 M M M M M M M 0 M M
17 45 36 41 -9 24 0 0.00 M M M M M M M 0 M M
18 48 35 42 -8 23 0 0.00 M M M M M M M 0 M M
19 47 34 41 -8 24 0 0.00 M M M M M M M 0 M M
20 39 31 35 -14 30 0 0.00 M M M M M M M 0 M M
21 M M M M M M M M M M M M M M 0 M M
22 M M M M M M 0.00 M M M M M M M M M M
23 M M M M M M 0.00 M M M M M M M M M M
24 M M M M M M 0.00 M M M M M M M M M M
25 M M M M M M M M M M M M M M M M M
26 M M M M M M M M M M M M M M M M M
27 M M M M M M M M M M M M M M M M M
28 M M M M M M M M M M M M M M M M M
29 M M M M M M M M M M M M M M M M M
30 M M M M M M M M M M M M M M M M M
================================================================================
SM 1238 964 215 20 1.80 0.0 M M 0
================================================================================
AV 61.9 48.2 M FASTST M M 0 MAX(MPH)
MISC ----> M M M M
================================================================================
NOTES:
# LAST OF SEVERAL OCCURRENCES
COLUMN 17 PEAK WIND IN M.P.H.
PRELIMINARY LOCAL CLIMATOLOGICAL DATA (WS FORM: F-6) , PAGE 2
STATION: BALTIMORE INNER HARBOR
MONTH: NOVEMBER
YEAR: 2022
LATITUDE: 39 16 N
LONGITUDE: 76 37 W
[TEMPERATURE DATA] [PRECIPITATION DATA] SYMBOLS USED IN COLUMN 16
AVERAGE MONTHLY: 55.1 TOTAL FOR MONTH: 1.80 1 = FOG OR MIST
DPTR FM NORMAL: 4.8 DPTR FM NORMAL: -1.17 2 = FOG REDUCING VISIBILITY
HIGHEST: 80 ON 7 GRTST 24HR 1.06 ON 15-16 TO 1/4 MILE OR LESS
LOWEST: 31 ON 20 3 = THUNDER
SNOW, ICE PELLETS, HAIL 4 = ICE PELLETS
TOTAL MONTH: 0.0 INCH 5 = HAIL
GRTST 24HR 0.0 6 = FREEZING RAIN OR DRIZZLE
GRTST DEPTH: 0 7 = DUSTSTORM OR SANDSTORM:
VSBY 1/2 MILE OR LESS
8 = SMOKE OR HAZE
[NO. OF DAYS WITH] [WEATHER - DAYS WITH] 9 = BLOWING SNOW
X = TORNADO
MAX 32 OR BELOW: 0 0.01 INCH OR MORE: 6
MAX 90 OR ABOVE: 0 0.10 INCH OR MORE: 3
MIN 32 OR BELOW: 1 0.50 INCH OR MORE: 2
MIN 0 OR BELOW: 0 1.00 INCH OR MORE: 1
[HDD (BASE 65) ]
TOTAL THIS MO. 215 CLEAR (SCALE 0-3) 18
DPTR FM NORMAL -227 PTCLDY (SCALE 4-7) 0
TOTAL FM JUL 1 323 CLOUDY (SCALE 8-10) 12
DPTR FM NORMAL -328
[CDD (BASE 65) ]
TOTAL THIS MO. 20
DPTR FM NORMAL 19 [PRESSURE DATA]
TOTAL FM JAN 1 28 HIGHEST SLP M ON M
DPTR FM NORMAL -1637 LOWEST SLP 29.46 ON 12
[REMARKS]
#FINAL-11-22#