000
CXUS55 KCAE 011500
CF6DNL
PRELIMINARY LOCAL CLIMATOLOGICAL DATA (WS FORM: F-6)
STATION: AUGUSTA DANIEL FIELD GA
MONTH: NOVEMBER
YEAR: 2020
LATITUDE: 33 28 N
LONGITUDE: 82 2 W
TEMPERATURE IN F: :PCPN: SNOW: WIND :SUNSHINE: SKY :PK WND
================================================================================
1 2 3 4 5 6A 6B 7 8 9 10 11 12 13 14 15 16 17 18
12Z AVG MX 2MIN
DY MAX MIN AVG DEP HDD CDD WTR SNW DPTH SPD SPD DIR MIN PSBL S-S WX SPD DR
================================================================================
1 71 55 63 2 2 0 0.03 M M 7.6 17 320 M M 6 1 25 300
2 61 42 52 -9 13 0 0.00 M M 4.5 17 300 M M 0 24 300
3 68 38 53 -8 12 0 0.00 M M 1.7 8 10 M M 0 23 30
4 72 45 59 -1 6 0 0.00 M M 2.9 12 130 M M 0 15 120
5 78 50 64 4 1 0 0.00 M M 5.3 10 30 M M 1 17 200
6 79 58 69 9 0 4 0.00 M M 7.2 13 50 M M 5 20 30
7 82 65 74 14 0 9 0.00 M M 8.8 16 100 M M 4 26 70
8 80 66 73 14 0 8 T M M 10.3 21 90 M M 5 30 100
9 83 67 75 16 0 10 T M M 9.9 16 90 M M 3 23 90
10 81 69 75 16 0 10 0.52 M M 8.6 14 110 M M 10 18 21 110
11 86 73 80 22 0 15 0.13 M M 5.6 9 190 M M 8 1 12 120
12 83 69 76 18 0 11 0.35 M M 6.3 18 320 M M 8 123 26 350
13 79 61 70 12 0 5 0.00 M M 4.0 12 320 M M 5 1 17 320
14 75 56 66 8 0 1 0.00 M M 6.3 13 350 M M 3 18 110
15 78 59 69 12 0 4 0.00 M M 6.3 16 230 M M 5 12 26 310
16 67 47 57 0 8 0 0.00 M M 4.9 12 300 M M 0 20 320
17 69 47 58 1 7 0 0.00 M M 8.1 17 310 M M 0 29 320
18 61 40 51 -5 14 0 0.00 M M 6.3 13 10 M M 0 20 70
19 64 39 52 -4 13 0 0.00 M M 5.5 13 60 M M 0 17 20
20 74 48 61 5 4 0 0.00 M M 1.8 10 350 M M 4 20 30
21 74 51 63 7 2 0 0.00 M M 2.1 8 10 M M 0 12 30
22 73 53 63 8 2 0 T M M 2.7 9 120 M M 3 15 210
23 69 52 61 6 4 0 0.00 M M 6.9 14 20 M M 0 24 340
24 63 43 53 -2 12 0 0.00 M M 7.2 14 80 M M 1 18 80
25 77 53 65 11 0 0 0.15 M M 5.1 17 190 M M 8 1 24 200
26 74 61 68 14 0 3 0.36 M M 5.4 13 210 M M 5 13 18 220
27 75 59 67 13 0 2 0.00 M M 3.3 13 310 M M 0 2 19 320
28 63 54 59 6 6 0 0.28 M M 2.9 15 320 M M 8 12 20 330
29 61 51 56 3 9 0 0.40 M M 4.9 12 150 M M 10 12 19 240
30 68 40 54 1 11 0 0.03 M M 11.3 26 200 M M 7 1 35 210
================================================================================
SM 2188 1611 126 82 2.25 M 173.7 M 109
================================================================================
AV 72.9 53.7 5.8 FASTST M M 4 MAX(MPH)
MISC ----> 26 200 35 210
================================================================================
NOTES:
# LAST OF SEVERAL OCCURRENCES
COLUMN 17 PEAK WIND IN M.P.H.
PRELIMINARY LOCAL CLIMATOLOGICAL DATA (WS FORM: F-6) , PAGE 2
STATION: AUGUSTA DANIEL FIELD GA
MONTH: NOVEMBER
YEAR: 2020
LATITUDE: 33 28 N
LONGITUDE: 82 2 W
[TEMPERATURE DATA] [PRECIPITATION DATA] SYMBOLS USED IN COLUMN 16
AVERAGE MONTHLY: 63.3 TOTAL FOR MONTH: 2.25 1 = FOG OR MIST
DPTR FM NORMAL: 6.2 DPTR FM NORMAL: -0.92 2 = FOG REDUCING VISIBILITY
HIGHEST: 86 ON 11 GRTST 24HR 0.62 ON 10-11 TO 1/4 MILE OR LESS
LOWEST: 38 ON 3 3 = THUNDER
SNOW, ICE PELLETS, HAIL 4 = ICE PELLETS
TOTAL MONTH: M 5 = HAIL
GRTST 24HR M ON M 6 = FREEZING RAIN OR DRIZZLE
GRTST DEPTH: M ON M 7 = DUSTSTORM OR SANDSTORM:
VSBY 1/2 MILE OR LESS
8 = SMOKE OR HAZE
[NO. OF DAYS WITH] [WEATHER - DAYS WITH] 9 = BLOWING SNOW
X = TORNADO
MAX 32 OR BELOW: 0 0.01 INCH OR MORE: 9
MAX 90 OR ABOVE: 0 0.10 INCH OR MORE: 7
MIN 32 OR BELOW: 0 0.50 INCH OR MORE: 1
MIN 0 OR BELOW: 0 1.00 INCH OR MORE: 0
[HDD (BASE 65) ]
TOTAL THIS MO. 126 CLEAR (SCALE 0-3) 14
DPTR FM NORMAL -130 PTCLDY (SCALE 4-7) 14
TOTAL FM JUL 1 141 CLOUDY (SCALE 8-10) 2
DPTR FM NORMAL -193
[CDD (BASE 65) ]
TOTAL THIS MO. 82
DPTR FM NORMAL 63 [PRESSURE DATA]
TOTAL FM JAN 1 2792 HIGHEST SLP 30.65 ON 19
DPTR FM NORMAL 536 LOWEST SLP 29.55 ON 30
[REMARKS]
#FINAL-11-20#