000
CXUS52 KCAE 011846
CLMDNL
CLIMATE REPORT
NATIONAL WEATHER SERVICE COLUMBIA SC
246 PM EDT WED NOV 01 2023
...................................
...THE AUGUSTA DANIEL FIELD GA CLIMATE SUMMARY FOR THE MONTH OF OCTOBER 2023...
CLIMATE NORMAL PERIOD: 1991 TO 2020
CLIMATE RECORD PERIOD: 9999 TO 9999
WEATHER OBSERVED NORMAL DEPART LAST YEAR`S
VALUE DATE(S) VALUE FROM VALUE
NORMAL
..............................................................
TEMPERATURE (F)
HIGHEST 87 10/03 MM MM
LOWEST 47 10/17 MM MM
AVG. MAXIMUM 77.1 77.8 -0.7
AVG. MINIMUM 57.0 58.3 -1.3
MEAN 67.1 68.1 -1.0
DAYS MAX >= 90 0 0.8 -0.8
DAYS MAX <= 32 0 0.0 0.0
DAYS MIN <= 32 0 0.0 0.0
DAYS MIN <= 0 0 0.0 0.0
PRECIPITATION (INCHES)
TOTALS 4.15 2.69 1.46
DAYS >= .01 7 6.9 0.1
DAYS >= .10 5 3.4 1.6
DAYS >= .50 1 1.2 -0.2
DAYS >= 1.00 1 0.7 0.3
GREATEST
24 HR. TOTAL 3.45 10/11 TO 10/12
DAYS >= TRACE MM
DEGREE DAYS
HEATING TOTAL 46 55 -9
SINCE 7/1 46 56 -10
COOLING TOTAL 117 150 -33
SINCE 1/1 2344 2630 -286
..............................................................
WIND (MPH)
AVERAGE WIND SPEED 5.3
RESULTANT WIND SPEED/DIRECTION 2/030
HIGHEST WIND SPEED/DIRECTION 18/200 DATE 10/10
HIGHEST GUST SPEED/DIRECTION 28/260 DATE 10/20
SKY COVER
POSSIBLE SUNSHINE (PERCENT) MM
AVERAGE SKY COVER 0.22
NUMBER OF DAYS FAIR 21
NUMBER OF DAYS PC 8
NUMBER OF DAYS CLOUDY 2
AVERAGE RH (PERCENT) 63
WEATHER CONDITIONS. NUMBER OF DAYS WITH
THUNDERSTORM 1 MIXED PRECIP 0
HEAVY RAIN 3 RAIN 5
LIGHT RAIN 9 FREEZING RAIN 0
LT FREEZING RAIN 0 HAIL 0
HEAVY SNOW 0 SNOW 0
LIGHT SNOW 0 SLEET 0
FOG 9 FOG W/VIS <= 1/4 MILE 0
HAZE 1
- INDICATES NEGATIVE NUMBERS.
R INDICATES RECORD WAS SET OR TIED.
MM INDICATES DATA IS MISSING.
T INDICATES TRACE AMOUNT.
$$