000
CXUS55 KGJT 160910
CF6DRO
PRELIMINARY LOCAL CLIMATOLOGICAL DATA (WS FORM: F-6)
STATION: DURANGO AIRPORT CO
MONTH: APRIL
YEAR: 2024
LATITUDE: 37 9 N
LONGITUDE: 107 45 W
TEMPERATURE IN F: :PCPN: SNOW: WIND :SUNSHINE: SKY :PK WND
================================================================================
1 2 3 4 5 6A 6B 7 8 9 10 11 12 13 14 15 16 17 18
12Z AVG MX 2MIN
DY MAX MIN AVG DEP HDD CDD WTR SNW DPTH SPD SPD DIR MIN PSBL S-S WX SPD DR
================================================================================
1 47 22 35 -7 30 0 0.01 M M 7.3 22 270 M M 3 28 270
2 58 19 39 -3 26 0 0.00 M M 7.2 22 210 M M 0 34 250
3 66 20 43 1 22 0 0.00 M M 5.4 15 220 M M 0 8 22 210
4 69 23 46 4 19 0 0.00 M M 5.8 17 180 M M 0 27 210
5 65 30 48 6 17 0 0.01 M M 13.0 31 270 M M 4 1 44 260
6 36 25 31 -12 34 0 0.01 M M 15.4 38 300 M M 5 18 56 300
7 51 18 35 -8 30 0 0.00 M M 8.8 25 260 M M 0 35 250
8 51 19 35 -8 30 0 0.00 M M 4.7 14 50 M M 3 20 290
9 62 27 45 2 20 0 0.00 M M 8.0 25 280 M M 1 36 270
10 64 27 46 3 19 0 0.00 M M 7.8 17 340 M M 0 26 220
11 68 21 45 1 20 0 0.00 M M 5.5 18 260 M M 0 28 250
12 73 27 50 6 15 0 0.00 M M 7.0 21 310 M M 3 37 170
13 70 37 54 10 11 0 0.00 M M 4.6 20 250 M M 1 29 200
14 70 26 48 4 17 0 0.00 M M 6.3 17 180 M M 0 25 180
15 53 27 40 -4 25 0 T M M 12.4 30 280 M M 2 42 280
================================================================================
SM 903 368 335 0 0.03 M 119.2 M 22
================================================================================
AV 60.2 24.5 7.9 FASTST M M 1 MAX(MPH)
MISC ----> 38 300 56 300
================================================================================
NOTES:
# LAST OF SEVERAL OCCURRENCES
COLUMN 17 PEAK WIND IN M.P.H.
PRELIMINARY LOCAL CLIMATOLOGICAL DATA (WS FORM: F-6) , PAGE 2
STATION: DURANGO AIRPORT CO
MONTH: APRIL
YEAR: 2024
LATITUDE: 37 9 N
LONGITUDE: 107 45 W
[TEMPERATURE DATA] [PRECIPITATION DATA] SYMBOLS USED IN COLUMN 16
AVERAGE MONTHLY: 42.4 TOTAL FOR MONTH: 0.03 1 = FOG OR MIST
DPTR FM NORMAL: -0.6 DPTR FM NORMAL: -0.53 2 = FOG REDUCING VISIBILITY
HIGHEST: 73 ON 12 GRTST 24HR 0.04 ON 31- 1 TO 1/4 MILE OR LESS
LOWEST: 18 ON 7 3 = THUNDER
SNOW, ICE PELLETS, HAIL 4 = ICE PELLETS
TOTAL MONTH: M 5 = HAIL
GRTST 24HR M ON M 6 = FREEZING RAIN OR DRIZZLE
GRTST DEPTH: M ON M 7 = DUSTSTORM OR SANDSTORM:
VSBY 1/2 MILE OR LESS
8 = SMOKE OR HAZE
[NO. OF DAYS WITH] [WEATHER - DAYS WITH] 9 = BLOWING SNOW
X = TORNADO
MAX 32 OR BELOW: 0 0.01 INCH OR MORE: 3
MAX 90 OR ABOVE: 0 0.10 INCH OR MORE: 0
MIN 32 OR BELOW: 14 0.50 INCH OR MORE: 0
MIN 0 OR BELOW: 0 1.00 INCH OR MORE: 0
[HDD (BASE 65) ]
TOTAL THIS MO. 335 CLEAR (SCALE 0-3) 13
DPTR FM NORMAL 6 PTCLDY (SCALE 4-7) 2
TOTAL FM JUL 1 5689 CLOUDY (SCALE 8-10) 0
DPTR FM NORMAL -578
[CDD (BASE 65) ]
TOTAL THIS MO. 0
DPTR FM NORMAL 0 [PRESSURE DATA]
TOTAL FM JAN 1 0 HIGHEST SLP M ON M
DPTR FM NORMAL 0 LOWEST SLP 29.52 ON 5
[REMARKS]