000
CXUS55 KGJT 011010
CF6DRO
PRELIMINARY LOCAL CLIMATOLOGICAL DATA (WS FORM: F-6)
STATION: DURANGO AIRPORT CO
MONTH: NOVEMBER
YEAR: 2023
LATITUDE: 37 9 N
LONGITUDE: 107 45 W
TEMPERATURE IN F: :PCPN: SNOW: WIND :SUNSHINE: SKY :PK WND
================================================================================
1 2 3 4 5 6A 6B 7 8 9 10 11 12 13 14 15 16 17 18
12Z AVG MX 2MIN
DY MAX MIN AVG DEP HDD CDD WTR SNW DPTH SPD SPD DIR MIN PSBL S-S WX SPD DR
================================================================================
1 59 17 38 -3 27 0 0.00 M M 3.4 14 250 M M 0 19 250
2 62 18 40 -1 25 0 0.00 M M 5.3 15 210 M M 0 22 170
3 65 24 45 5 20 0 0.00 M M 4.7 15 220 M M 0 20 250
4 67 24 46 6 19 0 0.00 M M 4.4 13 230 M M 0 19 250
5 69 27 48 8 17 0 0.00 M M 5.0 22 260 M M 0 30 250
6 69 25 47 8 18 0 0.00 M M 5.8 17 250 M M 0 24 220
7 66 26 46 7 19 0 0.00 M M 4.9 15 220 M M 0 20 240
8 55 25 40 2 25 0 0.00 M M 6.8 21 260 M M 1 27 230
9 51 18 35 -3 30 0 0.00 M M 3.7 12 20 M M 3 13 10
10 51 20 36 -2 29 0 0.00 M M 4.6 21 320 M M 4 8 28 260
11 52 17 35 -3 30 0 0.00 M M 4.4 14 250 M M 0 18 210
12 59 16 38 1 27 0 0.00 M M 3.8 10 10 M M 0 19 280
13 60 18 39 2 26 0 0.00 M M 3.7 14 10 M M 0 17 130
14 61 20 41 5 24 0 0.00 M M 3.3 14 270 M M 0 18 270
15 60 24 42 6 23 0 0.00 M M 3.5 14 270 M M 0 21 260
16 59 30 45 9 20 0 0.04 M M 4.5 18 280 M M 4 24 300
17 61 26 44 9 21 0 0.00 M M 4.6 13 250 M M 1 19 250
18 50 24 37 2 28 0 T M M 4.4 17 320 M M 4 27 290
19 41 30 36 1 29 0 0.20 M M 4.3 10 210 M M 10 1 15 260
20 49 25 37 3 28 0 T M M 3.4 10 260 M M 5 12 19 200
21 50 20 35 1 30 0 0.00 M M 4.6 10 160 M M 0 16 280
22 50 18 34 0 31 0 0.00 M M 4.4 9 360 M M 0 13 10
23 48 19 34 1 31 0 0.00 M M 3.1 10 120 M M 1 14 120
24 41 28 35 2 30 0 0.43 M M 6.3 16 170 M M 10 12 23 180
25 31 13 22 -11 43 0 0.00 M M 4.0 16 260 M M 6 12 21 250
26 29 12 21 -11 44 0 0.00 M M 2.7 8 10 M M 7 11 340
27 35 5 20 -12 45 0 0.00 M M 2.5 8 20 M M 0 13 350
28 40 6 23 -9 42 0 0.00 M M 3.4 10 360 M M 0 13 330
29 45 15 30 -1 35 0 0.00 M M 2.3 9 30 M M 2 10 30
30 45 25 35 4 30 0 0.00 M M 5.1 18 260 M M 5 23 250
================================================================================
SM 1580 615 846 0 0.67 M 126.9 M 63
================================================================================
AV 52.7 20.5 4.2 FASTST M M 2 MAX(MPH)
MISC ----> 22 260 30 250
================================================================================
NOTES:
# LAST OF SEVERAL OCCURRENCES
COLUMN 17 PEAK WIND IN M.P.H.
PRELIMINARY LOCAL CLIMATOLOGICAL DATA (WS FORM: F-6) , PAGE 2
STATION: DURANGO AIRPORT CO
MONTH: NOVEMBER
YEAR: 2023
LATITUDE: 37 9 N
LONGITUDE: 107 45 W
[TEMPERATURE DATA] [PRECIPITATION DATA] SYMBOLS USED IN COLUMN 16
AVERAGE MONTHLY: 36.6 TOTAL FOR MONTH: 0.67 1 = FOG OR MIST
DPTR FM NORMAL: 0.7 DPTR FM NORMAL: -0.46 2 = FOG REDUCING VISIBILITY
HIGHEST: 69 ON 6, 5 GRTST 24HR 0.43 ON 24-24 TO 1/4 MILE OR LESS
LOWEST: 5 ON 27 3 = THUNDER
SNOW, ICE PELLETS, HAIL 4 = ICE PELLETS
TOTAL MONTH: M 5 = HAIL
GRTST 24HR M ON M 6 = FREEZING RAIN OR DRIZZLE
GRTST DEPTH: M ON M 7 = DUSTSTORM OR SANDSTORM:
VSBY 1/2 MILE OR LESS
8 = SMOKE OR HAZE
[NO. OF DAYS WITH] [WEATHER - DAYS WITH] 9 = BLOWING SNOW
X = TORNADO
MAX 32 OR BELOW: 2 0.01 INCH OR MORE: 3
MAX 90 OR ABOVE: 0 0.10 INCH OR MORE: 2
MIN 32 OR BELOW: 30 0.50 INCH OR MORE: 0
MIN 0 OR BELOW: 0 1.00 INCH OR MORE: 0
[HDD (BASE 65) ]
TOTAL THIS MO. 846 CLEAR (SCALE 0-3) 21
DPTR FM NORMAL -27 PTCLDY (SCALE 4-7) 7
TOTAL FM JUL 1 1443 CLOUDY (SCALE 8-10) 2
DPTR FM NORMAL -181
[CDD (BASE 65) ]
TOTAL THIS MO. 0
DPTR FM NORMAL 0 [PRESSURE DATA]
TOTAL FM JAN 1 423 HIGHEST SLP 30.64 ON 28
DPTR FM NORMAL 133 LOWEST SLP 29.73 ON 30
[REMARKS]
#FINAL-11-23#