000
CXUS54 KEWX 011010
CF6DRT
PRELIMINARY LOCAL CLIMATOLOGICAL DATA (WS FORM: F-6)
STATION: DEL RIO
MONTH: MAY
YEAR: 2022
LATITUDE: 29 22 N
LONGITUDE: 100 55 W
TEMPERATURE IN F: :PCPN: SNOW: WIND :SUNSHINE: SKY :PK WND
================================================================================
1 2 3 4 5 6A 6B 7 8 9 10 11 12 13 14 15 16 17 18
12Z AVG MX 2MIN
DY MAX MIN AVG DEP HDD CDD WTR SNW DPTH SPD SPD DIR MIN PSBL S-S WX SPD DR
================================================================================
1 86 74 80 4 0 15 0.18 0.0 0 11.7 25 100 M M 8 138 40 110
2 92 72 82 6 0 17 0.05 0.0 0 10.5 24 110 M M 6 138 37 110
3 85 72 79 3 0 14 0.00 0.0 0 10.4 20 100 M M 5 25 100
4 89 68 79 2 0 14 1.34 0.0 0 11.1 37 200 M M 8 138 47 200
5 96 67 82 5 0 17 0.00 0.0 0 6.8 15 300 M M 5 1 25 280
6 99 69 84 7 0 19 0.00 0.0 0 6.1 13 170 M M 1 19 110
7 107 76 92 14 0 27 0.00 0.0 0 8.2 14 120 M M 0 8 20 150
8 100 76 88 10 0 23 0.00 0.0 0 9.2 21 110 M M 2 8 34 100
9 97 79 88 10 0 23 0.00 0.0 0 11.1 22 110 M M 4 8 32 110
10 93 70 82 4 0 17 0.29 0.0 0 12.7 38 200 M M 7 138 57 200
11 95 72 84 6 0 19 0.03 0.0 0 15.2 31 170 M M 5 3 41 170
12 97 71 84 5 0 19 0.00 0.0 0 14.0 22 150 M M 1 32 110
13 93 72 83 4 0 18 0.02 0.0 0 11.5 21 160 M M 2 28 140
14 97 72 85 6 0 20 0.00 0.0 0 9.3 16 80 M M 1 23 80
15 102 73 88 8 0 23 0.00 0.0 0 9.2 14 100 M M 0 24 110
16 102 72 87 7 0 22 0.00 0.0 0 11.8 22 150 M M 0 30 130
17 102 73 88 8 0 23 T 0.0 0 13.1 32 150 M M 1 3 42 150
18 100 77 89 9 0 24 0.00 0.0 0 12.1 25 150 M M 0 35 150
19 101 74 88 7 0 23 0.00 0.0 0 10.5 17 150 M M 1 24 100
20 100 75 88 7 0 23 0.00 0.0 0 10.4 17 100 M M 2 8 26 120
21 103 76 90 9 0 25 0.00 0.0 0 7.7 17 60 M M 1 18 30 20
22 85 69 77 -4 0 12 0.00 0.0 0 7.4 22 100 M M 4 3 30 110
23 81 67 74 -8 0 9 0.02 0.0 0 9.3 25 110 M M 5 1 34 120
24 93 65 79 -3 0 14 0.00 0.0 0 12.1 26 150 M M 2 37 360
25 88 61 75 -7 0 10 0.00 0.0 0 9.0 20 320 M M 1 8 29 310
26 96 61 79 -3 0 14 0.00 0.0 0 9.1 18 150 M M 0 28 150
27 98 75 87 5 0 22 0.00 0.0 0 10.3 20 150 M M 0 28 110
28 103 75 89 6 0 24 0.00 0.0 0 14.0 23 150 M M 0 34 110
29 103 75 89 6 0 24 0.00 0.0 0 16.4 28 140 M M 1 40 130
30 98 79 89 6 0 24 0.00 0.0 0 15.7 25 120 M M 4 38 140
31 96 79 88 5 0 23 0.00 0.0 0 14.9 23 120 M M 5 34 130
================================================================================
SM 2977 2236 0 601 1.93 0.0 340.8 M 82
================================================================================
AV 96.0 72.1 11.0 FASTST M M 3 MAX(MPH)
MISC ----> 38 200 57 200
================================================================================
NOTES:
# LAST OF SEVERAL OCCURRENCES
COLUMN 17 PEAK WIND IN M.P.H.
PRELIMINARY LOCAL CLIMATOLOGICAL DATA (WS FORM: F-6) , PAGE 2
STATION: DEL RIO
MONTH: MAY
YEAR: 2022
LATITUDE: 29 22 N
LONGITUDE: 100 55 W
[TEMPERATURE DATA] [PRECIPITATION DATA] SYMBOLS USED IN COLUMN 16
AVERAGE MONTHLY: 84.1 TOTAL FOR MONTH: 1.93 1 = FOG OR MIST
DPTR FM NORMAL: 4.4 DPTR FM NORMAL: -1.13 2 = FOG REDUCING VISIBILITY
HIGHEST: 107 ON 7 GRTST 24HR 1.34 ON 4- 4 TO 1/4 MILE OR LESS
LOWEST: 61 ON 26,25 3 = THUNDER
SNOW, ICE PELLETS, HAIL 4 = ICE PELLETS
TOTAL MONTH: 0.0 INCH 5 = HAIL
GRTST 24HR 0.0 6 = FREEZING RAIN OR DRIZZLE
GRTST DEPTH: 0 7 = DUSTSTORM OR SANDSTORM:
VSBY 1/2 MILE OR LESS
8 = SMOKE OR HAZE
[NO. OF DAYS WITH] [WEATHER - DAYS WITH] 9 = BLOWING SNOW
X = TORNADO
MAX 32 OR BELOW: 0 0.01 INCH OR MORE: 7
MAX 90 OR ABOVE: 25 0.10 INCH OR MORE: 3
MIN 32 OR BELOW: 0 0.50 INCH OR MORE: 1
MIN 0 OR BELOW: 0 1.00 INCH OR MORE: 1
[HDD (BASE 65) ]
TOTAL THIS MO. 0 CLEAR (SCALE 0-3) 19
DPTR FM NORMAL -1 PTCLDY (SCALE 4-7) 12
TOTAL FM JUL 1 773 CLOUDY (SCALE 8-10) 0
DPTR FM NORMAL -477
[CDD (BASE 65) ]
TOTAL THIS MO. 601
DPTR FM NORMAL 143 [PRESSURE DATA]
TOTAL FM JAN 1 1157 HIGHEST SLP 30.16 ON 22
DPTR FM NORMAL 314 LOWEST SLP 29.45 ON 29
[REMARKS]
#FINAL-05-22#