000
CXUS51 KPBZ 010730
CF6DUJ
PRELIMINARY LOCAL CLIMATOLOGICAL DATA (WS FORM: F-6)
STATION: DUBOIS PA
MONTH: JUNE
YEAR: 2020
LATITUDE: 41 10 N
LONGITUDE: 78 54 W
TEMPERATURE IN F: :PCPN: SNOW: WIND :SUNSHINE: SKY :PK WND
================================================================================
1 2 3 4 5 6A 6B 7 8 9 10 11 12 13 14 15 16 17 18
12Z AVG MX 2MIN
DY MAX MIN AVG DEP HDD CDD WTR SNW DPTH SPD SPD DIR MIN PSBL S-S WX SPD DR
================================================================================
1 67 37 52 -9 13 0 0.00 M M 8.0 18 260 M M 3 27 320
2 75 49 62 1 3 0 0.06 M M 7.3 18 240 M M 7 1 24 220
3 81 60 71 10 0 6 0.76 M M 11.1 26 290 M M 4 13 38 300
4 79 55 67 5 0 2 0.11 M M 4.1 20 300 M M 3 138 28 280
5 76 61 69 7 0 4 0.00 M M 4.2 10 250 M M 5 1 13 250
6 79 58 69 7 0 4 0.00 M M 9.3 18 310 M M 3 1 27 310
7 73 50 62 0 3 0 0.00 M M 6.9 15 320 M M 1 22 310
8 78 46 62 -1 3 0 0.00 M M 2.8 9 300 M M 0 18 12 290
9 88 53 71 8 0 6 0.00 M M 3.2 10 220 M M 0 8 14 250
10 87 66 77 14 0 12 0.27 M M 7.8 23 250 M M 4 13 34 230
11 74 56 65 1 0 0 0.10 M M 10.5 21 260 M M 5 1 28 240
12 73 51 62 -2 3 0 0.00 M M 7.9 21 310 M M 1 27 300
13 68 46 57 -7 8 0 0.00 M M 6.6 14 20 M M 0 19 20
14 69 41 55 -9 10 0 0.00 M M 7.6 15 90 M M 4 20 80
15 74 52 63 -2 2 0 0.06 M M 4.9 9 30 M M 7 13 100
16 79 49 64 -1 1 0 0.00 M M 4.4 12 90 M M 0 16 70
17 80 52 66 1 0 1 T M M 6.1 13 70 M M 2 19 80
18 80 60 70 5 0 5 0.02 M M 7.4 15 100 M M 5 18 21 110
19 79 59 69 3 0 4 0.13 M M 3.6 9 210 M M 7 123 13 150
20 78 54 66 0 0 1 0.00 M M 3.0 10 280 M M 5 12 13 120
21 85 60 73 7 0 8 0.00 M M 4.4 13 310 M M 4 123 19 200
22 85 64 75 9 0 10 0.09 M M 3.9 22 160 M M 3 13 31 130
23 78 58 68 2 0 3 0.12 M M 7.3 21 290 M M 8 13 29 300
24 73 54 64 -3 1 0 0.04 M M 7.6 18 270 M M 3 25 270
25 76 50 63 -4 2 0 0.21 M M 4.1 23 310 M M 3 123 33 260
26 81 57 69 2 0 4 0.00 M M 7.6 18 260 M M 3 25 270
27 79 65 72 5 0 7 0.69 M M 11.3 22 260 M M 8 138 30 270
28 81 61 71 4 0 6 T M M 8.5 16 290 M M 5 1 22 250
29 83 59 71 3 0 6 0.00 M M 5.6 12 350 M M 1 16 10
30 83 59 71 3 0 6 0.00 M M 5.7 15 30 M M 2 19 360
================================================================================
SM 2341 1642 49 95 2.66 M 192.7 M 106
================================================================================
AV 78.0 54.7 6.4 FASTST M M 4 MAX(MPH)
MISC ----> 26 290 38 300
================================================================================
NOTES:
# LAST OF SEVERAL OCCURRENCES
COLUMN 17 PEAK WIND IN M.P.H.
PRELIMINARY LOCAL CLIMATOLOGICAL DATA (WS FORM: F-6) , PAGE 2
STATION: DUBOIS PA
MONTH: JUNE
YEAR: 2020
LATITUDE: 41 10 N
LONGITUDE: 78 54 W
[TEMPERATURE DATA] [PRECIPITATION DATA] SYMBOLS USED IN COLUMN 16
AVERAGE MONTHLY: 66.4 TOTAL FOR MONTH: 2.66 1 = FOG OR MIST
DPTR FM NORMAL: 1.8 DPTR FM NORMAL: -2.10 2 = FOG REDUCING VISIBILITY
HIGHEST: 88 ON 9 GRTST 24HR 0.76 ON 2- 3 TO 1/4 MILE OR LESS
LOWEST: 37 ON 1 3 = THUNDER
SNOW, ICE PELLETS, HAIL 4 = ICE PELLETS
TOTAL MONTH: M 5 = HAIL
GRTST 24HR M ON M 6 = FREEZING RAIN OR DRIZZLE
GRTST DEPTH: M ON M 7 = DUSTSTORM OR SANDSTORM:
VSBY 1/2 MILE OR LESS
8 = SMOKE OR HAZE
[NO. OF DAYS WITH] [WEATHER - DAYS WITH] 9 = BLOWING SNOW
X = TORNADO
MAX 32 OR BELOW: 0 0.01 INCH OR MORE: 13
MAX 90 OR ABOVE: 0 0.10 INCH OR MORE: 8
MIN 32 OR BELOW: 0 0.50 INCH OR MORE: 2
MIN 0 OR BELOW: 0 1.00 INCH OR MORE: 0
[HDD (BASE 65) ]
TOTAL THIS MO. 49 CLEAR (SCALE 0-3) 15
DPTR FM NORMAL -36 PTCLDY (SCALE 4-7) 14
TOTAL FM JUL 1 6166 CLOUDY (SCALE 8-10) 1
DPTR FM NORMAL -721
[CDD (BASE 65) ]
TOTAL THIS MO. 95
DPTR FM NORMAL 24 [PRESSURE DATA]
TOTAL FM JAN 1 129 HIGHEST SLP 30.42 ON 15
DPTR FM NORMAL 35 LOWEST SLP 29.64 ON 23
[REMARKS]
#FINAL-06-20#