000
CXUS55 KDVN 011000
CF6DVN
PRELIMINARY LOCAL CLIMATOLOGICAL DATA (WS FORM: F-6)
STATION: DAVENPORT IA
MONTH: JUNE
YEAR: 2022
LATITUDE: 41 37 N
LONGITUDE: 90 35 W
TEMPERATURE IN F: :PCPN: SNOW: WIND :SUNSHINE: SKY :PK WND
================================================================================
1 2 3 4 5 6A 6B 7 8 9 10 11 12 13 14 15 16 17 18
12Z AVG MX 2MIN
DY MAX MIN AVG DEP HDD CDD WTR SNW DPTH SPD SPD DIR MIN PSBL S-S WX SPD DR
================================================================================
1 77 60 69 1 0 4 0.01 0.0 0 9.0 18 340 M M 2 25 350
2 79 54 67 -1 0 2 0.00 0.0 0 8.9 23 290 M M 0 29 290
3 83 56 70 2 0 5 0.00 0.0 0 9.6 22 310 M M 0 36 340
4 78 54 66 -3 0 1 0.05 0.0 0 10.4 21 30 M M 6 29 20
5 85 54 70 1 0 5 T 0.0 0 9.0 17 320 M M 3 25 160
6 82 63 73 4 0 8 0.46 0.0 0 7.3 17 340 M M 7 13 22 20
7 80 61 71 2 0 6 T 0.0 0 5.8 13 10 M M 4 1 19 40
8 73 58 66 -4 0 1 0.19 0.0 0 10.0 35 150 M M 4 18 43 330
9 81 57 69 -1 0 4 0.00 0.0 0 7.1 17 290 M M 2 25 340
10 69 60 65 -5 0 0 0.30 0.0 0 4.9 15 220 M M 8 1 18 230
11 76 55 66 -4 0 1 0.84 0.0 0 5.8 39 340 M M 4 123 48 350
12 85 65 75 4 0 10 0.15 0.0 0 8.5 16 100 M M 3 13 20 100
13 92 64 78 7 0 13 T 0.0 0 11.2 26 190 M M 2 38 210
14 96 80 88 17 0 23 0.00 0.0 0 14.7 25 180 M M 0 34 170
15 95 71 83 12 0 18 0.38 0.0 0 14.2 29 180 M M 2 13 40 190
16 91 64 78 6 0 13 0.00 0.0 0 9.3 21 230 M M 0 12 29 260
17 87 64 76 4 0 11 0.00 0.0 0 7.6 15 350 M M 0 21 320
18 81 59 70 -2 0 5 0.00 0.0 0 10.0 16 110 M M 0 23 60
19 86 53 70 -2 0 5 0.00 0.0 0 9.8 17 180 M M 0 24 160
20 91 61 76 4 0 11 0.00 0.0 0 10.4 16 190 M M 0 23 190
21 95 70 83 11 0 18 0.36 0.0 0 12.7 32 320 M M 1 13 49 320
22 86 67 77 5 0 12 0.00 0.0 0 6.9 15 290 M M 1 23 320
23 88 62 75 2 0 10 0.00 0.0 0 3.7 10 210 M M 0 18 200
24 86 64 75 2 0 10 0.00 0.0 0 7.3 16 170 M M 0 26 190
25 83 66 75 2 0 10 2.18 0.0 0 11.5 29 150 M M 6 13 37 150
26 76 59 68 -5 0 3 0.00 0.0 0 11.8 22 300 M M 1 1 31 310
27 80 52 66 -7 0 1 0.00 0.0 0 6.4 14 330 M M 0 22 320
28 82 59 71 -2 0 6 0.00 0.0 0 9.0 17 210 M M 0 26 210
29 87 68 78 5 0 13 0.00 0.0 0 7.7 16 190 M M 1 22 210
30 88 70 79 6 0 14 0.00 0.0 0 12.1 23 220 M M 0 33 220
================================================================================
SM 2518 1850 0 243 4.92 0.0 272.6 M 57
================================================================================
AV 83.9 61.7 9.1 FASTST M M 2 MAX(MPH)
MISC ----> 39 340 49 320
================================================================================
NOTES:
# LAST OF SEVERAL OCCURRENCES
COLUMN 17 PEAK WIND IN M.P.H.
PRELIMINARY LOCAL CLIMATOLOGICAL DATA (WS FORM: F-6) , PAGE 2
STATION: DAVENPORT IA
MONTH: JUNE
YEAR: 2022
LATITUDE: 41 37 N
LONGITUDE: 90 35 W
[TEMPERATURE DATA] [PRECIPITATION DATA] SYMBOLS USED IN COLUMN 16
AVERAGE MONTHLY: 72.8 TOTAL FOR MONTH: 4.92 1 = FOG OR MIST
DPTR FM NORMAL: 1.7 DPTR FM NORMAL: 0.19 2 = FOG REDUCING VISIBILITY
HIGHEST: 96 ON 14 GRTST 24HR 2.18 ON 25-25 TO 1/4 MILE OR LESS
LOWEST: 52 ON 27 3 = THUNDER
SNOW, ICE PELLETS, HAIL 4 = ICE PELLETS
TOTAL MONTH: 0.0 INCH 5 = HAIL
GRTST 24HR 0.0 6 = FREEZING RAIN OR DRIZZLE
GRTST DEPTH: 0 7 = DUSTSTORM OR SANDSTORM:
VSBY 1/2 MILE OR LESS
8 = SMOKE OR HAZE
[NO. OF DAYS WITH] [WEATHER - DAYS WITH] 9 = BLOWING SNOW
X = TORNADO
MAX 32 OR BELOW: 0 0.01 INCH OR MORE: 10
MAX 90 OR ABOVE: 6 0.10 INCH OR MORE: 8
MIN 32 OR BELOW: 0 0.50 INCH OR MORE: 2
MIN 0 OR BELOW: 0 1.00 INCH OR MORE: 1
[HDD (BASE 65) ]
TOTAL THIS MO. 0 CLEAR (SCALE 0-3) 21
DPTR FM NORMAL -18 PTCLDY (SCALE 4-7) 9
TOTAL FM JUL 1 6056 CLOUDY (SCALE 8-10) 0
DPTR FM NORMAL -267
[CDD (BASE 65) ]
TOTAL THIS MO. 243
DPTR FM NORMAL 42 [PRESSURE DATA]
TOTAL FM JAN 1 398 HIGHEST SLP 30.30 ON 27
DPTR FM NORMAL 118 LOWEST SLP 29.64 ON 6
[REMARKS]
#FINAL-06-22#